{"id":860,"date":"2018-04-24T13:31:27","date_gmt":"2018-04-24T12:31:27","guid":{"rendered":"https:\/\/smporres.archimadrid.es\/?page_id=860"},"modified":"2018-11-22T01:13:40","modified_gmt":"2018-11-22T00:13:40","slug":"visita-a-enfermos","status":"publish","type":"page","link":"https:\/\/smporres.archimadrid.es\/?page_id=860","title":{"rendered":"Visita a enfermos"},"content":{"rendered":"<p>Jes\u00fas entreg\u00f3 a la Iglesia su <em>poder de curar<\/em>: \u00abA los que crean, les acompa\u00f1ar\u00e1n estos signos: [\u2026] impondr\u00e1n las manos a los enfermos, y quedar\u00e1n sanos\u00bb (<em>Mc<\/em> 16,17-18). En los Hechos de los Ap\u00f3stoles, leemos la descripci\u00f3n de las curaciones realizadas por Pedro (cf. <em>Hch <\/em>3,4-8) y Pablo (cf. <em>Hch<\/em> 14,8-11). La tarea de la Iglesia, que sabe que debe mirar a los enfermos con la misma mirada llena de ternura y compasi\u00f3n que su Se\u00f1or, responde a este don de Jes\u00fas. La pastoral de la salud sigue siendo, y siempre ser\u00e1, una misi\u00f3n necesaria y esencial que hay que vivir con renovado \u00edmpetu tanto en las comunidades parroquiales como en los centros de atenci\u00f3n m\u00e1s excelentes. No podemos olvidar la ternura y la perseverancia con las que muchas familias acompa\u00f1an a sus hijos, padres y familiares, enfermos cr\u00f3nicos o discapacitados graves. La atenci\u00f3n brindada en la familia es un testimonio extraordinario de amor por la persona humana que hay que respaldar con un reconocimiento adecuado y con unas pol\u00edticas apropiadas. Por lo tanto, m\u00e9dicos y enfermeros, sacerdotes, consagrados y voluntarios, familiares y todos aquellos que se comprometen en el cuidado de los enfermos, participan en esta misi\u00f3n eclesial. Se trata de una responsabilidad compartida que enriquece el valor del servicio diario de cada uno. (Papa Francisco)<\/p>\n<p><img loading=\"lazy\" decoding=\"async\" class=\"wp-image-859 size-full\" src=\"https:\/\/smporres.archimadrid.es\/wp-content\/uploads\/2018\/04\/img_1079.jpg\" width=\"1352\" height=\"1264\" srcset=\"https:\/\/smporres.archimadrid.es\/wp-content\/uploads\/2018\/04\/img_1079.jpg 1352w, https:\/\/smporres.archimadrid.es\/wp-content\/uploads\/2018\/04\/img_1079-300x280.jpg 300w, https:\/\/smporres.archimadrid.es\/wp-content\/uploads\/2018\/04\/img_1079-768x718.jpg 768w, https:\/\/smporres.archimadrid.es\/wp-content\/uploads\/2018\/04\/img_1079-1024x957.jpg 1024w\" sizes=\"auto, (max-width: 1352px) 100vw, 1352px\" \/><\/p>\n<p>En la parroquia hay un grupo de personas que visitamos a nuestros enfermos, les hacemos compa\u00f1\u00eda, les ayudamos en sus necesidades, y les llevamos los sacramentos.<\/p>\n<p><img loading=\"lazy\" decoding=\"async\" class=\"aligncenter size-large wp-image-1205\" src=\"https:\/\/smporres.archimadrid.es\/wp-content\/uploads\/2018\/05\/D5FD13EA-45BC-4A3E-8756-F3E7DB931279-1024x680.jpeg\" alt=\"\" width=\"780\" height=\"518\" srcset=\"https:\/\/smporres.archimadrid.es\/wp-content\/uploads\/2018\/05\/D5FD13EA-45BC-4A3E-8756-F3E7DB931279-1024x680.jpeg 1024w, https:\/\/smporres.archimadrid.es\/wp-content\/uploads\/2018\/05\/D5FD13EA-45BC-4A3E-8756-F3E7DB931279-300x199.jpeg 300w, https:\/\/smporres.archimadrid.es\/wp-content\/uploads\/2018\/05\/D5FD13EA-45BC-4A3E-8756-F3E7DB931279-768x510.jpeg 768w\" sizes=\"auto, (max-width: 780px) 100vw, 780px\" \/><\/p>\n<p>Pod\u00e9is solicitar este servicio llamando al tel\u00e9fono de la parroquia (913820494), en el email (psmporres@archimadrid.es) o en el despacho parroquial.<\/p>\n<p><img loading=\"lazy\" decoding=\"async\" class=\"aligncenter size-large wp-image-1329\" src=\"https:\/\/smporres.archimadrid.es\/wp-content\/uploads\/2018\/05\/F99763FB-3712-46C6-B4AD-FA6B9A715BAE-1024x768.jpeg\" alt=\"\" width=\"780\" height=\"585\" srcset=\"https:\/\/smporres.archimadrid.es\/wp-content\/uploads\/2018\/05\/F99763FB-3712-46C6-B4AD-FA6B9A715BAE-1024x768.jpeg 1024w, https:\/\/smporres.archimadrid.es\/wp-content\/uploads\/2018\/05\/F99763FB-3712-46C6-B4AD-FA6B9A715BAE-300x225.jpeg 300w, https:\/\/smporres.archimadrid.es\/wp-content\/uploads\/2018\/05\/F99763FB-3712-46C6-B4AD-FA6B9A715BAE-768x576.jpeg 768w, https:\/\/smporres.archimadrid.es\/wp-content\/uploads\/2018\/05\/F99763FB-3712-46C6-B4AD-FA6B9A715BAE.jpeg 1600w\" sizes=\"auto, (max-width: 780px) 100vw, 780px\" \/><\/p>\n<p><img loading=\"lazy\" decoding=\"async\" class=\"aligncenter size-large wp-image-1325\" src=\"https:\/\/smporres.archimadrid.es\/wp-content\/uploads\/2018\/05\/AC348DFD-601E-43D0-B18A-208FAE6F0D37-1024x768.jpeg\" alt=\"\" width=\"780\" height=\"585\" srcset=\"https:\/\/smporres.archimadrid.es\/wp-content\/uploads\/2018\/05\/AC348DFD-601E-43D0-B18A-208FAE6F0D37-1024x768.jpeg 1024w, https:\/\/smporres.archimadrid.es\/wp-content\/uploads\/2018\/05\/AC348DFD-601E-43D0-B18A-208FAE6F0D37-300x225.jpeg 300w, https:\/\/smporres.archimadrid.es\/wp-content\/uploads\/2018\/05\/AC348DFD-601E-43D0-B18A-208FAE6F0D37-768x576.jpeg 768w, https:\/\/smporres.archimadrid.es\/wp-content\/uploads\/2018\/05\/AC348DFD-601E-43D0-B18A-208FAE6F0D37.jpeg 1600w\" sizes=\"auto, (max-width: 780px) 100vw, 780px\" \/><\/p>\n","protected":false},"excerpt":{"rendered":"<p>Jes\u00fas entreg\u00f3 a la Iglesia su poder de curar: \u00abA los que crean, les acompa\u00f1ar\u00e1n estos signos: [\u2026] impondr\u00e1n las manos a los enfermos, y quedar\u00e1n sanos\u00bb (Mc 16,17-18). En [&hellip;]<\/p>\n","protected":false},"author":1,"featured_media":862,"parent":0,"menu_order":0,"comment_status":"closed","ping_status":"closed","template":"","meta":{"footnotes":""},"class_list":["post-860","page","type-page","status-publish","has-post-thumbnail","hentry"],"_links":{"self":[{"href":"https:\/\/smporres.archimadrid.es\/index.php?rest_route=\/wp\/v2\/pages\/860","targetHints":{"allow":["GET"]}}],"collection":[{"href":"https:\/\/smporres.archimadrid.es\/index.php?rest_route=\/wp\/v2\/pages"}],"about":[{"href":"https:\/\/smporres.archimadrid.es\/index.php?rest_route=\/wp\/v2\/types\/page"}],"author":[{"embeddable":true,"href":"https:\/\/smporres.archimadrid.es\/index.php?rest_route=\/wp\/v2\/users\/1"}],"replies":[{"embeddable":true,"href":"https:\/\/smporres.archimadrid.es\/index.php?rest_route=%2Fwp%2Fv2%2Fcomments&post=860"}],"version-history":[{"count":8,"href":"https:\/\/smporres.archimadrid.es\/index.php?rest_route=\/wp\/v2\/pages\/860\/revisions"}],"predecessor-version":[{"id":2122,"href":"https:\/\/smporres.archimadrid.es\/index.php?rest_route=\/wp\/v2\/pages\/860\/revisions\/2122"}],"wp:featuredmedia":[{"embeddable":true,"href":"https:\/\/smporres.archimadrid.es\/index.php?rest_route=\/wp\/v2\/media\/862"}],"wp:attachment":[{"href":"https:\/\/smporres.archimadrid.es\/index.php?rest_route=%2Fwp%2Fv2%2Fmedia&parent=860"}],"curies":[{"name":"wp","href":"https:\/\/api.w.org\/{rel}","templated":true}]}}

<p>Jesús entregó a la Iglesia su <em>poder de curar</em>: «A los que crean, les acompañarán estos signos: […] impondrán las manos a los enfermos, y quedarán sanos» (<em>Mc</em> 16,17-18). En los Hechos de los Apóstoles, leemos la descripción de las curaciones realizadas por Pedro (cf. <em>Hch </em>3,4-8) y Pablo (cf. <em>Hch</em> 14,8-11). La tarea de la Iglesia, que sabe que debe mirar a los enfermos con la misma mirada llena de ternura y compasión que su Señor, responde a este don de Jesús. La pastoral de la salud sigue siendo, y siempre será, una misión necesaria y esencial que hay que vivir con renovado ímpetu tanto en las comunidades parroquiales como en los centros de atención más excelentes. No podemos olvidar la ternura y la perseverancia con las que muchas familias acompañan a sus hijos, padres y familiares, enfermos crónicos o discapacitados graves. La atención brindada en la familia es un testimonio extraordinario de amor por la persona humana que hay que respaldar con un reconocimiento adecuado y con unas políticas apropiadas. Por lo tanto, médicos y enfermeros, sacerdotes, consagrados y voluntarios, familiares y todos aquellos que se comprometen en el cuidado de los enfermos, participan en esta misión eclesial. Se trata de una responsabilidad compartida que enriquece el valor del servicio diario de cada uno. (Papa Francisco)</p>
<p><img loading="lazy" decoding="async" class="wp-image-859 size-full" src="https://smporres.archimadrid.es/wp-content/uploads/2018/04/img_1079.jpg" width="1352" height="1264" srcset="https://smporres.archimadrid.es/wp-content/uploads/2018/04/img_1079.jpg 1352w, https://smporres.archimadrid.es/wp-content/uploads/2018/04/img_1079-300x280.jpg 300w, https://smporres.archimadrid.es/wp-content/uploads/2018/04/img_1079-768x718.jpg 768w, https://smporres.archimadrid.es/wp-content/uploads/2018/04/img_1079-1024x957.jpg 1024w" sizes="auto, (max-width: 1352px) 100vw, 1352px" /></p>
<p>En la parroquia hay un grupo de personas que visitamos a nuestros enfermos, les hacemos compañía, les ayudamos en sus necesidades, y les llevamos los sacramentos.</p>
<p><img loading="lazy" decoding="async" class="aligncenter size-large wp-image-1205" src="https://smporres.archimadrid.es/wp-content/uploads/2018/05/D5FD13EA-45BC-4A3E-8756-F3E7DB931279-1024x680.jpeg" alt="" width="780" height="518" srcset="https://smporres.archimadrid.es/wp-content/uploads/2018/05/D5FD13EA-45BC-4A3E-8756-F3E7DB931279-1024x680.jpeg 1024w, https://smporres.archimadrid.es/wp-content/uploads/2018/05/D5FD13EA-45BC-4A3E-8756-F3E7DB931279-300x199.jpeg 300w, https://smporres.archimadrid.es/wp-content/uploads/2018/05/D5FD13EA-45BC-4A3E-8756-F3E7DB931279-768x510.jpeg 768w" sizes="auto, (max-width: 780px) 100vw, 780px" /></p>
<p>Podéis solicitar este servicio llamando al teléfono de la parroquia (913820494), en el email (psmporres@archimadrid.es) o en el despacho parroquial.</p>
<p><img loading="lazy" decoding="async" class="aligncenter size-large wp-image-1329" src="https://smporres.archimadrid.es/wp-content/uploads/2018/05/F99763FB-3712-46C6-B4AD-FA6B9A715BAE-1024x768.jpeg" alt="" width="780" height="585" srcset="https://smporres.archimadrid.es/wp-content/uploads/2018/05/F99763FB-3712-46C6-B4AD-FA6B9A715BAE-1024x768.jpeg 1024w, https://smporres.archimadrid.es/wp-content/uploads/2018/05/F99763FB-3712-46C6-B4AD-FA6B9A715BAE-300x225.jpeg 300w, https://smporres.archimadrid.es/wp-content/uploads/2018/05/F99763FB-3712-46C6-B4AD-FA6B9A715BAE-768x576.jpeg 768w, https://smporres.archimadrid.es/wp-content/uploads/2018/05/F99763FB-3712-46C6-B4AD-FA6B9A715BAE.jpeg 1600w" sizes="auto, (max-width: 780px) 100vw, 780px" /></p>
<p><img loading="lazy" decoding="async" class="aligncenter size-large wp-image-1325" src="https://smporres.archimadrid.es/wp-content/uploads/2018/05/AC348DFD-601E-43D0-B18A-208FAE6F0D37-1024x768.jpeg" alt="" width="780" height="585" srcset="https://smporres.archimadrid.es/wp-content/uploads/2018/05/AC348DFD-601E-43D0-B18A-208FAE6F0D37-1024x768.jpeg 1024w, https://smporres.archimadrid.es/wp-content/uploads/2018/05/AC348DFD-601E-43D0-B18A-208FAE6F0D37-300x225.jpeg 300w, https://smporres.archimadrid.es/wp-content/uploads/2018/05/AC348DFD-601E-43D0-B18A-208FAE6F0D37-768x576.jpeg 768w, https://smporres.archimadrid.es/wp-content/uploads/2018/05/AC348DFD-601E-43D0-B18A-208FAE6F0D37.jpeg 1600w" sizes="auto, (max-width: 780px) 100vw, 780px" /></p>

<p>Jesús entregó a la Iglesia su poder de curar: «A los que crean, les acompañarán estos signos: […] impondrán las manos a los enfermos, y quedarán sanos» (Mc 16,17-18). En [&hellip;]</p>
