{"id":785,"date":"2018-04-21T00:24:56","date_gmt":"2018-04-20T23:24:56","guid":{"rendered":"https:\/\/smporres.archimadrid.es\/?page_id=785"},"modified":"2018-05-21T22:26:20","modified_gmt":"2018-05-21T21:26:20","slug":"grupo-de-liturgia","status":"publish","type":"page","link":"https:\/\/smporres.archimadrid.es\/?page_id=785","title":{"rendered":"Grupo de liturgia"},"content":{"rendered":"<p>\u00abParticipar en la misa es vivir otra vez la pasi\u00f3n y la muerte redentora del Se\u00f1or. Es una teofan\u00eda: el Se\u00f1or se hace presente en el altar para ser ofrecido al Padre por la salvaci\u00f3n del mundo\u00bb (Papa Francisco)<\/p>\n<p>Para ayudarnos a todos a participar mejor en el misterio eucar\u00edstico, el grupo de liturgia prepara todos los viernes las celebraciones del domingo y de las fiestas.<\/p>\n<p><a href=\"https:\/\/oracionyliturgia.archimadrid.org\/category\/lecturas-de-misa\/\" target=\"_blank\" rel=\"noopener\">Lecturas de la Misa<\/a><\/p>\n<p><a href=\"https:\/\/oracionyliturgia.archimadrid.org\/category\/comentario-a-las-lecturas\/\" target=\"_blank\" rel=\"noopener\">Comentario<\/a><\/p>\n<p><a href=\"https:\/\/oracionyliturgia.archimadrid.org\/category\/santoral\/\" target=\"_blank\" rel=\"noopener\">Santoral<\/a><\/p>\n<p><a href=\"https:\/\/oracionyliturgia.archimadrid.org\/category\/hoy-domingo\/\" target=\"_blank\" rel=\"noopener\">Hoy domingo<\/a><\/p>\n<p><a href=\"http:\/\/www.eltestigofiel.org\/index.php?idu=lt_liturgia\" target=\"_blank\" rel=\"noopener\">El testigo fiel<\/a><\/p>\n<p><img loading=\"lazy\" decoding=\"async\" class=\"aligncenter size-large wp-image-1201\" src=\"https:\/\/smporres.archimadrid.es\/wp-content\/uploads\/2018\/05\/1AD53B6A-0CED-479C-8865-640CFADEB243-1024x765.jpeg\" alt=\"\" width=\"780\" height=\"583\" srcset=\"https:\/\/smporres.archimadrid.es\/wp-content\/uploads\/2018\/05\/1AD53B6A-0CED-479C-8865-640CFADEB243-1024x765.jpeg 1024w, https:\/\/smporres.archimadrid.es\/wp-content\/uploads\/2018\/05\/1AD53B6A-0CED-479C-8865-640CFADEB243-300x224.jpeg 300w, https:\/\/smporres.archimadrid.es\/wp-content\/uploads\/2018\/05\/1AD53B6A-0CED-479C-8865-640CFADEB243-768x574.jpeg 768w, https:\/\/smporres.archimadrid.es\/wp-content\/uploads\/2018\/05\/1AD53B6A-0CED-479C-8865-640CFADEB243.jpeg 2048w\" sizes=\"auto, (max-width: 780px) 100vw, 780px\" \/><\/p>\n<p><img loading=\"lazy\" decoding=\"async\" class=\"aligncenter size-large wp-image-1199\" src=\"https:\/\/smporres.archimadrid.es\/wp-content\/uploads\/2018\/05\/8570081B-F8BB-474B-B411-F9771AFC6D1C-1024x765.jpeg\" alt=\"\" width=\"780\" height=\"583\" srcset=\"https:\/\/smporres.archimadrid.es\/wp-content\/uploads\/2018\/05\/8570081B-F8BB-474B-B411-F9771AFC6D1C-1024x765.jpeg 1024w, https:\/\/smporres.archimadrid.es\/wp-content\/uploads\/2018\/05\/8570081B-F8BB-474B-B411-F9771AFC6D1C-300x224.jpeg 300w, https:\/\/smporres.archimadrid.es\/wp-content\/uploads\/2018\/05\/8570081B-F8BB-474B-B411-F9771AFC6D1C-768x574.jpeg 768w, https:\/\/smporres.archimadrid.es\/wp-content\/uploads\/2018\/05\/8570081B-F8BB-474B-B411-F9771AFC6D1C.jpeg 2048w\" sizes=\"auto, (max-width: 780px) 100vw, 780px\" \/><\/p>\n","protected":false},"excerpt":{"rendered":"<p>\u00abParticipar en la misa es vivir otra vez la pasi\u00f3n y la muerte redentora del Se\u00f1or. Es una teofan\u00eda: el Se\u00f1or se hace presente en el altar para ser ofrecido [&hellip;]<\/p>\n","protected":false},"author":1,"featured_media":490,"parent":0,"menu_order":0,"comment_status":"closed","ping_status":"closed","template":"","meta":{"footnotes":""},"class_list":["post-785","page","type-page","status-publish","has-post-thumbnail","hentry"],"_links":{"self":[{"href":"https:\/\/smporres.archimadrid.es\/index.php?rest_route=\/wp\/v2\/pages\/785","targetHints":{"allow":["GET"]}}],"collection":[{"href":"https:\/\/smporres.archimadrid.es\/index.php?rest_route=\/wp\/v2\/pages"}],"about":[{"href":"https:\/\/smporres.archimadrid.es\/index.php?rest_route=\/wp\/v2\/types\/page"}],"author":[{"embeddable":true,"href":"https:\/\/smporres.archimadrid.es\/index.php?rest_route=\/wp\/v2\/users\/1"}],"replies":[{"embeddable":true,"href":"https:\/\/smporres.archimadrid.es\/index.php?rest_route=%2Fwp%2Fv2%2Fcomments&post=785"}],"version-history":[{"count":7,"href":"https:\/\/smporres.archimadrid.es\/index.php?rest_route=\/wp\/v2\/pages\/785\/revisions"}],"predecessor-version":[{"id":1203,"href":"https:\/\/smporres.archimadrid.es\/index.php?rest_route=\/wp\/v2\/pages\/785\/revisions\/1203"}],"wp:featuredmedia":[{"embeddable":true,"href":"https:\/\/smporres.archimadrid.es\/index.php?rest_route=\/wp\/v2\/media\/490"}],"wp:attachment":[{"href":"https:\/\/smporres.archimadrid.es\/index.php?rest_route=%2Fwp%2Fv2%2Fmedia&parent=785"}],"curies":[{"name":"wp","href":"https:\/\/api.w.org\/{rel}","templated":true}]}}

<p>«Participar en la misa es vivir otra vez la pasión y la muerte redentora del Señor. Es una teofanía: el Señor se hace presente en el altar para ser ofrecido al Padre por la salvación del mundo» (Papa Francisco)</p>
<p>Para ayudarnos a todos a participar mejor en el misterio eucarístico, el grupo de liturgia prepara todos los viernes las celebraciones del domingo y de las fiestas.</p>
<p><a href="https://oracionyliturgia.archimadrid.org/category/lecturas-de-misa/" target="_blank" rel="noopener">Lecturas de la Misa</a></p>
<p><a href="https://oracionyliturgia.archimadrid.org/category/comentario-a-las-lecturas/" target="_blank" rel="noopener">Comentario</a></p>
<p><a href="https://oracionyliturgia.archimadrid.org/category/santoral/" target="_blank" rel="noopener">Santoral</a></p>
<p><a href="https://oracionyliturgia.archimadrid.org/category/hoy-domingo/" target="_blank" rel="noopener">Hoy domingo</a></p>
<p><a href="http://www.eltestigofiel.org/index.php?idu=lt_liturgia" target="_blank" rel="noopener">El testigo fiel</a></p>
<p><img loading="lazy" decoding="async" class="aligncenter size-large wp-image-1201" src="https://smporres.archimadrid.es/wp-content/uploads/2018/05/1AD53B6A-0CED-479C-8865-640CFADEB243-1024x765.jpeg" alt="" width="780" height="583" srcset="https://smporres.archimadrid.es/wp-content/uploads/2018/05/1AD53B6A-0CED-479C-8865-640CFADEB243-1024x765.jpeg 1024w, https://smporres.archimadrid.es/wp-content/uploads/2018/05/1AD53B6A-0CED-479C-8865-640CFADEB243-300x224.jpeg 300w, https://smporres.archimadrid.es/wp-content/uploads/2018/05/1AD53B6A-0CED-479C-8865-640CFADEB243-768x574.jpeg 768w, https://smporres.archimadrid.es/wp-content/uploads/2018/05/1AD53B6A-0CED-479C-8865-640CFADEB243.jpeg 2048w" sizes="auto, (max-width: 780px) 100vw, 780px" /></p>
<p><img loading="lazy" decoding="async" class="aligncenter size-large wp-image-1199" src="https://smporres.archimadrid.es/wp-content/uploads/2018/05/8570081B-F8BB-474B-B411-F9771AFC6D1C-1024x765.jpeg" alt="" width="780" height="583" srcset="https://smporres.archimadrid.es/wp-content/uploads/2018/05/8570081B-F8BB-474B-B411-F9771AFC6D1C-1024x765.jpeg 1024w, https://smporres.archimadrid.es/wp-content/uploads/2018/05/8570081B-F8BB-474B-B411-F9771AFC6D1C-300x224.jpeg 300w, https://smporres.archimadrid.es/wp-content/uploads/2018/05/8570081B-F8BB-474B-B411-F9771AFC6D1C-768x574.jpeg 768w, https://smporres.archimadrid.es/wp-content/uploads/2018/05/8570081B-F8BB-474B-B411-F9771AFC6D1C.jpeg 2048w" sizes="auto, (max-width: 780px) 100vw, 780px" /></p>

<p>«Participar en la misa es vivir otra vez la pasión y la muerte redentora del Señor. Es una teofanía: el Señor se hace presente en el altar para ser ofrecido [&hellip;]</p>
