{"id":640,"date":"2018-04-18T17:02:56","date_gmt":"2018-04-18T16:02:56","guid":{"rendered":"https:\/\/smporres.archimadrid.es\/?page_id=640"},"modified":"2023-03-27T12:49:34","modified_gmt":"2023-03-27T10:49:34","slug":"catequesis-de-adultos","status":"publish","type":"page","link":"https:\/\/smporres.archimadrid.es\/?page_id=640","title":{"rendered":"Catecumenado para adultos"},"content":{"rendered":"<p>Muchos de nosotros fuimos bautizados de peque\u00f1os, luego algunos hicimos las catequesis de Comuni\u00f3n, muchos menos hicimos las de Confirmaci\u00f3n.<\/p>\n<p>En la Iglesia tenemos las puertas abiertas a todos aquellos que quieran redescubrir la fe, a veces olvidada. Para ello, el <strong><a href=\"https:\/\/www.camino-neocatecumenal.org\/\" target=\"_blank\" rel=\"noopener noreferrer\">Camino Neocatecumenal<\/a><\/strong> realiza catequesis para j\u00f3venes y adultos todos los a\u00f1os, durante los meses de octubre y noviembre, los lunes y jueves a las 20:30 h.<\/p>\n<p><img loading=\"lazy\" decoding=\"async\" class=\"aligncenter wp-image-1304 size-large\" src=\"https:\/\/smporres.archimadrid.es\/wp-content\/uploads\/2018\/05\/IMG_1637-e1527177110474-1024x793.jpg\" alt=\"\" width=\"780\" height=\"604\" srcset=\"https:\/\/smporres.archimadrid.es\/wp-content\/uploads\/2018\/05\/IMG_1637-e1527177110474-1024x793.jpg 1024w, https:\/\/smporres.archimadrid.es\/wp-content\/uploads\/2018\/05\/IMG_1637-e1527177110474-300x232.jpg 300w, https:\/\/smporres.archimadrid.es\/wp-content\/uploads\/2018\/05\/IMG_1637-e1527177110474-768x595.jpg 768w\" sizes=\"auto, (max-width: 780px) 100vw, 780px\" \/><\/p>\n<p>Una vez acabadas estas catequesis, invitamos a los que deseen, a que formen una<b> \u201c<\/b><strong>comunidad\u201d<\/strong>, un grupo de hermanos en la fe unidos en torno a la Palabra de Dios y a los Sacramentos, con el fin de formar un pueblo que camina hacia el Reino de Dios, encarnando al mismo Cristo en la historia presente.<\/p>\n<p><strong>COMUNIDADES EN MISI\u00d3N<\/strong><\/p>\n<figure id=\"attachment_641\" aria-describedby=\"caption-attachment-641\" style=\"width: 780px\" class=\"wp-caption aligncenter\"><img loading=\"lazy\" decoding=\"async\" class=\"wp-image-641 size-large\" src=\"https:\/\/smporres.archimadrid.es\/wp-content\/uploads\/2018\/04\/IMG_0413-1024x683.jpg\" alt=\"\" width=\"780\" height=\"520\" srcset=\"https:\/\/smporres.archimadrid.es\/wp-content\/uploads\/2018\/04\/IMG_0413-1024x683.jpg 1024w, https:\/\/smporres.archimadrid.es\/wp-content\/uploads\/2018\/04\/IMG_0413-300x200.jpg 300w, https:\/\/smporres.archimadrid.es\/wp-content\/uploads\/2018\/04\/IMG_0413-768x512.jpg 768w\" sizes=\"auto, (max-width: 780px) 100vw, 780px\" \/><figcaption id=\"caption-attachment-641\" class=\"wp-caption-text\">Segunda comunidad de la Parroquia de San Sebasti\u00e1n<\/figcaption><\/figure>\n<p>\u00a0<\/p>\n<figure id=\"attachment_642\" aria-describedby=\"caption-attachment-642\" style=\"width: 780px\" class=\"wp-caption aligncenter\"><img loading=\"lazy\" decoding=\"async\" class=\"wp-image-642 size-large\" src=\"https:\/\/smporres.archimadrid.es\/wp-content\/uploads\/2018\/04\/IMG_0414-1024x683.jpg\" alt=\"\" width=\"780\" height=\"520\" srcset=\"https:\/\/smporres.archimadrid.es\/wp-content\/uploads\/2018\/04\/IMG_0414-1024x683.jpg 1024w, https:\/\/smporres.archimadrid.es\/wp-content\/uploads\/2018\/04\/IMG_0414-300x200.jpg 300w, https:\/\/smporres.archimadrid.es\/wp-content\/uploads\/2018\/04\/IMG_0414-768x512.jpg 768w\" sizes=\"auto, (max-width: 780px) 100vw, 780px\" \/><figcaption id=\"caption-attachment-642\" class=\"wp-caption-text\">Tercera comunidad de la Parroquia de Ntra. Sra. del Tr\u00e1nsito<\/figcaption><\/figure>\n<p>Dos comunidades de las Parroquias de San Sebasti\u00e1n y de Ntra. Sra. del Tr\u00e1nsito, han venido enviadas \u00aben misi\u00f3n\u00bb por el Cardenal a nuestra Parroquia, para ponerse al servicio de la evangelizaci\u00f3n en todos los campos en el a\u00f1o 2011.<\/p>\n<figure id=\"attachment_755\" aria-describedby=\"caption-attachment-755\" style=\"width: 780px\" class=\"wp-caption aligncenter\"><img loading=\"lazy\" decoding=\"async\" class=\"wp-image-755 size-large\" src=\"https:\/\/smporres.archimadrid.es\/wp-content\/uploads\/2018\/04\/IMG_0657-1024x270.jpg\" alt=\"\" width=\"780\" height=\"206\" srcset=\"https:\/\/smporres.archimadrid.es\/wp-content\/uploads\/2018\/04\/IMG_0657-1024x270.jpg 1024w, https:\/\/smporres.archimadrid.es\/wp-content\/uploads\/2018\/04\/IMG_0657-300x79.jpg 300w, https:\/\/smporres.archimadrid.es\/wp-content\/uploads\/2018\/04\/IMG_0657-768x202.jpg 768w, https:\/\/smporres.archimadrid.es\/wp-content\/uploads\/2018\/04\/IMG_0657.jpg 2048w\" sizes=\"auto, (max-width: 780px) 100vw, 780px\" \/><figcaption id=\"caption-attachment-755\" class=\"wp-caption-text\">Misi\u00f3n en la plazas<\/figcaption><\/figure>\n<p>\u00a0<\/p>\n<figure id=\"attachment_757\" aria-describedby=\"caption-attachment-757\" style=\"width: 780px\" class=\"wp-caption aligncenter\"><img loading=\"lazy\" decoding=\"async\" class=\"wp-image-757 size-large\" src=\"https:\/\/smporres.archimadrid.es\/wp-content\/uploads\/2018\/04\/IMG_0582-1024x768.jpg\" alt=\"\" width=\"780\" height=\"585\" srcset=\"https:\/\/smporres.archimadrid.es\/wp-content\/uploads\/2018\/04\/IMG_0582-1024x768.jpg 1024w, https:\/\/smporres.archimadrid.es\/wp-content\/uploads\/2018\/04\/IMG_0582-300x225.jpg 300w, https:\/\/smporres.archimadrid.es\/wp-content\/uploads\/2018\/04\/IMG_0582-768x576.jpg 768w, https:\/\/smporres.archimadrid.es\/wp-content\/uploads\/2018\/04\/IMG_0582.jpg 2048w\" sizes=\"auto, (max-width: 780px) 100vw, 780px\" \/><figcaption id=\"caption-attachment-757\" class=\"wp-caption-text\">Misi\u00f3n en las plazas<\/figcaption><\/figure>\n<p>Gracias a ellos y al Esp\u00edritu de Dios que les acompa\u00f1a, nuestra Parroquia ha revivido y est\u00e1 floreciendo nuevamente.<\/p>\n<p align=\"center\">\u00a0<\/p>\n<hr \/>\n<p align=\"center\">\u00a0<\/p>\n<p align=\"center\"><span style=\"color: #000000;\"><b><i><span style=\"font-size: large;\">DISCURSO DEL SANTO PADRE FRANCISCO<br \/>A LOS MIEMBROS DEL CAMINO NEOCATECUMENAL<\/span><\/i><\/b><\/span><\/p>\n<p align=\"center\"><span style=\"color: #000000;\"><i>Aula Pablo VI<br \/>Viernes 6 de marzo de 2015<\/i><\/span><\/p>\n<p><span style=\"color: #000000;\"><i>Queridos hermanos y hermanas:<\/i><\/span><\/p>\n<p>\u00a1Buenos d\u00edas a todos! Y gracias, muchas gracias por haber venido a este encuentro.<\/p>\n<p><strong>La tarea del Papa, la tarea de Pedro, es la de confirmar a los hermanos en la fe. As\u00ed, vosotros tambi\u00e9n hab\u00e9is querido con este gesto pedir al Sucesor de Pedro que confirme vuestra llamada, que sostenga vuestra misi\u00f3n y bendiga vuestro carisma. Y hoy confirmo vuestra llamada, sostengo vuestra misi\u00f3n y bendigo vuestro carisma. Lo hago no porque \u00e9l [se\u00f1ala a Kiko] me pag\u00f3, !no! Lo hago porque quiero hacerlo. Ir\u00e9is en nombre de Cristo a todo el mundo a llevar su Evangelio: Que Cristo os preceda, que Cristo os acompa\u00f1e, que Cristo lleve a su realizaci\u00f3n la salvaci\u00f3n de la que sois portadores.<\/strong><\/p>\n<p>Junto a vosotros saludo a todos los cardenales y obispos que os acompa\u00f1an hoy y que en sus di\u00f3cesis apoyan vuestra misi\u00f3n. En especial saludo a los iniciadores del Camino Neocatecumenal, Kiko Arg\u00fcello y Carmen Hern\u00e1ndez, junto con el padre Mario Pezzi: tambi\u00e9n a ellos expreso mi aprecio y mi aliento por todo lo que, a trav\u00e9s del Camino, est\u00e1n haciendo en beneficio de la Iglesia. Yo digo siempre que el Camino Neocatecumenal hace un gran bien en la Iglesia.<\/p>\n<p>Como dijo Kiko, nuestro encuentro de hoy es un\u00a0<i>env\u00edo misionero<\/i>, en obediencia a lo que Cristo nos pidi\u00f3 y escuchamos en el Evangelio. Y estoy particularmente contento de que esta misi\u00f3n vuestra se lleve a cabo gracias a familias cristianas que, reunidas en una comunidad, tienen la misi\u00f3n de entregar los signos de la fe que atraen a los hombres hacia la belleza del Evangelio, seg\u00fan las palabras de Cristo: \u00abAmaos como yo os he amado; de este amor conocer\u00e1n que sois mis disc\u00edpulos\u00bb (cf.\u00a0<i>Jn<\/i>\u00a013, 34-35), y \u00absean todos uno y el mundo creer\u00e1\u00bb (cf.\u00a0<i>Jn<\/i>\u00a017, 21). Estas comunidades, llamadas por los obispos, est\u00e1n formadas por un presb\u00edtero y cuatro o cinco familias, con hijos incluso mayores, y constituyen una \u00ab<i>missio ad gentes<\/i>\u00bb, con un mandato de evangelizar a los no cristianos. Los no cristianos que jam\u00e1s escucharon hablar de Jesucristo, y muchos no cristianos que olvidaron qui\u00e9n era Jesucristo, qui\u00e9n es Jesucristo: no cristianos bautizados, a quienes la secularizaci\u00f3n, la mundanidad y muchas otras cosas les hicieron olvidar la fe. \u00a1Despertad esa fe!<\/p>\n<p>Por lo tanto, incluso antes que con la palabra, es con vuestro\u00a0<i>testimonio de vida<\/i>\u00a0como manifest\u00e1is el coraz\u00f3n de la revelaci\u00f3n de Cristo: que Dios ama al hombre hasta entregarse a la muerte por \u00e9l y que fue resucitado por el Padre para darnos la gracia de dar nuestra vida a los dem\u00e1s. El mundo de hoy tiene extrema necesidad de es este gran mensaje. Cu\u00e1nta soledad, cu\u00e1nto sufrimiento, cu\u00e1nta lejan\u00eda de Dios en tantas periferias de Europa y Am\u00e9rica y en muchas ciudades de Asia. Cu\u00e1nta necesidad tiene el hombre de hoy, en todo lugar, de sentir que Dios lo ama y que el amor es posible. Estas comunidades cristianas, gracias a vosotros, familias misioneras, tienen la tarea esencial de hacer visible este mensaje. Y \u00bfcu\u00e1l es el mensaje? \u00ab\u00a1Cristo ha resucitado! \u00a1Cristo vive! \u00a1Cristo est\u00e1 vivo entre nosotros!\u00bb.<\/p>\n<p>Vosotros hab\u00e9is recibido la fuerza de dejar todo y partir hacia tierras lejanas gracias a un camino de iniciaci\u00f3n cristiana, vivido en peque\u00f1as comunidades, donde hab\u00e9is descubierto de nuevo las inmensas riquezas de vuestro bautismo. Este es\u00a0<i>el Camino Neocatecumenal<\/i>, un aut\u00e9ntico don de la Providencia a la Iglesia de nuestros tiempos, como ya afirmaron mis predecesores; sobre todo san Juan Pablo II cuando os dijo: \u00abReconozco el Camino Neocatecumenal como un itinerario de formaci\u00f3n cat\u00f3lica, v\u00e1lida para la sociedad y para los tiempos de hoy\u00bb (Carta\u00a0<i><a href=\"http:\/\/w2.vatican.va\/content\/john-paul-ii\/es\/letters\/1990\/documents\/hf_jp-ii_let_19900830_ogni-qualvolta.html\">Ogniqualvolta<\/a><\/i>, 30 de agosto de 1990). El Camino se basa en esas tres dimensiones de la Iglesia que son la Palabra, la Liturgia y la Comunidad. Por ello, la escucha obediente y constante de la Palabra de Dios, la celebraci\u00f3n eucar\u00edstica en peque\u00f1as comunidades despu\u00e9s de las primeras V\u00edsperas del domingo, la celebraci\u00f3n de Laudes en familia en el d\u00eda domingo con todos los hijos, y el compartir la propia fe con los dem\u00e1s hermanos est\u00e1n en el origen de tantos dones que el Se\u00f1or os prodig\u00f3, as\u00ed como las numerosas vocaciones al presbiterado y a la vida consagrada. Ver todo esto es un consuelo, porque confirma que el Esp\u00edritu de Dios est\u00e1 vivo y operante en su Iglesia, tambi\u00e9n hoy, y que responde a las necesidades del hombre moderno.<\/p>\n<p>En diversas ocasiones insist\u00ed sobre la necesidad que la Iglesia tiene de pasar de una pastoral de simple conservaci\u00f3n a una pastoral decididamente misionera (cf. Exhort. ap.\u00a0<i><a href=\"http:\/\/w2.vatican.va\/content\/francesco\/es\/apost_exhortations\/documents\/papa-francesco_esortazione-ap_20131124_evangelii-gaudium.html\">Evangelii gaudium<\/a><\/i>, 15). Cu\u00e1ntas veces, en la Iglesia, tenemos a Jes\u00fas dentro y no lo dejamos salir&#8230; \u00a1Cu\u00e1ntas veces! Esto es lo m\u00e1s importante que hay que hacer si no queremos que las aguas se estanquen en la Iglesia. El Camino desde hace a\u00f1os est\u00e1 realizando estas\u00a0<i>missio ad gentes<\/i>\u00a0entre los no cristianos, para una\u00a0<i>implantatio Ecclesiae<\/i>, una nueva presencia de Iglesia, all\u00ed donde la Iglesia no existe y ya no es capaz de llegar a las personas. \u00ab\u00a1Cu\u00e1nta alegr\u00eda nos dais con vuestra presencia y con vuestra actividad!\u00bb, os dijo el beato Papa Pablo VI en su primera audiencia con vosotros (8 de mayo de 1974). Yo tambi\u00e9n hago m\u00edas estas palabras y os aliento a seguir adelante, confi\u00e1ndoos a la sant\u00edsima Virgen Mar\u00eda que inspir\u00f3 el Camino Neocatecumenal. Ella intercede por vosotros ante su Hijo divino.<\/p>\n<p>Querid\u00edsimos, que el Se\u00f1or os acompa\u00f1e. \u00a1Id con mi bendici\u00f3n!<\/p>\n<p><iframe loading=\"lazy\" title=\"Papa Francisco Audiencia al camino neocatecumenal 6 Marzo de 2015 (RESUMEN)\" width=\"780\" height=\"439\" src=\"https:\/\/www.youtube.com\/embed\/P6xqaqXpxV8?feature=oembed\" frameborder=\"0\" allow=\"accelerometer; autoplay; clipboard-write; encrypted-media; gyroscope; picture-in-picture; web-share\" referrerpolicy=\"strict-origin-when-cross-origin\" allowfullscreen><\/iframe><\/p>\n<hr \/>\n<p><iframe loading=\"lazy\" title=\"Impactante entrevista a Kiko Arguello en Tv 13 (Dic 2012)\" width=\"780\" height=\"439\" src=\"https:\/\/www.youtube.com\/embed\/agiiPbxCZcc?feature=oembed\" frameborder=\"0\" allow=\"accelerometer; autoplay; clipboard-write; encrypted-media; gyroscope; picture-in-picture; web-share\" referrerpolicy=\"strict-origin-when-cross-origin\" allowfullscreen><\/iframe><\/p>\n<p>Entrevista a Kiko Arg\u00fcello con motivo de la fiesta de las familias, 13 de diciembre de 2012<\/p>\n\n\n<hr class=\"wp-block-separator has-alpha-channel-opacity\"\/>\n\n\n\n<hr class=\"wp-block-separator has-alpha-channel-opacity\"\/>\n\n\n\n<hr class=\"wp-block-separator has-alpha-channel-opacity\"\/>\n\n\n\n<hr class=\"wp-block-separator has-alpha-channel-opacity\"\/>\n\n\n\n<hr class=\"wp-block-separator has-alpha-channel-opacity\"\/>\n","protected":false},"excerpt":{"rendered":"<p>Muchos de nosotros fuimos bautizados de peque\u00f1os, luego algunos hicimos las catequesis de Comuni\u00f3n, muchos menos hicimos las de Confirmaci\u00f3n. En la Iglesia tenemos las puertas abiertas a todos aquellos [&hellip;]<\/p>\n","protected":false},"author":1,"featured_media":699,"parent":0,"menu_order":0,"comment_status":"closed","ping_status":"closed","template":"","meta":{"footnotes":""},"class_list":["post-640","page","type-page","status-publish","has-post-thumbnail","hentry"],"_links":{"self":[{"href":"https:\/\/smporres.archimadrid.es\/index.php?rest_route=\/wp\/v2\/pages\/640","targetHints":{"allow":["GET"]}}],"collection":[{"href":"https:\/\/smporres.archimadrid.es\/index.php?rest_route=\/wp\/v2\/pages"}],"about":[{"href":"https:\/\/smporres.archimadrid.es\/index.php?rest_route=\/wp\/v2\/types\/page"}],"author":[{"embeddable":true,"href":"https:\/\/smporres.archimadrid.es\/index.php?rest_route=\/wp\/v2\/users\/1"}],"replies":[{"embeddable":true,"href":"https:\/\/smporres.archimadrid.es\/index.php?rest_route=%2Fwp%2Fv2%2Fcomments&post=640"}],"version-history":[{"count":29,"href":"https:\/\/smporres.archimadrid.es\/index.php?rest_route=\/wp\/v2\/pages\/640\/revisions"}],"predecessor-version":[{"id":4951,"href":"https:\/\/smporres.archimadrid.es\/index.php?rest_route=\/wp\/v2\/pages\/640\/revisions\/4951"}],"wp:featuredmedia":[{"embeddable":true,"href":"https:\/\/smporres.archimadrid.es\/index.php?rest_route=\/wp\/v2\/media\/699"}],"wp:attachment":[{"href":"https:\/\/smporres.archimadrid.es\/index.php?rest_route=%2Fwp%2Fv2%2Fmedia&parent=640"}],"curies":[{"name":"wp","href":"https:\/\/api.w.org\/{rel}","templated":true}]}}