{"id":634,"date":"2018-04-18T16:44:43","date_gmt":"2018-04-18T15:44:43","guid":{"rendered":"https:\/\/smporres.archimadrid.es\/?page_id=634"},"modified":"2024-11-04T17:59:50","modified_gmt":"2024-11-04T16:59:50","slug":"hermandad-de-la-virgen-del-rocio","status":"publish","type":"page","link":"https:\/\/smporres.archimadrid.es\/?page_id=634","title":{"rendered":"Virgen del Roc\u00edo"},"content":{"rendered":"\n<p>Desde hace muchos a\u00f1os, en nuestro barrio se venera a la Virgen del Roc\u00edo. En la Parroquia hemos constituido una Hermandad, con el fin de continuar con esta tradici\u00f3n y devoci\u00f3n.<\/p>\n\n\n<div class=\"wp-block-image\">\n<figure class=\"aligncenter size-large\"><img loading=\"lazy\" decoding=\"async\" width=\"1024\" height=\"879\" src=\"https:\/\/smporres.archimadrid.es\/wp-content\/uploads\/2024\/11\/IMG_6585-1024x879.jpeg\" alt=\"\" class=\"wp-image-5393\" srcset=\"https:\/\/smporres.archimadrid.es\/wp-content\/uploads\/2024\/11\/IMG_6585-1024x879.jpeg 1024w, https:\/\/smporres.archimadrid.es\/wp-content\/uploads\/2024\/11\/IMG_6585-300x257.jpeg 300w, https:\/\/smporres.archimadrid.es\/wp-content\/uploads\/2024\/11\/IMG_6585-768x659.jpeg 768w, https:\/\/smporres.archimadrid.es\/wp-content\/uploads\/2024\/11\/IMG_6585-1536x1318.jpeg 1536w, https:\/\/smporres.archimadrid.es\/wp-content\/uploads\/2024\/11\/IMG_6585-2048x1757.jpeg 2048w\" sizes=\"auto, (max-width: 1024px) 100vw, 1024px\" \/><\/figure>\n<\/div>\n\n\n<p><\/p>\n\n\n\n<p>Todos los primeros s\u00e1bados de mes, a las 19:00 h, celebramos la sabatina en honor de la Virgen, en la que canta nuestro coro.<\/p>\n\n\n<div class=\"wp-block-image\">\n<figure class=\"aligncenter\"><img loading=\"lazy\" decoding=\"async\" width=\"1024\" height=\"1024\" src=\"https:\/\/smporres.archimadrid.es\/wp-content\/uploads\/2018\/03\/IMG_1853-1024x1024.jpg\" alt=\"\" class=\"wp-image-483\" srcset=\"https:\/\/smporres.archimadrid.es\/wp-content\/uploads\/2018\/03\/IMG_1853-1024x1024.jpg 1024w, https:\/\/smporres.archimadrid.es\/wp-content\/uploads\/2018\/03\/IMG_1853-150x150.jpg 150w, https:\/\/smporres.archimadrid.es\/wp-content\/uploads\/2018\/03\/IMG_1853-300x300.jpg 300w, https:\/\/smporres.archimadrid.es\/wp-content\/uploads\/2018\/03\/IMG_1853-768x768.jpg 768w, https:\/\/smporres.archimadrid.es\/wp-content\/uploads\/2018\/03\/IMG_1853.jpg 1936w\" sizes=\"auto, (max-width: 1024px) 100vw, 1024px\" \/><\/figure>\n<\/div>\n\n\n<p><\/p>\n\n\n\n<p>Os invitamos a participar y a uniros a nuestra Hermandad.<\/p>\n\n\n<div class=\"wp-block-image\">\n<figure class=\"aligncenter\"><img loading=\"lazy\" decoding=\"async\" width=\"1024\" height=\"577\" src=\"https:\/\/smporres.archimadrid.es\/wp-content\/uploads\/2018\/05\/B51CA261-1693-401F-B5E8-F9DD8CCF0C68-1024x577.jpeg\" alt=\"\" class=\"wp-image-1158\" srcset=\"https:\/\/smporres.archimadrid.es\/wp-content\/uploads\/2018\/05\/B51CA261-1693-401F-B5E8-F9DD8CCF0C68-1024x577.jpeg 1024w, https:\/\/smporres.archimadrid.es\/wp-content\/uploads\/2018\/05\/B51CA261-1693-401F-B5E8-F9DD8CCF0C68-300x169.jpeg 300w, https:\/\/smporres.archimadrid.es\/wp-content\/uploads\/2018\/05\/B51CA261-1693-401F-B5E8-F9DD8CCF0C68-768x432.jpeg 768w, https:\/\/smporres.archimadrid.es\/wp-content\/uploads\/2018\/05\/B51CA261-1693-401F-B5E8-F9DD8CCF0C68.jpeg 1600w\" sizes=\"auto, (max-width: 1024px) 100vw, 1024px\" \/><\/figure>\n<\/div>\n\n\n<p><\/p>\n\n\n\n<p>\u00a1Viva la Virgen del Roc\u00edo!<\/p>\n\n\n\n<p>\u00a1Viva la Blanca Paloma!<\/p>\n\n\n\n<p>\u00a1Viva la Reina de las Marismas!<\/p>\n\n\n\n<p>\u00a1Viva la Madre de Dios!<\/p>\n","protected":false},"excerpt":{"rendered":"<p>Desde hace muchos a\u00f1os, en nuestro barrio se venera a la Virgen del Roc\u00edo. En la Parroquia hemos constituido una Hermandad, con el fin de continuar con esta tradici\u00f3n y [&hellip;]<\/p>\n","protected":false},"author":1,"featured_media":649,"parent":0,"menu_order":0,"comment_status":"closed","ping_status":"closed","template":"","meta":{"footnotes":""},"class_list":["post-634","page","type-page","status-publish","has-post-thumbnail","hentry"],"_links":{"self":[{"href":"https:\/\/smporres.archimadrid.es\/index.php?rest_route=\/wp\/v2\/pages\/634","targetHints":{"allow":["GET"]}}],"collection":[{"href":"https:\/\/smporres.archimadrid.es\/index.php?rest_route=\/wp\/v2\/pages"}],"about":[{"href":"https:\/\/smporres.archimadrid.es\/index.php?rest_route=\/wp\/v2\/types\/page"}],"author":[{"embeddable":true,"href":"https:\/\/smporres.archimadrid.es\/index.php?rest_route=\/wp\/v2\/users\/1"}],"replies":[{"embeddable":true,"href":"https:\/\/smporres.archimadrid.es\/index.php?rest_route=%2Fwp%2Fv2%2Fcomments&post=634"}],"version-history":[{"count":7,"href":"https:\/\/smporres.archimadrid.es\/index.php?rest_route=\/wp\/v2\/pages\/634\/revisions"}],"predecessor-version":[{"id":5394,"href":"https:\/\/smporres.archimadrid.es\/index.php?rest_route=\/wp\/v2\/pages\/634\/revisions\/5394"}],"wp:featuredmedia":[{"embeddable":true,"href":"https:\/\/smporres.archimadrid.es\/index.php?rest_route=\/wp\/v2\/media\/649"}],"wp:attachment":[{"href":"https:\/\/smporres.archimadrid.es\/index.php?rest_route=%2Fwp%2Fv2%2Fmedia&parent=634"}],"curies":[{"name":"wp","href":"https:\/\/api.w.org\/{rel}","templated":true}]}}

Virgen del Rocío

<p>Desde hace muchos años, en nuestro barrio se venera a la Virgen del Rocío. En la Parroquia hemos constituido una Hermandad, con el fin de continuar con esta tradición y devoción.</p>


<div class="wp-block-image">
<figure class="aligncenter size-large"><img loading="lazy" decoding="async" width="1024" height="879" src="https://smporres.archimadrid.es/wp-content/uploads/2024/11/IMG_6585-1024x879.jpeg" alt="" class="wp-image-5393" srcset="https://smporres.archimadrid.es/wp-content/uploads/2024/11/IMG_6585-1024x879.jpeg 1024w, https://smporres.archimadrid.es/wp-content/uploads/2024/11/IMG_6585-300x257.jpeg 300w, https://smporres.archimadrid.es/wp-content/uploads/2024/11/IMG_6585-768x659.jpeg 768w, https://smporres.archimadrid.es/wp-content/uploads/2024/11/IMG_6585-1536x1318.jpeg 1536w, https://smporres.archimadrid.es/wp-content/uploads/2024/11/IMG_6585-2048x1757.jpeg 2048w" sizes="auto, (max-width: 1024px) 100vw, 1024px" /></figure>
</div>


<p></p>



<p>Todos los primeros sábados de mes, a las 19:00 h, celebramos la sabatina en honor de la Virgen, en la que canta nuestro coro.</p>


<div class="wp-block-image">
<figure class="aligncenter"><img loading="lazy" decoding="async" width="1024" height="1024" src="https://smporres.archimadrid.es/wp-content/uploads/2018/03/IMG_1853-1024x1024.jpg" alt="" class="wp-image-483" srcset="https://smporres.archimadrid.es/wp-content/uploads/2018/03/IMG_1853-1024x1024.jpg 1024w, https://smporres.archimadrid.es/wp-content/uploads/2018/03/IMG_1853-150x150.jpg 150w, https://smporres.archimadrid.es/wp-content/uploads/2018/03/IMG_1853-300x300.jpg 300w, https://smporres.archimadrid.es/wp-content/uploads/2018/03/IMG_1853-768x768.jpg 768w, https://smporres.archimadrid.es/wp-content/uploads/2018/03/IMG_1853.jpg 1936w" sizes="auto, (max-width: 1024px) 100vw, 1024px" /></figure>
</div>


<p></p>



<p>Os invitamos a participar y a uniros a nuestra Hermandad.</p>


<div class="wp-block-image">
<figure class="aligncenter"><img loading="lazy" decoding="async" width="1024" height="577" src="https://smporres.archimadrid.es/wp-content/uploads/2018/05/B51CA261-1693-401F-B5E8-F9DD8CCF0C68-1024x577.jpeg" alt="" class="wp-image-1158" srcset="https://smporres.archimadrid.es/wp-content/uploads/2018/05/B51CA261-1693-401F-B5E8-F9DD8CCF0C68-1024x577.jpeg 1024w, https://smporres.archimadrid.es/wp-content/uploads/2018/05/B51CA261-1693-401F-B5E8-F9DD8CCF0C68-300x169.jpeg 300w, https://smporres.archimadrid.es/wp-content/uploads/2018/05/B51CA261-1693-401F-B5E8-F9DD8CCF0C68-768x432.jpeg 768w, https://smporres.archimadrid.es/wp-content/uploads/2018/05/B51CA261-1693-401F-B5E8-F9DD8CCF0C68.jpeg 1600w" sizes="auto, (max-width: 1024px) 100vw, 1024px" /></figure>
</div>


<p></p>



<p>¡Viva la Virgen del Rocío!</p>



<p>¡Viva la Blanca Paloma!</p>



<p>¡Viva la Reina de las Marismas!</p>



<p>¡Viva la Madre de Dios!</p>

<p>Desde hace muchos años, en nuestro barrio se venera a la Virgen del Rocío. En la Parroquia hemos constituido una Hermandad, con el fin de continuar con esta tradición y [&hellip;]</p>
