{"id":627,"date":"2018-04-18T16:36:16","date_gmt":"2018-04-18T15:36:16","guid":{"rendered":"https:\/\/smporres.archimadrid.es\/?page_id=627"},"modified":"2024-11-04T18:07:41","modified_gmt":"2024-11-04T17:07:41","slug":"hermandad-de-san-martin-de-porres","status":"publish","type":"page","link":"https:\/\/smporres.archimadrid.es\/?page_id=627","title":{"rendered":"Hermandad de San Mart\u00edn de Porres"},"content":{"rendered":"\n<p>Desde hace unos a\u00f1os, hemos constituido la Hermandad de San Mart\u00edn de Porres, con el fin de fomentar la devoci\u00f3n de nuestro santo patr\u00f3n.<\/p>\n\n\n\n<p>Todos los primeros domingos de mes, la Hermandad celebra la Eucarist\u00eda a las 12:00 h, y hacemos recogida de alimentos, para ayudar a los m\u00e1s necesitados a trav\u00e9s de C\u00e1ritas Parroquial.<\/p>\n\n\n\n<p>Os invitamos a que os apunt\u00e9is a nuestra Hermandad y juntos veneremos la memoria de San Mart\u00edn.<\/p>\n\n\n\n<p>&nbsp;<\/p>\n\n\n<div class=\"wp-block-image\">\n<figure class=\"aligncenter size-large\"><img loading=\"lazy\" decoding=\"async\" width=\"718\" height=\"1024\" src=\"https:\/\/smporres.archimadrid.es\/wp-content\/uploads\/2024\/11\/797ef47d-24bf-44c1-a6c2-ef1511fd0a6a-718x1024.jpeg\" alt=\"\" class=\"wp-image-5398\" srcset=\"https:\/\/smporres.archimadrid.es\/wp-content\/uploads\/2024\/11\/797ef47d-24bf-44c1-a6c2-ef1511fd0a6a-718x1024.jpeg 718w, https:\/\/smporres.archimadrid.es\/wp-content\/uploads\/2024\/11\/797ef47d-24bf-44c1-a6c2-ef1511fd0a6a-210x300.jpeg 210w, https:\/\/smporres.archimadrid.es\/wp-content\/uploads\/2024\/11\/797ef47d-24bf-44c1-a6c2-ef1511fd0a6a-768x1095.jpeg 768w, https:\/\/smporres.archimadrid.es\/wp-content\/uploads\/2024\/11\/797ef47d-24bf-44c1-a6c2-ef1511fd0a6a-1077x1536.jpeg 1077w, https:\/\/smporres.archimadrid.es\/wp-content\/uploads\/2024\/11\/797ef47d-24bf-44c1-a6c2-ef1511fd0a6a.jpeg 1300w\" sizes=\"auto, (max-width: 718px) 100vw, 718px\" \/><\/figure>\n<\/div>\n\n\n<p><\/p>\n","protected":false},"excerpt":{"rendered":"<p>Desde hace unos a\u00f1os, hemos constituido la Hermandad de San Mart\u00edn de Porres, con el fin de fomentar la devoci\u00f3n de nuestro santo patr\u00f3n. Todos los primeros domingos de mes, [&hellip;]<\/p>\n","protected":false},"author":1,"featured_media":467,"parent":0,"menu_order":0,"comment_status":"closed","ping_status":"closed","template":"","meta":{"footnotes":""},"class_list":["post-627","page","type-page","status-publish","has-post-thumbnail","hentry"],"_links":{"self":[{"href":"https:\/\/smporres.archimadrid.es\/index.php?rest_route=\/wp\/v2\/pages\/627","targetHints":{"allow":["GET"]}}],"collection":[{"href":"https:\/\/smporres.archimadrid.es\/index.php?rest_route=\/wp\/v2\/pages"}],"about":[{"href":"https:\/\/smporres.archimadrid.es\/index.php?rest_route=\/wp\/v2\/types\/page"}],"author":[{"embeddable":true,"href":"https:\/\/smporres.archimadrid.es\/index.php?rest_route=\/wp\/v2\/users\/1"}],"replies":[{"embeddable":true,"href":"https:\/\/smporres.archimadrid.es\/index.php?rest_route=%2Fwp%2Fv2%2Fcomments&post=627"}],"version-history":[{"count":4,"href":"https:\/\/smporres.archimadrid.es\/index.php?rest_route=\/wp\/v2\/pages\/627\/revisions"}],"predecessor-version":[{"id":5400,"href":"https:\/\/smporres.archimadrid.es\/index.php?rest_route=\/wp\/v2\/pages\/627\/revisions\/5400"}],"wp:featuredmedia":[{"embeddable":true,"href":"https:\/\/smporres.archimadrid.es\/index.php?rest_route=\/wp\/v2\/media\/467"}],"wp:attachment":[{"href":"https:\/\/smporres.archimadrid.es\/index.php?rest_route=%2Fwp%2Fv2%2Fmedia&parent=627"}],"curies":[{"name":"wp","href":"https:\/\/api.w.org\/{rel}","templated":true}]}}