{"id":531,"date":"2018-04-18T11:16:22","date_gmt":"2018-04-18T10:16:22","guid":{"rendered":"https:\/\/smporres.archimadrid.es\/?page_id=531"},"modified":"2018-05-24T16:21:44","modified_gmt":"2018-05-24T15:21:44","slug":"bautismos","status":"publish","type":"page","link":"https:\/\/smporres.archimadrid.es\/?page_id=531","title":{"rendered":"Bautismos"},"content":{"rendered":"<p>&nbsp;<\/p>\n<blockquote><p>\u00abY acerc\u00e1ndose Jes\u00fas, les habl\u00f3, diciendo: Toda autoridad me ha sido dada en el cielo y en la tierra.\u00a0<span class=\"highl\">Id, pues, y haced disc\u00edpulos de todas las naciones, bautiz\u00e1ndolos en el nombre del Padre y del Hijo y del Esp\u00edritu Santo,\u00a0<\/span>ense\u00f1\u00e1ndoles a guardar todo lo que os he mandado; y he aqu\u00ed, yo estoy con vosotros todos los d\u00edas, hasta el fin del mundo.\u00bb (Mt 28,19)<\/p><\/blockquote>\n<figure id=\"attachment_1298\" aria-describedby=\"caption-attachment-1298\" style=\"width: 780px\" class=\"wp-caption aligncenter\"><img loading=\"lazy\" decoding=\"async\" class=\"size-large wp-image-1298\" src=\"https:\/\/smporres.archimadrid.es\/wp-content\/uploads\/2018\/05\/100_8332-1024x768.jpg\" alt=\"\" width=\"780\" height=\"585\" srcset=\"https:\/\/smporres.archimadrid.es\/wp-content\/uploads\/2018\/05\/100_8332-1024x768.jpg 1024w, https:\/\/smporres.archimadrid.es\/wp-content\/uploads\/2018\/05\/100_8332-300x225.jpg 300w, https:\/\/smporres.archimadrid.es\/wp-content\/uploads\/2018\/05\/100_8332-768x576.jpg 768w\" sizes=\"auto, (max-width: 780px) 100vw, 780px\" \/><figcaption id=\"caption-attachment-1298\" class=\"wp-caption-text\">Bendici\u00f3n del agua en la Vigilia Pascual.<\/figcaption><\/figure>\n<p>El sacramento del bautismo es la entrada en la Iglesia. Dios, que nos ha creado, quiere hacernos hijos suyos.<\/p>\n<p>Si deseas que tus hijos reciban el bautismo, ac\u00e9rcate a la parroquia y te informaremos sobre los cursillos y fechas para celebrarlo.<\/p>\n<figure id=\"attachment_1299\" aria-describedby=\"caption-attachment-1299\" style=\"width: 780px\" class=\"wp-caption aligncenter\"><img loading=\"lazy\" decoding=\"async\" class=\"size-large wp-image-1299\" src=\"https:\/\/smporres.archimadrid.es\/wp-content\/uploads\/2018\/05\/IMG_0138-1024x682.jpg\" alt=\"\" width=\"780\" height=\"519\" srcset=\"https:\/\/smporres.archimadrid.es\/wp-content\/uploads\/2018\/05\/IMG_0138-1024x682.jpg 1024w, https:\/\/smporres.archimadrid.es\/wp-content\/uploads\/2018\/05\/IMG_0138-300x200.jpg 300w, https:\/\/smporres.archimadrid.es\/wp-content\/uploads\/2018\/05\/IMG_0138-768x511.jpg 768w\" sizes=\"auto, (max-width: 780px) 100vw, 780px\" \/><figcaption id=\"caption-attachment-1299\" class=\"wp-caption-text\">Bautismo<\/figcaption><\/figure>\n<p>&nbsp;<\/p>\n","protected":false},"excerpt":{"rendered":"<p>&nbsp; \u00abY acerc\u00e1ndose Jes\u00fas, les habl\u00f3, diciendo: Toda autoridad me ha sido dada en el cielo y en la tierra.\u00a0Id, pues, y haced disc\u00edpulos de todas las naciones, bautiz\u00e1ndolos en [&hellip;]<\/p>\n","protected":false},"author":1,"featured_media":697,"parent":0,"menu_order":0,"comment_status":"closed","ping_status":"closed","template":"","meta":{"footnotes":""},"class_list":["post-531","page","type-page","status-publish","has-post-thumbnail","hentry"],"_links":{"self":[{"href":"https:\/\/smporres.archimadrid.es\/index.php?rest_route=\/wp\/v2\/pages\/531","targetHints":{"allow":["GET"]}}],"collection":[{"href":"https:\/\/smporres.archimadrid.es\/index.php?rest_route=\/wp\/v2\/pages"}],"about":[{"href":"https:\/\/smporres.archimadrid.es\/index.php?rest_route=\/wp\/v2\/types\/page"}],"author":[{"embeddable":true,"href":"https:\/\/smporres.archimadrid.es\/index.php?rest_route=\/wp\/v2\/users\/1"}],"replies":[{"embeddable":true,"href":"https:\/\/smporres.archimadrid.es\/index.php?rest_route=%2Fwp%2Fv2%2Fcomments&post=531"}],"version-history":[{"count":7,"href":"https:\/\/smporres.archimadrid.es\/index.php?rest_route=\/wp\/v2\/pages\/531\/revisions"}],"predecessor-version":[{"id":1300,"href":"https:\/\/smporres.archimadrid.es\/index.php?rest_route=\/wp\/v2\/pages\/531\/revisions\/1300"}],"wp:featuredmedia":[{"embeddable":true,"href":"https:\/\/smporres.archimadrid.es\/index.php?rest_route=\/wp\/v2\/media\/697"}],"wp:attachment":[{"href":"https:\/\/smporres.archimadrid.es\/index.php?rest_route=%2Fwp%2Fv2%2Fmedia&parent=531"}],"curies":[{"name":"wp","href":"https:\/\/api.w.org\/{rel}","templated":true}]}}

<p>&nbsp;</p>
<blockquote><p>«Y acercándose Jesús, les habló, diciendo: Toda autoridad me ha sido dada en el cielo y en la tierra. <span class="highl">Id, pues, y haced discípulos de todas las naciones, bautizándolos en el nombre del Padre y del Hijo y del Espíritu Santo, </span>enseñándoles a guardar todo lo que os he mandado; y he aquí, yo estoy con vosotros todos los días, hasta el fin del mundo.» (Mt 28,19)</p></blockquote>
<figure id="attachment_1298" aria-describedby="caption-attachment-1298" style="width: 780px" class="wp-caption aligncenter"><img loading="lazy" decoding="async" class="size-large wp-image-1298" src="https://smporres.archimadrid.es/wp-content/uploads/2018/05/100_8332-1024x768.jpg" alt="" width="780" height="585" srcset="https://smporres.archimadrid.es/wp-content/uploads/2018/05/100_8332-1024x768.jpg 1024w, https://smporres.archimadrid.es/wp-content/uploads/2018/05/100_8332-300x225.jpg 300w, https://smporres.archimadrid.es/wp-content/uploads/2018/05/100_8332-768x576.jpg 768w" sizes="auto, (max-width: 780px) 100vw, 780px" /><figcaption id="caption-attachment-1298" class="wp-caption-text">Bendición del agua en la Vigilia Pascual.</figcaption></figure>
<p>El sacramento del bautismo es la entrada en la Iglesia. Dios, que nos ha creado, quiere hacernos hijos suyos.</p>
<p>Si deseas que tus hijos reciban el bautismo, acércate a la parroquia y te informaremos sobre los cursillos y fechas para celebrarlo.</p>
<figure id="attachment_1299" aria-describedby="caption-attachment-1299" style="width: 780px" class="wp-caption aligncenter"><img loading="lazy" decoding="async" class="size-large wp-image-1299" src="https://smporres.archimadrid.es/wp-content/uploads/2018/05/IMG_0138-1024x682.jpg" alt="" width="780" height="519" srcset="https://smporres.archimadrid.es/wp-content/uploads/2018/05/IMG_0138-1024x682.jpg 1024w, https://smporres.archimadrid.es/wp-content/uploads/2018/05/IMG_0138-300x200.jpg 300w, https://smporres.archimadrid.es/wp-content/uploads/2018/05/IMG_0138-768x511.jpg 768w" sizes="auto, (max-width: 780px) 100vw, 780px" /><figcaption id="caption-attachment-1299" class="wp-caption-text">Bautismo</figcaption></figure>
<p>&nbsp;</p>

<p>&nbsp; «Y acercándose Jesús, les habló, diciendo: Toda autoridad me ha sido dada en el cielo y en la tierra. Id, pues, y haced discípulos de todas las naciones, bautizándolos en [&hellip;]</p>
