{"id":5,"date":"2017-12-06T14:19:50","date_gmt":"2017-12-06T14:19:50","guid":{"rendered":"https:\/\/smporres.archimadrid.es\/?page_id=5"},"modified":"2024-11-04T18:02:26","modified_gmt":"2024-11-04T17:02:26","slug":"san-martin","status":"publish","type":"page","link":"https:\/\/smporres.archimadrid.es\/?page_id=5","title":{"rendered":"San Mart\u00edn"},"content":{"rendered":"\n<div id=\"text2\">\n<div class=\"wpmd\">\n<div align=\"justify\"><span class=\"ws11\" style=\"font-family: Tahoma; color: #000000;\">El santo mulato naci\u00f3 en Lima en 1579 de padre espa\u00f1ol y madre paname\u00f1a. De caballero y mulata naci\u00f3 el santo. Tard\u00f3 su padre en reconocerlo pero al final asinti\u00f3, teniendo de todas formas que partir dejando al peque\u00f1o al cuidado de su madre. Son misteriosos los caminos del Se\u00f1or: no fue sino un santo quien lo confirm\u00f3 en la fe de sus padres. Fue Santo Toribio Mogrovejo, segundo arzobispo de Lima y actual patrono del Episcopado Latinoamericano, quien hizo descender el Esp\u00edritu sobre su moreno coraz\u00f3n, coraz\u00f3n que el Se\u00f1or fue haciendo manso y humilde como el de su Madre. Mart\u00edn aprendi\u00f3 el oficio de barbero y tambi\u00e9n algo de medicina. El muchacho era inteligente, y fue tal su amor por los hermanos que no tard\u00f3 en aprender para poderlos servir mejor. Desde ni\u00f1o sent\u00eda predilecci\u00f3n por los enfermos y los pobres en quienes reconoc\u00eda sin duda el rostro sufriente de su Se\u00f1or. A los quince a\u00f1os la gracia recibida y el ardor por vivir m\u00e1s cerca de Dios en servicio completo a sus hermanos humanos lo impuls\u00f3 a pedir ser admitido como donado en el convento de los dominicos que hab\u00eda en Lima.<\/span><\/div>\n<figure><img loading=\"lazy\" decoding=\"async\" class=\"aligncenter wp-image-705 size-large\" src=\"https:\/\/smporres.archimadrid.es\/wp-content\/uploads\/2018\/04\/2174-052-685x1024.jpg\" alt=\"\" width=\"685\" height=\"1024\" srcset=\"https:\/\/smporres.archimadrid.es\/wp-content\/uploads\/2018\/04\/2174-052-685x1024.jpg 685w, https:\/\/smporres.archimadrid.es\/wp-content\/uploads\/2018\/04\/2174-052-201x300.jpg 201w, https:\/\/smporres.archimadrid.es\/wp-content\/uploads\/2018\/04\/2174-052-768x1147.jpg 768w\" sizes=\"auto, (max-width: 685px) 100vw, 685px\" \/><\/figure><div align=\"justify\"><\/div>\n<div align=\"justify\"><span class=\"ws11\" style=\"font-family: Tahoma; color: #000000;\">&nbsp;<\/span><\/div>\n<div align=\"justify\"><span class=\"ws11\" style=\"font-family: Tahoma; color: #000000;\">Pronto la virtud del moreno dej\u00f3 de ser un secreto. Su servicio como enfermero se extend\u00eda desde sus hermanos dominicos hasta las personas m\u00e1s abandonadas que pod\u00eda encontrar en la calle. Su humildad fue probada en el dolor de la injuria, incluso de parte de algunos religiosos dominicos. Incomprensi\u00f3n y envidias: camino de contradicciones que fue asemejando al mulato a su Reconciliador. En 1603 le fue concedida la profesi\u00f3n religiosa y pronunci\u00f3 los votos de pobreza, obediencia y castidad. Hombre de gran caridad, un\u00eda a su incesante oraci\u00f3n las penitencias m\u00e1s duras. Era mucho el amor, eran poco el sue\u00f1o y la comida, lo sosten\u00eda la oraci\u00f3n, la infinita misericordia de Dios. Es muy probable que haya conocido a Santa Rosa de Lima. El Se\u00f1or tiene sus caminos, y los tuvo de dolor y alegr\u00eda para nuestro mulato. As\u00ed nos ama el Se\u00f1or, como a su Madre.<\/span><\/div>\n<div align=\"justify\"><span class=\"ws11\" style=\"font-family: Tahoma; color: #000000;\">&nbsp;<\/span><\/div>\n<div align=\"justify\"><span class=\"ws11\" style=\"font-family: Tahoma; color: #000000;\">La virtud del santo, su intensa vida espiritual, sosten\u00edan su entrega, pero sin duda alguna, aquello que m\u00e1s recuerda el pueblo de Lima son sus numerosos milagros. A veces se trataba de curaciones instant\u00e1neas, en otras bastaba tan s\u00f3lo su presencia para que el enfermo desahuciado iniciara un sorprendente y firme proceso de recuperaci\u00f3n. Muchos lo vieron entrar y salir de recintos estando las puertas cerradas. Otros lo vieron en dos lugares distintos a un mismo tiempo. Todos, grandes se\u00f1ores y hombres sencillos, no tardaban en recurrir al socorro del santo mulato: \u00abyo te curo, Dios te sana\u00bb dec\u00eda Mart\u00edn con grande conciencia del inmenso amor del Se\u00f1or que ha gustado siempre de tocar el coraz\u00f3n de los hombres con manos humanas.<\/span><\/div>\n<div align=\"justify\"><span class=\"ws11\" style=\"font-family: Tahoma; color: #000000;\">&nbsp;<\/span><\/div>\n<div align=\"justify\"><span class=\"ws11\" style=\"font-family: Tahoma; color: #000000;\">Enfermero y hortelano herbolario, Fray Mart\u00edn cultivaba las plantas medicinales que aliviaban a sus enfermos. Su amor humilde y generoso lo abarcaba todo: su amabilidad con los animales era fruto de su inmenso amor por el Creador de todas las cosas. El pueblo de Lima venera hoy su dulce y sencilla imagen, con su escoba en la mano dando de comer, de un mismo plato, a perro, rat\u00f3n y gato.<\/span><\/div>\n<\/div>\n<div align=\"justify\"><\/div>\n<div class=\"wpmd\">\n<figure><img loading=\"lazy\" decoding=\"async\" class=\"aligncenter wp-image-703 size-large\" src=\"https:\/\/smporres.archimadrid.es\/wp-content\/uploads\/2018\/04\/IMG_1935-1024x765.jpg\" alt=\"\" width=\"780\" height=\"583\" srcset=\"https:\/\/smporres.archimadrid.es\/wp-content\/uploads\/2018\/04\/IMG_1935-1024x765.jpg 1024w, https:\/\/smporres.archimadrid.es\/wp-content\/uploads\/2018\/04\/IMG_1935-300x224.jpg 300w, https:\/\/smporres.archimadrid.es\/wp-content\/uploads\/2018\/04\/IMG_1935-768x574.jpg 768w\" sizes=\"auto, (max-width: 780px) 100vw, 780px\" \/><\/figure><div align=\"justify\"><span style=\"color: #000000;\">&nbsp;&nbsp;<\/span><span style=\"color: #000000;\">&nbsp;<\/span><\/div>\n<\/div>\n<\/div>\n\n\n\n<div id=\"text3\">\n<div align=\"center\"><\/div>\n<\/div>\n\n\n\n<div id=\"text4\">\n<div class=\"wpmd\">\n<div align=\"justify\"><span class=\"ws11\" style=\"font-family: Tahoma; color: #000000;\">Tras una vida de honda respuesta a la gracia de Dios, de intensa y perseverante entrega vividas al calor de la caridad y el sacrificio, ya a los sesenta a\u00f1os de edad, Fray Mart\u00edn cay\u00f3 enfermo y supo de inmediato que hab\u00eda llegado la hora de encontrarse con el Se\u00f1or. El pueblo se conmovi\u00f3, y mientras en la calle toda Lima lloraba, el mismo virrey fue a verlo a su lecho de muerte para besar la mano de quien dec\u00eda de s\u00ed mismo ser un perro mulato, tal era la veneraci\u00f3n que todos le ten\u00edan. Poco despu\u00e9s, mientras se le rezaba el credo, besando el crucifijo con profunda alegr\u00eda, el santo parti\u00f3. Pero esta partida no lo alej\u00f3 de su pueblo quien esperanzado le reza a diario aguardando su tierna intercesi\u00f3n y agradeciendo sus milagros. Fray Mart\u00edn de Porres, el mulato \u00absanto de la escoba\u00bb fue canonizado el 6 de mayo de 1962 por el Papa Juan XXIII.<\/span><\/div>\n<\/div>\n<\/div>\n","protected":false},"excerpt":{"rendered":"<p>El santo mulato naci\u00f3 en Lima en 1579 de padre espa\u00f1ol y madre paname\u00f1a. De caballero y mulata naci\u00f3 el santo. Tard\u00f3 su padre en reconocerlo pero al final asinti\u00f3, [&hellip;]<\/p>\n","protected":false},"author":1,"featured_media":4154,"parent":0,"menu_order":0,"comment_status":"closed","ping_status":"closed","template":"","meta":{"footnotes":""},"class_list":["post-5","page","type-page","status-publish","has-post-thumbnail","hentry"],"_links":{"self":[{"href":"https:\/\/smporres.archimadrid.es\/index.php?rest_route=\/wp\/v2\/pages\/5","targetHints":{"allow":["GET"]}}],"collection":[{"href":"https:\/\/smporres.archimadrid.es\/index.php?rest_route=\/wp\/v2\/pages"}],"about":[{"href":"https:\/\/smporres.archimadrid.es\/index.php?rest_route=\/wp\/v2\/types\/page"}],"author":[{"embeddable":true,"href":"https:\/\/smporres.archimadrid.es\/index.php?rest_route=\/wp\/v2\/users\/1"}],"replies":[{"embeddable":true,"href":"https:\/\/smporres.archimadrid.es\/index.php?rest_route=%2Fwp%2Fv2%2Fcomments&post=5"}],"version-history":[{"count":8,"href":"https:\/\/smporres.archimadrid.es\/index.php?rest_route=\/wp\/v2\/pages\/5\/revisions"}],"predecessor-version":[{"id":5397,"href":"https:\/\/smporres.archimadrid.es\/index.php?rest_route=\/wp\/v2\/pages\/5\/revisions\/5397"}],"wp:featuredmedia":[{"embeddable":true,"href":"https:\/\/smporres.archimadrid.es\/index.php?rest_route=\/wp\/v2\/media\/4154"}],"wp:attachment":[{"href":"https:\/\/smporres.archimadrid.es\/index.php?rest_route=%2Fwp%2Fv2%2Fmedia&parent=5"}],"curies":[{"name":"wp","href":"https:\/\/api.w.org\/{rel}","templated":true}]}}

San Martín

<div id="text2">
<div class="wpmd">
<div align="justify"><span class="ws11" style="font-family: Tahoma; color: #000000;">El santo mulato nació en Lima en 1579 de padre español y madre panameña. De caballero y mulata nació el santo. Tardó su padre en reconocerlo pero al final asintió, teniendo de todas formas que partir dejando al pequeño al cuidado de su madre. Son misteriosos los caminos del Señor: no fue sino un santo quien lo confirmó en la fe de sus padres. Fue Santo Toribio Mogrovejo, segundo arzobispo de Lima y actual patrono del Episcopado Latinoamericano, quien hizo descender el Espíritu sobre su moreno corazón, corazón que el Señor fue haciendo manso y humilde como el de su Madre. Martín aprendió el oficio de barbero y también algo de medicina. El muchacho era inteligente, y fue tal su amor por los hermanos que no tardó en aprender para poderlos servir mejor. Desde niño sentía predilección por los enfermos y los pobres en quienes reconocía sin duda el rostro sufriente de su Señor. A los quince años la gracia recibida y el ardor por vivir más cerca de Dios en servicio completo a sus hermanos humanos lo impulsó a pedir ser admitido como donado en el convento de los dominicos que había en Lima.</span></div>
<figure><img loading="lazy" decoding="async" class="aligncenter wp-image-705 size-large" src="https://smporres.archimadrid.es/wp-content/uploads/2018/04/2174-052-685x1024.jpg" alt="" width="685" height="1024" srcset="https://smporres.archimadrid.es/wp-content/uploads/2018/04/2174-052-685x1024.jpg 685w, https://smporres.archimadrid.es/wp-content/uploads/2018/04/2174-052-201x300.jpg 201w, https://smporres.archimadrid.es/wp-content/uploads/2018/04/2174-052-768x1147.jpg 768w" sizes="auto, (max-width: 685px) 100vw, 685px" /></figure><div align="justify"></div>
<div align="justify"><span class="ws11" style="font-family: Tahoma; color: #000000;">&nbsp;</span></div>
<div align="justify"><span class="ws11" style="font-family: Tahoma; color: #000000;">Pronto la virtud del moreno dejó de ser un secreto. Su servicio como enfermero se extendía desde sus hermanos dominicos hasta las personas más abandonadas que podía encontrar en la calle. Su humildad fue probada en el dolor de la injuria, incluso de parte de algunos religiosos dominicos. Incomprensión y envidias: camino de contradicciones que fue asemejando al mulato a su Reconciliador. En 1603 le fue concedida la profesión religiosa y pronunció los votos de pobreza, obediencia y castidad. Hombre de gran caridad, unía a su incesante oración las penitencias más duras. Era mucho el amor, eran poco el sueño y la comida, lo sostenía la oración, la infinita misericordia de Dios. Es muy probable que haya conocido a Santa Rosa de Lima. El Señor tiene sus caminos, y los tuvo de dolor y alegría para nuestro mulato. Así nos ama el Señor, como a su Madre.</span></div>
<div align="justify"><span class="ws11" style="font-family: Tahoma; color: #000000;">&nbsp;</span></div>
<div align="justify"><span class="ws11" style="font-family: Tahoma; color: #000000;">La virtud del santo, su intensa vida espiritual, sostenían su entrega, pero sin duda alguna, aquello que más recuerda el pueblo de Lima son sus numerosos milagros. A veces se trataba de curaciones instantáneas, en otras bastaba tan sólo su presencia para que el enfermo desahuciado iniciara un sorprendente y firme proceso de recuperación. Muchos lo vieron entrar y salir de recintos estando las puertas cerradas. Otros lo vieron en dos lugares distintos a un mismo tiempo. Todos, grandes señores y hombres sencillos, no tardaban en recurrir al socorro del santo mulato: «yo te curo, Dios te sana» decía Martín con grande conciencia del inmenso amor del Señor que ha gustado siempre de tocar el corazón de los hombres con manos humanas.</span></div>
<div align="justify"><span class="ws11" style="font-family: Tahoma; color: #000000;">&nbsp;</span></div>
<div align="justify"><span class="ws11" style="font-family: Tahoma; color: #000000;">Enfermero y hortelano herbolario, Fray Martín cultivaba las plantas medicinales que aliviaban a sus enfermos. Su amor humilde y generoso lo abarcaba todo: su amabilidad con los animales era fruto de su inmenso amor por el Creador de todas las cosas. El pueblo de Lima venera hoy su dulce y sencilla imagen, con su escoba en la mano dando de comer, de un mismo plato, a perro, ratón y gato.</span></div>
</div>
<div align="justify"></div>
<div class="wpmd">
<figure><img loading="lazy" decoding="async" class="aligncenter wp-image-703 size-large" src="https://smporres.archimadrid.es/wp-content/uploads/2018/04/IMG_1935-1024x765.jpg" alt="" width="780" height="583" srcset="https://smporres.archimadrid.es/wp-content/uploads/2018/04/IMG_1935-1024x765.jpg 1024w, https://smporres.archimadrid.es/wp-content/uploads/2018/04/IMG_1935-300x224.jpg 300w, https://smporres.archimadrid.es/wp-content/uploads/2018/04/IMG_1935-768x574.jpg 768w" sizes="auto, (max-width: 780px) 100vw, 780px" /></figure><div align="justify"><span style="color: #000000;">&nbsp;&nbsp;</span><span style="color: #000000;">&nbsp;</span></div>
</div>
</div>



<div id="text3">
<div align="center"></div>
</div>



<div id="text4">
<div class="wpmd">
<div align="justify"><span class="ws11" style="font-family: Tahoma; color: #000000;">Tras una vida de honda respuesta a la gracia de Dios, de intensa y perseverante entrega vividas al calor de la caridad y el sacrificio, ya a los sesenta años de edad, Fray Martín cayó enfermo y supo de inmediato que había llegado la hora de encontrarse con el Señor. El pueblo se conmovió, y mientras en la calle toda Lima lloraba, el mismo virrey fue a verlo a su lecho de muerte para besar la mano de quien decía de sí mismo ser un perro mulato, tal era la veneración que todos le tenían. Poco después, mientras se le rezaba el credo, besando el crucifijo con profunda alegría, el santo partió. Pero esta partida no lo alejó de su pueblo quien esperanzado le reza a diario aguardando su tierna intercesión y agradeciendo sus milagros. Fray Martín de Porres, el mulato «santo de la escoba» fue canonizado el 6 de mayo de 1962 por el Papa Juan XXIII.</span></div>
</div>
</div>

<p>El santo mulato nació en Lima en 1579 de padre español y madre panameña. De caballero y mulata nació el santo. Tardó su padre en reconocerlo pero al final asintió, [&hellip;]</p>
