{"id":412,"date":"2017-12-20T22:55:31","date_gmt":"2017-12-20T21:55:31","guid":{"rendered":"https:\/\/smporres.archimadrid.es\/?page_id=412"},"modified":"2023-03-27T12:42:28","modified_gmt":"2023-03-27T10:42:28","slug":"la-post-confirmacion","status":"publish","type":"page","link":"https:\/\/smporres.archimadrid.es\/?page_id=412","title":{"rendered":"Confirmaci\u00f3n y Post-Confirmaci\u00f3n"},"content":{"rendered":"<p>Despu\u00e9s de recibir la primera comuni\u00f3n, todos necesitamos continuar nuestra relaci\u00f3n con Jes\u00fas y crear un grupo de amigos que nos ayude a crecer juntos y junto a \u00e9l.<\/p>\n<figure id=\"attachment_1311\" aria-describedby=\"caption-attachment-1311\" style=\"width: 780px\" class=\"wp-caption aligncenter\"><img loading=\"lazy\" decoding=\"async\" class=\"size-large wp-image-1311\" src=\"https:\/\/smporres.archimadrid.es\/wp-content\/uploads\/2018\/05\/IMG_3164-1024x768.jpg\" alt=\"\" width=\"780\" height=\"585\" srcset=\"https:\/\/smporres.archimadrid.es\/wp-content\/uploads\/2018\/05\/IMG_3164-1024x768.jpg 1024w, https:\/\/smporres.archimadrid.es\/wp-content\/uploads\/2018\/05\/IMG_3164-300x225.jpg 300w, https:\/\/smporres.archimadrid.es\/wp-content\/uploads\/2018\/05\/IMG_3164-768x576.jpg 768w\" sizes=\"auto, (max-width: 780px) 100vw, 780px\" \/><figcaption id=\"caption-attachment-1311\" class=\"wp-caption-text\">Visita a la Iglesia de San Andr\u00e9s de Madrid.<\/figcaption><\/figure>\n<p>Por eso, hemos iniciado los grupos de Confirmaci\u00f3n y Post-Confirmaci\u00f3n, para ayudar a nuestros j\u00f3venes a divertirse sanamente, mientras seguimos profundizando en nuestra relaci\u00f3n con Dios.<\/p>\n<p>El objetivo de este servicio es el de crear un apoyo, un ambiente sano para los chicos que viven esta edad tan delicada, caracterizada por grandes metamorfosis (f\u00edsicas, ps\u00edquicas, afectivas) en un tiempo relativamente breve, durante la cual se expande el horizonte de sus relaciones sociales, (entrada en el instituto, mayor independencia de la familia, nuevas amistades, etc.), con una frecuente contraposici\u00f3n con las figuras paterna y materna.<\/p>\n<figure id=\"attachment_1313\" aria-describedby=\"caption-attachment-1313\" style=\"width: 780px\" class=\"wp-caption aligncenter\"><img loading=\"lazy\" decoding=\"async\" class=\"size-large wp-image-1313\" src=\"https:\/\/smporres.archimadrid.es\/wp-content\/uploads\/2018\/05\/IMG_2864-1024x768.jpg\" alt=\"\" width=\"780\" height=\"585\" srcset=\"https:\/\/smporres.archimadrid.es\/wp-content\/uploads\/2018\/05\/IMG_2864-1024x768.jpg 1024w, https:\/\/smporres.archimadrid.es\/wp-content\/uploads\/2018\/05\/IMG_2864-300x225.jpg 300w, https:\/\/smporres.archimadrid.es\/wp-content\/uploads\/2018\/05\/IMG_2864-768x576.jpg 768w\" sizes=\"auto, (max-width: 780px) 100vw, 780px\" \/><figcaption id=\"caption-attachment-1313\" class=\"wp-caption-text\">Excursi\u00f3n a esquiar.<\/figcaption><\/figure>\n<p>Este desarrollo desemboca en la b\u00fasqueda de amistades y de puntos de referencia nuevos con respecto a los anteriores, sobre todo con respecto a la familia de origen; por eso, la presencia de una familia de padrinos que haga de \u201camortiguador\u201d cooperando a la obra educativa de los padres, resulta de gran eficacia.<\/p>\n<figure id=\"attachment_1290\" aria-describedby=\"caption-attachment-1290\" style=\"width: 780px\" class=\"wp-caption aligncenter\"><img loading=\"lazy\" decoding=\"async\" class=\"wp-image-1290 size-large\" src=\"https:\/\/smporres.archimadrid.es\/wp-content\/uploads\/2018\/05\/IMG_3520-1024x768.jpg\" alt=\"\" width=\"780\" height=\"585\" srcset=\"https:\/\/smporres.archimadrid.es\/wp-content\/uploads\/2018\/05\/IMG_3520-1024x768.jpg 1024w, https:\/\/smporres.archimadrid.es\/wp-content\/uploads\/2018\/05\/IMG_3520-300x225.jpg 300w, https:\/\/smporres.archimadrid.es\/wp-content\/uploads\/2018\/05\/IMG_3520-768x576.jpg 768w\" sizes=\"auto, (max-width: 780px) 100vw, 780px\" \/><figcaption id=\"caption-attachment-1290\" class=\"wp-caption-text\">Praga. Peregrinaci\u00f3n JMJ Cracovia 2016.<\/figcaption><\/figure>\n<h2><\/h2>\n<h2 style=\"text-align: center;\"><strong>CONFIRMACI\u00d3N<\/strong><\/h2>\n<p>Con los chicos de 11 a 13 a\u00f1os, nos reunimos todos los viernes a las 18:00 h y nos preparamos para recibir el sacramento de la Confirmaci\u00f3n.<\/p>\n<p><img loading=\"lazy\" decoding=\"async\" class=\"size-large wp-image-519\" src=\"https:\/\/smporres.archimadrid.es\/wp-content\/uploads\/2018\/03\/DSC_0042-1024x680.jpg\" alt=\"\" width=\"780\" height=\"518\" srcset=\"https:\/\/smporres.archimadrid.es\/wp-content\/uploads\/2018\/03\/DSC_0042-1024x680.jpg 1024w, https:\/\/smporres.archimadrid.es\/wp-content\/uploads\/2018\/03\/DSC_0042-300x199.jpg 300w, https:\/\/smporres.archimadrid.es\/wp-content\/uploads\/2018\/03\/DSC_0042-768x510.jpg 768w\" sizes=\"auto, (max-width: 780px) 100vw, 780px\" \/><\/p>\n<p>Confirmaciones a\u00f1o 2015<\/p>\n<blockquote>\n<h2 style=\"text-align: center;\"><strong style=\"color: revert; font-size: revert;\"><span style=\"color: #131313; font-size: 24px; font-weight: 600;\">POST-CONFIRMACI\u00d3N<\/span><\/strong><\/h2>\n<\/blockquote>\n<p>Despu\u00e9s de la Confirmaci\u00f3n, les seguimos acompa\u00f1ando con la Post-Confirmaci\u00f3n, todos los viernes a las 19:30 h.<\/p>\n<p><img loading=\"lazy\" decoding=\"async\" class=\"size-large wp-image-1287\" style=\"font-family: Lato; font-size: 16px;\" src=\"https:\/\/smporres.archimadrid.es\/wp-content\/uploads\/2018\/05\/IMG_3572-1024x768.jpg\" alt=\"\" width=\"780\" height=\"585\" srcset=\"https:\/\/smporres.archimadrid.es\/wp-content\/uploads\/2018\/05\/IMG_3572-1024x768.jpg 1024w, https:\/\/smporres.archimadrid.es\/wp-content\/uploads\/2018\/05\/IMG_3572-300x225.jpg 300w, https:\/\/smporres.archimadrid.es\/wp-content\/uploads\/2018\/05\/IMG_3572-768x576.jpg 768w\" sizes=\"auto, (max-width: 780px) 100vw, 780px\" \/><span style=\"font-size: 14px;\">Encuentro con el Papa Francisco. JMJ Cracovia 2016.<\/span><\/p>\n<p><iframe loading=\"lazy\" title=\"Peregrinaci\u00f3n a Cracovia 2016\" width=\"780\" height=\"439\" src=\"https:\/\/www.youtube.com\/embed\/40eoczSJUbo?feature=oembed\" frameborder=\"0\" allow=\"accelerometer; autoplay; clipboard-write; encrypted-media; gyroscope; picture-in-picture; web-share\" referrerpolicy=\"strict-origin-when-cross-origin\" allowfullscreen><\/iframe><\/p>\n<blockquote>\n<p style=\"text-align: center;\">\n<\/blockquote>\n","protected":false},"excerpt":{"rendered":"<p>Despu\u00e9s de recibir la primera comuni\u00f3n, todos necesitamos continuar nuestra relaci\u00f3n con Jes\u00fas y crear un grupo de amigos que nos ayude a crecer juntos y junto a \u00e9l. Por [&hellip;]<\/p>\n","protected":false},"author":1,"featured_media":548,"parent":0,"menu_order":0,"comment_status":"closed","ping_status":"closed","template":"","meta":{"footnotes":""},"class_list":["post-412","page","type-page","status-publish","has-post-thumbnail","hentry"],"_links":{"self":[{"href":"https:\/\/smporres.archimadrid.es\/index.php?rest_route=\/wp\/v2\/pages\/412","targetHints":{"allow":["GET"]}}],"collection":[{"href":"https:\/\/smporres.archimadrid.es\/index.php?rest_route=\/wp\/v2\/pages"}],"about":[{"href":"https:\/\/smporres.archimadrid.es\/index.php?rest_route=\/wp\/v2\/types\/page"}],"author":[{"embeddable":true,"href":"https:\/\/smporres.archimadrid.es\/index.php?rest_route=\/wp\/v2\/users\/1"}],"replies":[{"embeddable":true,"href":"https:\/\/smporres.archimadrid.es\/index.php?rest_route=%2Fwp%2Fv2%2Fcomments&post=412"}],"version-history":[{"count":40,"href":"https:\/\/smporres.archimadrid.es\/index.php?rest_route=\/wp\/v2\/pages\/412\/revisions"}],"predecessor-version":[{"id":4945,"href":"https:\/\/smporres.archimadrid.es\/index.php?rest_route=\/wp\/v2\/pages\/412\/revisions\/4945"}],"wp:featuredmedia":[{"embeddable":true,"href":"https:\/\/smporres.archimadrid.es\/index.php?rest_route=\/wp\/v2\/media\/548"}],"wp:attachment":[{"href":"https:\/\/smporres.archimadrid.es\/index.php?rest_route=%2Fwp%2Fv2%2Fmedia&parent=412"}],"curies":[{"name":"wp","href":"https:\/\/api.w.org\/{rel}","templated":true}]}}

Confirmación y Post-Confirmación

<p>Después de recibir la primera comunión, todos necesitamos continuar nuestra relación con Jesús y crear un grupo de amigos que nos ayude a crecer juntos y junto a él.</p>
<figure id="attachment_1311" aria-describedby="caption-attachment-1311" style="width: 780px" class="wp-caption aligncenter"><img loading="lazy" decoding="async" class="size-large wp-image-1311" src="https://smporres.archimadrid.es/wp-content/uploads/2018/05/IMG_3164-1024x768.jpg" alt="" width="780" height="585" srcset="https://smporres.archimadrid.es/wp-content/uploads/2018/05/IMG_3164-1024x768.jpg 1024w, https://smporres.archimadrid.es/wp-content/uploads/2018/05/IMG_3164-300x225.jpg 300w, https://smporres.archimadrid.es/wp-content/uploads/2018/05/IMG_3164-768x576.jpg 768w" sizes="auto, (max-width: 780px) 100vw, 780px" /><figcaption id="caption-attachment-1311" class="wp-caption-text">Visita a la Iglesia de San Andrés de Madrid.</figcaption></figure>
<p>Por eso, hemos iniciado los grupos de Confirmación y Post-Confirmación, para ayudar a nuestros jóvenes a divertirse sanamente, mientras seguimos profundizando en nuestra relación con Dios.</p>
<p>El objetivo de este servicio es el de crear un apoyo, un ambiente sano para los chicos que viven esta edad tan delicada, caracterizada por grandes metamorfosis (físicas, psíquicas, afectivas) en un tiempo relativamente breve, durante la cual se expande el horizonte de sus relaciones sociales, (entrada en el instituto, mayor independencia de la familia, nuevas amistades, etc.), con una frecuente contraposición con las figuras paterna y materna.</p>
<figure id="attachment_1313" aria-describedby="caption-attachment-1313" style="width: 780px" class="wp-caption aligncenter"><img loading="lazy" decoding="async" class="size-large wp-image-1313" src="https://smporres.archimadrid.es/wp-content/uploads/2018/05/IMG_2864-1024x768.jpg" alt="" width="780" height="585" srcset="https://smporres.archimadrid.es/wp-content/uploads/2018/05/IMG_2864-1024x768.jpg 1024w, https://smporres.archimadrid.es/wp-content/uploads/2018/05/IMG_2864-300x225.jpg 300w, https://smporres.archimadrid.es/wp-content/uploads/2018/05/IMG_2864-768x576.jpg 768w" sizes="auto, (max-width: 780px) 100vw, 780px" /><figcaption id="caption-attachment-1313" class="wp-caption-text">Excursión a esquiar.</figcaption></figure>
<p>Este desarrollo desemboca en la búsqueda de amistades y de puntos de referencia nuevos con respecto a los anteriores, sobre todo con respecto a la familia de origen; por eso, la presencia de una familia de padrinos que haga de “amortiguador” cooperando a la obra educativa de los padres, resulta de gran eficacia.</p>
<figure id="attachment_1290" aria-describedby="caption-attachment-1290" style="width: 780px" class="wp-caption aligncenter"><img loading="lazy" decoding="async" class="wp-image-1290 size-large" src="https://smporres.archimadrid.es/wp-content/uploads/2018/05/IMG_3520-1024x768.jpg" alt="" width="780" height="585" srcset="https://smporres.archimadrid.es/wp-content/uploads/2018/05/IMG_3520-1024x768.jpg 1024w, https://smporres.archimadrid.es/wp-content/uploads/2018/05/IMG_3520-300x225.jpg 300w, https://smporres.archimadrid.es/wp-content/uploads/2018/05/IMG_3520-768x576.jpg 768w" sizes="auto, (max-width: 780px) 100vw, 780px" /><figcaption id="caption-attachment-1290" class="wp-caption-text">Praga. Peregrinación JMJ Cracovia 2016.</figcaption></figure>
<h2></h2>
<h2 style="text-align: center;"><strong>CONFIRMACIÓN</strong></h2>
<p>Con los chicos de 11 a 13 años, nos reunimos todos los viernes a las 18:00 h y nos preparamos para recibir el sacramento de la Confirmación.</p>
<p><img loading="lazy" decoding="async" class="size-large wp-image-519" src="https://smporres.archimadrid.es/wp-content/uploads/2018/03/DSC_0042-1024x680.jpg" alt="" width="780" height="518" srcset="https://smporres.archimadrid.es/wp-content/uploads/2018/03/DSC_0042-1024x680.jpg 1024w, https://smporres.archimadrid.es/wp-content/uploads/2018/03/DSC_0042-300x199.jpg 300w, https://smporres.archimadrid.es/wp-content/uploads/2018/03/DSC_0042-768x510.jpg 768w" sizes="auto, (max-width: 780px) 100vw, 780px" /></p>
<p>Confirmaciones año 2015</p>
<blockquote>
<h2 style="text-align: center;"><strong style="color: revert; font-size: revert;"><span style="color: #131313; font-size: 24px; font-weight: 600;">POST-CONFIRMACIÓN</span></strong></h2>
</blockquote>
<p>Después de la Confirmación, les seguimos acompañando con la Post-Confirmación, todos los viernes a las 19:30 h.</p>
<p><img loading="lazy" decoding="async" class="size-large wp-image-1287" style="font-family: Lato; font-size: 16px;" src="https://smporres.archimadrid.es/wp-content/uploads/2018/05/IMG_3572-1024x768.jpg" alt="" width="780" height="585" srcset="https://smporres.archimadrid.es/wp-content/uploads/2018/05/IMG_3572-1024x768.jpg 1024w, https://smporres.archimadrid.es/wp-content/uploads/2018/05/IMG_3572-300x225.jpg 300w, https://smporres.archimadrid.es/wp-content/uploads/2018/05/IMG_3572-768x576.jpg 768w" sizes="auto, (max-width: 780px) 100vw, 780px" /><span style="font-size: 14px;">Encuentro con el Papa Francisco. JMJ Cracovia 2016.</span></p>
<p><iframe loading="lazy" title="Peregrinación a Cracovia 2016" width="780" height="439" src="https://www.youtube.com/embed/40eoczSJUbo?feature=oembed" frameborder="0" allow="accelerometer; autoplay; clipboard-write; encrypted-media; gyroscope; picture-in-picture; web-share" referrerpolicy="strict-origin-when-cross-origin" allowfullscreen></iframe></p>
<blockquote>
<p style="text-align: center;">
</blockquote>

<p>Después de recibir la primera comunión, todos necesitamos continuar nuestra relación con Jesús y crear un grupo de amigos que nos ayude a crecer juntos y junto a él. Por [&hellip;]</p>
