{"id":4087,"date":"2020-06-10T17:44:21","date_gmt":"2020-06-10T15:44:21","guid":{"rendered":"https:\/\/smporres.archimadrid.es\/?page_id=4087"},"modified":"2020-06-12T17:25:28","modified_gmt":"2020-06-12T15:25:28","slug":"libro-de-cantos","status":"publish","type":"page","link":"https:\/\/smporres.archimadrid.es\/?page_id=4087","title":{"rendered":"Libro de cantos"},"content":{"rendered":"\n<ul class=\"wp-block-list\"><li><a href=\"https:\/\/smporres.archimadrid.es\/?page_id=3468\">1. ACERQU\u00c9MONOS TODOS AL ALTAR<\/a><\/li><li><a href=\"https:\/\/smporres.archimadrid.es\/?page_id=3470\">2. ACU\u00c9RDATE DE JESUCRISTO<\/a><\/li><li><a href=\"https:\/\/smporres.archimadrid.es\/?page_id=3472\">3. A DIOS DEN GRACIAS LOS PUEBLOS<\/a><\/li><li><a href=\"https:\/\/smporres.archimadrid.es\/?page_id=3476\">4. ADORO TE DEVOTE<\/a><\/li><li><a href=\"https:\/\/smporres.archimadrid.es\/?page_id=3478\">5. ALABADO SEA EL SANT\u00cdSIMO<\/a><\/li><li><a href=\"https:\/\/smporres.archimadrid.es\/?page_id=3480\">6. ALABAR\u00c9<\/a><\/li><li><a href=\"https:\/\/smporres.archimadrid.es\/?page_id=3482\">7. AL ATARDECER DE LA VIDA<\/a><\/li><li><a href=\"https:\/\/smporres.archimadrid.es\/?page_id=3484\">8. ALEGRE LA MA\u00d1ANA<\/a><\/li><li><a href=\"https:\/\/smporres.archimadrid.es\/?page_id=3486\">9. ALELUYA (M\u00daSICA COHEN)<\/a><\/li><li><a href=\"https:\/\/smporres.archimadrid.es\/?page_id=3488\">10. ALELUYA, BENDECID AL SE\u00d1OR<\/a><\/li><li><a href=\"https:\/\/smporres.archimadrid.es\/?page_id=3490\">11. ALELUYA PASCUAL<\/a><\/li><li><a href=\"https:\/\/smporres.archimadrid.es\/?page_id=3492\">12. ALMA DE CRISTO<\/a><\/li><li><a href=\"https:\/\/smporres.archimadrid.es\/?page_id=3494\">13. ALMA MISIONERA<\/a><\/li><li><a href=\"https:\/\/smporres.archimadrid.es\/?page_id=3496\">14. ALMA REDEMPTORIS MATER<\/a><\/li><li><a href=\"https:\/\/smporres.archimadrid.es\/?page_id=3498\">15. ALREDEDOR DE TU MESA<\/a><\/li><li><a href=\"https:\/\/smporres.archimadrid.es\/?page_id=3500\">16. ALZAOS, PUERTAS<\/a><\/li><li><a href=\"https:\/\/smporres.archimadrid.es\/?page_id=3502\">17. ANTES DE SER LLEVADO A LA MUERTE<\/a><\/li><li><a href=\"https:\/\/smporres.archimadrid.es\/?page_id=3504\">18. ANUNCIAREMOS TU REINO<\/a><\/li><li><a href=\"https:\/\/smporres.archimadrid.es\/?page_id=3506\">19. AVE REGINA CAELORUM<\/a><\/li><li><a href=\"https:\/\/smporres.archimadrid.es\/?page_id=3508\">20. A TI LEVANTO MIS OJOS<\/a><\/li><li><a href=\"https:\/\/smporres.archimadrid.es\/?page_id=3510\">21. BENDIGAMOS AL SE\u00d1OR<\/a><\/li><li><a href=\"https:\/\/smporres.archimadrid.es\/?page_id=3513\">22. BENDITA ERES T\u00da, MAR\u00cdA<\/a><\/li><li><a href=\"https:\/\/smporres.archimadrid.es\/?page_id=3515\">23. CAMINAR\u00c9 EN PRESENCIA DEL SE\u00d1OR<\/a><\/li><li><a href=\"https:\/\/smporres.archimadrid.es\/?page_id=3517\">24. CANTEMOS AL AMOR DE LOS AMORES<\/a><\/li><li><a href=\"https:\/\/smporres.archimadrid.es\/?page_id=3519\">25. CELEBREMOS UNIDOS<\/a><\/li><li><a href=\"https:\/\/smporres.archimadrid.es\/?page_id=3521\">26. CERCA DE TI, SE\u00d1OR<\/a><\/li><li><a href=\"https:\/\/smporres.archimadrid.es\/?page_id=3523\">27. COMO BROTES DE OLIVO<\/a><\/li><li><a href=\"https:\/\/smporres.archimadrid.es\/?page_id=3525\">28. COMO EL PADRE ME AM\u00d3<\/a><\/li><li><a href=\"https:\/\/smporres.archimadrid.es\/?page_id=3527\">29. CON VOSOTROS EST\u00c1<\/a><\/li><li><a href=\"https:\/\/smporres.archimadrid.es\/?page_id=3529\">30. CORONA DE ADVIENTO<\/a><\/li><li><a href=\"https:\/\/smporres.archimadrid.es\/?page_id=3532\">31. CRISTO LIBERTADOR<\/a><\/li><li><a href=\"https:\/\/smporres.archimadrid.es\/?page_id=3534\">32. CRISTO TE NECESITA PARA AMAR<\/a><\/li><li><a href=\"https:\/\/smporres.archimadrid.es\/?page_id=3536\">33. DANOS UN CORAZ\u00d3N<\/a><\/li><li><a href=\"https:\/\/smporres.archimadrid.es\/?page_id=3538\">34. DESDE LO HONDO<\/a><\/li><li><a href=\"https:\/\/smporres.archimadrid.es\/?page_id=3540\">35. DIJO QUE S\u00cd MAR\u00cdA<\/a><\/li><li><a href=\"https:\/\/smporres.archimadrid.es\/?page_id=3543\">36. DIOS ES FIEL<\/a><\/li><li><a href=\"https:\/\/smporres.archimadrid.es\/?page_id=3545\">37. DIOS ESTA AQU\u00cd<\/a><\/li><li><a href=\"https:\/\/smporres.archimadrid.es\/?page_id=3547\">38. DONDE HAY CARIDAD Y AMOR<\/a><\/li><li><a href=\"https:\/\/smporres.archimadrid.es\/?page_id=3549\">39. EL ALFARERO<\/a><\/li><li><a href=\"https:\/\/smporres.archimadrid.es\/?page_id=3551\">40. EL PASTOR Y LA OVEJA DESOBEDIENTE<\/a><\/li><li><a href=\"https:\/\/smporres.archimadrid.es\/?page_id=3553\">41. EL QUE MUERE POR M\u00cd<\/a><\/li><li><a href=\"https:\/\/smporres.archimadrid.es\/?page_id=3557\">42. EL SE\u00d1OR DIOS NOS AM\u00d3<\/a><\/li><li><a href=\"https:\/\/smporres.archimadrid.es\/?page_id=3559\">43. EL TRECE DE MAYO<\/a><\/li><li><a href=\"https:\/\/smporres.archimadrid.es\/?page_id=3561\">44. EL SE\u00d1OR NOS LLAMA<\/a><\/li><li><a href=\"https:\/\/smporres.archimadrid.es\/?page_id=3563\">45. EL VENDR\u00c1 Y TE SALVAR\u00c1<\/a><\/li><li><a href=\"https:\/\/smporres.archimadrid.es\/?page_id=3565\">46. ENTRE TUS MANOS<\/a><\/li><li><a href=\"https:\/\/smporres.archimadrid.es\/?page_id=3568\">47. ENV\u00cdA SE\u00d1OR, TU ESP\u00cdRITU.<\/a><\/li><li><a href=\"https:\/\/smporres.archimadrid.es\/?page_id=3570\">48. ERES M\u00c1S PURA<\/a><\/li><li><a href=\"https:\/\/smporres.archimadrid.es\/?page_id=3572\">49. ESP\u00cdRITU SANTO, VEN, VEN<\/a><\/li><li><a href=\"https:\/\/smporres.archimadrid.es\/?page_id=3574\">50. ESTE PAN Y VINO<\/a><\/li><li><a href=\"https:\/\/smporres.archimadrid.es\/?page_id=3576\">51. GLORIA<\/a><\/li><li><a href=\"https:\/\/smporres.archimadrid.es\/?page_id=3578\">52. GLORIA IN EXCELSIS DEO<\/a><\/li><li><a href=\"https:\/\/smporres.archimadrid.es\/?page_id=3580\">53. HACIA TI, MORADA SANTA<\/a><\/li><li><a href=\"https:\/\/smporres.archimadrid.es\/?page_id=3582\">54. HIMNO A LA VIRGEN DE LA ALMUDENA<\/a><\/li><li><a href=\"https:\/\/smporres.archimadrid.es\/?page_id=3584\">55. HIMNO A SAN MART\u00cdN DE PORRES<\/a><\/li><li><a href=\"https:\/\/smporres.archimadrid.es\/?page_id=3586\">56. HOMBRES NUEVOS<\/a><\/li><li><a href=\"https:\/\/smporres.archimadrid.es\/?page_id=3588\">57. HOY EL SE\u00d1OR RESUCIT\u00d3<\/a><\/li><li><a href=\"https:\/\/smporres.archimadrid.es\/?page_id=3590\">58. HOY HE VUELTO<\/a><\/li><li><a href=\"https:\/\/smporres.archimadrid.es\/?page_id=3592\">59. HOY TE QUIERO CANTAR<\/a><\/li><li><a href=\"https:\/\/smporres.archimadrid.es\/?page_id=3594\">60. ILUM\u00cdNAME, SE\u00d1OR<\/a><\/li><li><a href=\"https:\/\/smporres.archimadrid.es\/?page_id=3596\">61. IGLESIA PEREGRINA<\/a><\/li><li><a href=\"https:\/\/smporres.archimadrid.es\/?page_id=3598\">62. JUNTO A LA CRUZ DE JES\u00daS<\/a><\/li><li><a href=\"https:\/\/smporres.archimadrid.es\/?page_id=3600\">63. JUNTO A TI AL CAER DE LA TARDE<\/a><\/li><li><a href=\"https:\/\/smporres.archimadrid.es\/?page_id=3602\">64. JUNTO A TI, MAR\u00cdA<\/a><\/li><li><a href=\"https:\/\/smporres.archimadrid.es\/?page_id=3604\">65. JUNTOS CANTANDO LA ALEGR\u00cdA<\/a><\/li><li><a href=\"https:\/\/smporres.archimadrid.es\/?page_id=3606\">66. JUNTOS COMO HERMANOS<\/a><\/li><li><a href=\"https:\/\/smporres.archimadrid.es\/?page_id=3608\">67. KYRIE ELEISON<\/a><\/li><li><a href=\"https:\/\/smporres.archimadrid.es\/?page_id=3610\">68. LA MISA ES UNA FIESTA<\/a><\/li><li><a href=\"https:\/\/smporres.archimadrid.es\/?page_id=3612\">69. LA PAZ EST\u00c9 CON VOSOTROS<\/a><\/li><li><a href=\"https:\/\/smporres.archimadrid.es\/?page_id=3614\">70. LA VIRGEN SUE\u00d1A CAMINOS<\/a><\/li><li><a href=\"https:\/\/smporres.archimadrid.es\/?page_id=3616\">71. LEVANTO MIS OJOS A LOS MONTES<\/a><\/li><li><a href=\"https:\/\/smporres.archimadrid.es\/?page_id=3618\">72. LIBERTADOR DE NAZARET<\/a><\/li><li><a href=\"https:\/\/smporres.archimadrid.es\/?page_id=3620\">73. LIBRE<\/a><\/li><li><a href=\"https:\/\/smporres.archimadrid.es\/?page_id=3622\">74. SANTA MAR\u00cdA DEL AM\u00c9N<\/a><\/li><li><a href=\"https:\/\/smporres.archimadrid.es\/?page_id=3624\">75. MADRE DE TODOS LOS HOMBRES<\/a><\/li><li><a href=\"https:\/\/smporres.archimadrid.es\/?page_id=3626\">76. MADRE OYEME<\/a><\/li><li><a href=\"https:\/\/smporres.archimadrid.es\/?page_id=3628\">77. MAGN\u00cdFICAT<\/a><\/li><li><a href=\"https:\/\/smporres.archimadrid.es\/?page_id=3630\">78. MAJESTAD<\/a><\/li><li><a href=\"https:\/\/smporres.archimadrid.es\/?page_id=3632\">79. MART\u00cdN, EL M\u00c1S PEQUE\u00d1O<\/a><\/li><li><a href=\"https:\/\/smporres.archimadrid.es\/?page_id=3634\">80. ME HAS SEDUCIDO<\/a><\/li><li><a href=\"https:\/\/smporres.archimadrid.es\/?page_id=3636\">81. ME INVOCAR\u00c1 Y LO ESCUCHAR\u00c9<\/a><\/li><li><a href=\"https:\/\/smporres.archimadrid.es\/?page_id=3638\">82. MI ALMA GLORIFICA AL SE\u00d1OR<\/a><\/li><li><a href=\"https:\/\/smporres.archimadrid.es\/?page_id=3640\">83. NADA TE TURBE (TAIZ\u00c9)<\/a><\/li><li><a href=\"https:\/\/smporres.archimadrid.es\/?page_id=3642\">84. NO ADOR\u00c9IS A NADIE<\/a><\/li><li><a href=\"https:\/\/smporres.archimadrid.es\/?page_id=3644\">85. NO PODEMOS CAMINAR<\/a><\/li><li><a href=\"https:\/\/smporres.archimadrid.es\/?page_id=3646\">86. NO S\u00c9 C\u00d3MO ALABARTE<\/a><\/li><li><a href=\"https:\/\/smporres.archimadrid.es\/?page_id=3649\">87. OFREZCAN LOS CRISTIANOS<\/a><\/li><li><a href=\"https:\/\/smporres.archimadrid.es\/?page_id=3652\">88. \u00a1OH BUEN JES\u00daS!<\/a><\/li><li><a href=\"https:\/\/smporres.archimadrid.es\/?page_id=3654\">89. OH, SE\u00d1OR, ENVIA TU ESPIRITU<\/a><\/li><li><a href=\"https:\/\/smporres.archimadrid.es\/?page_id=3656\">90. PANGE LINGUA<\/a><\/li><li><a href=\"https:\/\/smporres.archimadrid.es\/?page_id=3658\">91. PATER NOSTER<\/a><\/li><li><a href=\"https:\/\/smporres.archimadrid.es\/?page_id=3660\">92. PAZ EN LA TIERRA<\/a><\/li><li><a href=\"https:\/\/smporres.archimadrid.es\/?page_id=3662\">93. PENTECOST\u00c9S<\/a><\/li><li><a href=\"https:\/\/smporres.archimadrid.es\/?page_id=3664\">94. PESCADOR DE HOMBRES<\/a><\/li><li><a href=\"https:\/\/smporres.archimadrid.es\/?page_id=3666\">95. PERDONA A TU PUEBLO<\/a><\/li><li><a href=\"https:\/\/smporres.archimadrid.es\/?page_id=3668\">96. PEQUE\u00d1A MAR\u00cdA<\/a><\/li><li><a href=\"https:\/\/smporres.archimadrid.es\/?page_id=3670\">97. POR LOS NI\u00d1OS<\/a><\/li><li><a href=\"https:\/\/smporres.archimadrid.es\/?page_id=3672\">98. PUEBLO DE REYES<\/a><\/li><li><a href=\"https:\/\/smporres.archimadrid.es\/?page_id=3674\">99. QUE ALEGR\u00cdA CUANDO ME DIJERON<\/a><\/li><li><a href=\"https:\/\/smporres.archimadrid.es\/?page_id=3677\">100. QUE DETALLE, SE\u00d1OR<\/a><\/li><li><a href=\"https:\/\/smporres.archimadrid.es\/?page_id=3679\">101. \u00bfQUI\u00c9N SER\u00c1 LA MUJER?<\/a><\/li><li><a href=\"https:\/\/smporres.archimadrid.es\/?page_id=3681\">102. QUIERO ALABARTE<\/a><\/li><li><a href=\"https:\/\/smporres.archimadrid.es\/?page_id=3683\">103. REGINA C\u00c6LI<\/a><\/li><li><a href=\"https:\/\/smporres.archimadrid.es\/?page_id=3685\">104. REINA DEL CIELO<\/a><\/li><li><a href=\"https:\/\/smporres.archimadrid.es\/?page_id=3687\">105. RESUCIT\u00d3<\/a><\/li><li><a href=\"https:\/\/smporres.archimadrid.es\/?page_id=3689\">106. REUNIDOS EN EL NOMBRE DEL SE\u00d1OR<\/a><\/li><li><a href=\"https:\/\/smporres.archimadrid.es\/?page_id=3691\">107. SABER QUE VENDR\u00c1S<\/a><\/li><li><a href=\"https:\/\/smporres.archimadrid.es\/?page_id=3693\">108. SALVE, MADRE<\/a><\/li><li><a href=\"https:\/\/smporres.archimadrid.es\/?page_id=3695\">109. SALVE REGINA<\/a><\/li><li><a href=\"https:\/\/smporres.archimadrid.es\/?page_id=3697\">110. SALVE, REINA DE LOS CIELOS<\/a><\/li><li><a href=\"https:\/\/smporres.archimadrid.es\/?page_id=3699\">111. SALVE ROCIERA<\/a><\/li><li><a href=\"https:\/\/smporres.archimadrid.es\/?page_id=3701\">112. SANTA MAR\u00cdA DEL CAMINO<\/a><\/li><li><a href=\"https:\/\/smporres.archimadrid.es\/?page_id=3703\">113. SANTA MAR\u00cdA DE LA ESPERANZA<\/a><\/li><li><a href=\"https:\/\/smporres.archimadrid.es\/?page_id=3705\">114. SANTO (H\u00c4ENDEL)<\/a><\/li><li><a href=\"https:\/\/smporres.archimadrid.es\/?page_id=3707\">115. SANTO (PALAZ\u00d3N)<\/a><\/li><li><a href=\"https:\/\/smporres.archimadrid.es\/?page_id=3709\">116. SANTO (T. ARAG\u00dcES)<\/a><\/li><li><a href=\"https:\/\/smporres.archimadrid.es\/?page_id=3711\">117. SE\u00d1OR, DIOS NUESTRO<\/a><\/li><li><a href=\"https:\/\/smporres.archimadrid.es\/?page_id=3714\">118. SI ME FALTA EL AMOR<\/a><\/li><li><a href=\"https:\/\/smporres.archimadrid.es\/?page_id=3717\">119. S\u00cd, ME LEVANTAR\u00c9<\/a><\/li><li><a href=\"https:\/\/smporres.archimadrid.es\/?page_id=3719\">120. SI TIENES FE<\/a><\/li><li><a href=\"https:\/\/smporres.archimadrid.es\/?page_id=3721\">121. SOIS LA SEMILLA (TESTIGOS)<\/a><\/li><li><a href=\"https:\/\/smporres.archimadrid.es\/?page_id=3723\">122. SOMOS UN PUEBLO QUE CAMINA<\/a><\/li><li><a href=\"https:\/\/smporres.archimadrid.es\/?page_id=3725\">123. SUB TUUM PRAESIDIUM<\/a><\/li><li><a href=\"https:\/\/smporres.archimadrid.es\/?page_id=3727\">124. TAN CERCA DE M\u00cd<\/a><\/li><li><a href=\"https:\/\/smporres.archimadrid.es\/?page_id=3729\">125. TANTUM ERGO SACRAMENTUM<\/a><\/li><li><a href=\"https:\/\/smporres.archimadrid.es\/?page_id=3732\">126. TARDE TE AM\u00c9<\/a><\/li><li><a href=\"https:\/\/smporres.archimadrid.es\/?page_id=3734\">127. TE CONOCIMOS AL PARTIR EL PAN<\/a><\/li><li><a href=\"https:\/\/smporres.archimadrid.es\/?page_id=3736\">128. TE OFRECEMOS SE\u00d1OR<\/a><\/li><li><a href=\"https:\/\/smporres.archimadrid.es\/?page_id=3738\">129. TE PRESENTAMOS EL VINO Y EL PAN<\/a><\/li><li><a href=\"https:\/\/smporres.archimadrid.es\/?page_id=3740\">130. TOMADO DE LA MANO<\/a><\/li><li><a href=\"https:\/\/smporres.archimadrid.es\/?page_id=3743\">131. TOMAD, VIRGEN PURA<\/a><\/li><li><a href=\"https:\/\/smporres.archimadrid.es\/?page_id=3745\">132. T\u00da ERES, SE\u00d1OR EL PAN DE VIDA<\/a><\/li><li><a href=\"https:\/\/smporres.archimadrid.es\/?page_id=3747\">133. T\u00da NOS DIJISTE QUE LA MUERTE<\/a><\/li><li><a href=\"https:\/\/smporres.archimadrid.es\/?page_id=3749\">134. TU NOS INVITAS JESUS<\/a><\/li><li><a href=\"https:\/\/smporres.archimadrid.es\/?page_id=3751\">135. TU PALABRA ME DA VIDA<\/a><\/li><li><a href=\"https:\/\/smporres.archimadrid.es\/?page_id=3753\">136. T\u00da QUE SIEMPRE NOS PERDONAS<\/a><\/li><li><a href=\"https:\/\/smporres.archimadrid.es\/?page_id=3755\">137. UNA ESPIGA DORADA<\/a><\/li><li><a href=\"https:\/\/smporres.archimadrid.es\/?page_id=3758\">138. UN MANDAMIENTO NUEVO<\/a><\/li><li><a href=\"https:\/\/smporres.archimadrid.es\/?page_id=3760\">139. UN NI\u00d1O SE TE ACERC\u00d3<\/a><\/li><li><a href=\"https:\/\/smporres.archimadrid.es\/?page_id=3763\">140. UN SOLO SE\u00d1OR<\/a><\/li><li><a href=\"https:\/\/smporres.archimadrid.es\/?page_id=3765\">141. VAMOS A PREPARAR EL CAMINO<\/a><\/li><li><a href=\"https:\/\/smporres.archimadrid.es\/?page_id=3768\">142. VAMOS CANTANDO AL SE\u00d1OR<\/a><\/li><li><a href=\"https:\/\/smporres.archimadrid.es\/?page_id=3770\">143. VEN ESP\u00cdRITU DIVINO<\/a><\/li><li><a href=\"https:\/\/smporres.archimadrid.es\/?page_id=3772\">144. VEN, VEN SE\u00d1OR NO TARDES<\/a><\/li><li><a href=\"https:\/\/smporres.archimadrid.es\/?page_id=3775\">145. VEN, SE\u00d1OR, NO TARDES EN LLEGAR<\/a><\/li><li><a href=\"https:\/\/smporres.archimadrid.es\/?page_id=3777\">146. VENI CREATOR SPIRITUS<\/a><\/li><li><a href=\"https:\/\/smporres.archimadrid.es\/?page_id=3779\">147. VENI CREATOR SPIRITUS (ESPA\u00d1OL)<\/a><\/li><li><a href=\"https:\/\/smporres.archimadrid.es\/?page_id=3781\">148. VENIMOS HOY A TU ALTAR<\/a><\/li><li><a href=\"https:\/\/smporres.archimadrid.es\/?page_id=3783\">149. VICTORIA, T\u00da REINAR\u00c1S<\/a><\/li><li><a href=\"https:\/\/smporres.archimadrid.es\/?page_id=3786\">150. VIENEN CON ALEGR\u00cdA<\/a><\/li><li><a href=\"https:\/\/smporres.archimadrid.es\/?page_id=3788\">151. VIVID ALEGRES<\/a><\/li><li><a href=\"https:\/\/smporres.archimadrid.es\/?page_id=3790\">152. YO TENGO UN GOZO EN EL ALMA<\/a><\/li><li><a href=\"https:\/\/smporres.archimadrid.es\/?page_id=3792\">153. 25 DE DICIEMBRE<\/a><\/li><li><a href=\"https:\/\/smporres.archimadrid.es\/?page_id=3794\">154. ADESTE FIDELES<\/a><\/li><li><a href=\"https:\/\/smporres.archimadrid.es\/?page_id=3796\">155. ALEGR\u00cdA<\/a><\/li><li><a href=\"https:\/\/smporres.archimadrid.es\/?page_id=3798\">156. ALEGR\u00cdA, ALEGR\u00cdA, ALEGR\u00cdA<\/a><\/li><li><a href=\"https:\/\/smporres.archimadrid.es\/?page_id=3800\">157. ALEP\u00daN<\/a><\/li><li><a href=\"https:\/\/smporres.archimadrid.es\/?page_id=3802\">158. ARRE BORRIQUITO<\/a><\/li><li><a href=\"https:\/\/smporres.archimadrid.es\/?page_id=3804\">159. AY DEL CHIQUIRRIT\u00cdN<\/a><\/li><li><a href=\"https:\/\/smporres.archimadrid.es\/?page_id=3806\">160. BURRITO SABANERO<\/a><\/li><li><a href=\"https:\/\/smporres.archimadrid.es\/?page_id=3808\">161. CAMPANA SOBRE CAMPANA<\/a><\/li><li><a href=\"https:\/\/smporres.archimadrid.es\/?page_id=3810\">162. CAMPANILLEROS<\/a><\/li><li><a href=\"https:\/\/smporres.archimadrid.es\/?page_id=3812\">163. CANTABA JOS\u00c9<\/a><\/li><li><a href=\"https:\/\/smporres.archimadrid.es\/?page_id=3814\">164. CANTEMOS A LA BLANCA PALOMA<\/a><\/li><li><a href=\"https:\/\/smporres.archimadrid.es\/?page_id=3816\">165. CARITA DIVINA<\/a><\/li><li><a href=\"https:\/\/smporres.archimadrid.es\/?page_id=3818\">166. DIME NI\u00d1O\u2026<\/a><\/li><li><a href=\"https:\/\/smporres.archimadrid.es\/?page_id=3820\">167. EL TAMBORILERO<\/a><\/li><li><a href=\"https:\/\/smporres.archimadrid.es\/?page_id=3822\">168. EMMANUEL<\/a><\/li><li><a href=\"https:\/\/smporres.archimadrid.es\/?page_id=3824\">169. HACIA BEL\u00c9N VA UNA BURRA<\/a><\/li><li><a href=\"https:\/\/smporres.archimadrid.es\/?page_id=3826\">170. LA MARIMORENA<\/a><\/li><li><a href=\"https:\/\/smporres.archimadrid.es\/?page_id=3829\">171. LA MULA<\/a><\/li><li><a href=\"https:\/\/smporres.archimadrid.es\/?page_id=3831\">172. LOS NI\u00d1OS DE BEL\u00c9N<\/a><\/li><li><a href=\"https:\/\/smporres.archimadrid.es\/?page_id=3833\">173. LOS PECES EN EL R\u00cdO<\/a><\/li><li><a href=\"https:\/\/smporres.archimadrid.es\/?page_id=3835\">174. PASTORCITO DE BELEN<\/a><\/li><li><a href=\"https:\/\/smporres.archimadrid.es\/?page_id=3837\">175. NOCHE ANUNCIADA<\/a><\/li><li><a href=\"https:\/\/smporres.archimadrid.es\/?page_id=3840\">176. NOCHE DE PAZ<\/a><\/li><li><a href=\"https:\/\/smporres.archimadrid.es\/?page_id=3842\">177. PASTORES VENID<\/a><\/li><li><a href=\"https:\/\/smporres.archimadrid.es\/?page_id=3844\">178. RIU, RIU, CHIU<\/a><\/li><li><a href=\"https:\/\/smporres.archimadrid.es\/?page_id=3846\">179. YA VIENE MI DIOS<\/a><\/li><li><a href=\"https:\/\/smporres.archimadrid.es\/?page_id=3848\">180. YA VIENEN LOS REYES<\/a><\/li><li><a href=\"https:\/\/smporres.archimadrid.es\/?page_id=3850\">181. YA VIENEN LOS REYES MAGOS<\/a><\/li><\/ul>\n","protected":false},"excerpt":{"rendered":"<p>1. ACERQU\u00c9MONOS TODOS AL ALTAR 2. ACU\u00c9RDATE DE JESUCRISTO 3. A DIOS DEN GRACIAS LOS PUEBLOS 4. ADORO TE DEVOTE 5. ALABADO SEA EL SANT\u00cdSIMO 6. ALABAR\u00c9 7. AL ATARDECER [&hellip;]<\/p>\n","protected":false},"author":1,"featured_media":4102,"parent":0,"menu_order":0,"comment_status":"closed","ping_status":"closed","template":"","meta":{"footnotes":""},"class_list":["post-4087","page","type-page","status-publish","has-post-thumbnail","hentry"],"_links":{"self":[{"href":"https:\/\/smporres.archimadrid.es\/index.php?rest_route=\/wp\/v2\/pages\/4087","targetHints":{"allow":["GET"]}}],"collection":[{"href":"https:\/\/smporres.archimadrid.es\/index.php?rest_route=\/wp\/v2\/pages"}],"about":[{"href":"https:\/\/smporres.archimadrid.es\/index.php?rest_route=\/wp\/v2\/types\/page"}],"author":[{"embeddable":true,"href":"https:\/\/smporres.archimadrid.es\/index.php?rest_route=\/wp\/v2\/users\/1"}],"replies":[{"embeddable":true,"href":"https:\/\/smporres.archimadrid.es\/index.php?rest_route=%2Fwp%2Fv2%2Fcomments&post=4087"}],"version-history":[{"count":1,"href":"https:\/\/smporres.archimadrid.es\/index.php?rest_route=\/wp\/v2\/pages\/4087\/revisions"}],"predecessor-version":[{"id":4088,"href":"https:\/\/smporres.archimadrid.es\/index.php?rest_route=\/wp\/v2\/pages\/4087\/revisions\/4088"}],"wp:featuredmedia":[{"embeddable":true,"href":"https:\/\/smporres.archimadrid.es\/index.php?rest_route=\/wp\/v2\/media\/4102"}],"wp:attachment":[{"href":"https:\/\/smporres.archimadrid.es\/index.php?rest_route=%2Fwp%2Fv2%2Fmedia&parent=4087"}],"curies":[{"name":"wp","href":"https:\/\/api.w.org\/{rel}","templated":true}]}}