{"id":3842,"date":"2020-06-10T16:43:03","date_gmt":"2020-06-10T14:43:03","guid":{"rendered":"https:\/\/smporres.archimadrid.es\/?page_id=3842"},"modified":"2020-06-10T16:43:03","modified_gmt":"2020-06-10T14:43:03","slug":"177-pastores-venid","status":"publish","type":"page","link":"https:\/\/smporres.archimadrid.es\/?page_id=3842","title":{"rendered":"177. PASTORES VENID"},"content":{"rendered":"\n<p>San Jos\u00e9 al Ni\u00f1o Jes\u00fas<br>Un beso le dio en la cara<br>Y el Ni\u00f1o Jes\u00fas le dijo<br>\u00abQue me picas con las barbas\u00bb<\/p>\n\n\n\n<p>PASTORES VENID, PASTORES LLEGAD<br>A ADORAR AL NI\u00d1O, A ADORAR AL NI\u00d1O<br>QUE HA NACIDO YA, QUE HA NACIDO YA.<\/p>\n\n\n\n<p>Oiga usted Se\u00f1or Jos\u00e9<br>No le arrime usted la cara<br>Que se va a asustar el ni\u00f1o<br>Con esas barbas tan largas.<\/p>\n\n\n\n<p>A Jes\u00fas mira Mar\u00eda<br>Y a Mar\u00eda San Jos\u00e9<br>Y Jes\u00fas mira a los dos<br>Y se sonr\u00eden los tres.<\/p>\n","protected":false},"excerpt":{"rendered":"<p>San Jos\u00e9 al Ni\u00f1o Jes\u00fasUn beso le dio en la caraY el Ni\u00f1o Jes\u00fas le dijo\u00abQue me picas con las barbas\u00bb PASTORES VENID, PASTORES LLEGADA ADORAR AL NI\u00d1O, A ADORAR [&hellip;]<\/p>\n","protected":false},"author":1,"featured_media":0,"parent":0,"menu_order":0,"comment_status":"closed","ping_status":"closed","template":"","meta":{"footnotes":""},"class_list":["post-3842","page","type-page","status-publish","hentry"],"_links":{"self":[{"href":"https:\/\/smporres.archimadrid.es\/index.php?rest_route=\/wp\/v2\/pages\/3842","targetHints":{"allow":["GET"]}}],"collection":[{"href":"https:\/\/smporres.archimadrid.es\/index.php?rest_route=\/wp\/v2\/pages"}],"about":[{"href":"https:\/\/smporres.archimadrid.es\/index.php?rest_route=\/wp\/v2\/types\/page"}],"author":[{"embeddable":true,"href":"https:\/\/smporres.archimadrid.es\/index.php?rest_route=\/wp\/v2\/users\/1"}],"replies":[{"embeddable":true,"href":"https:\/\/smporres.archimadrid.es\/index.php?rest_route=%2Fwp%2Fv2%2Fcomments&post=3842"}],"version-history":[{"count":1,"href":"https:\/\/smporres.archimadrid.es\/index.php?rest_route=\/wp\/v2\/pages\/3842\/revisions"}],"predecessor-version":[{"id":3843,"href":"https:\/\/smporres.archimadrid.es\/index.php?rest_route=\/wp\/v2\/pages\/3842\/revisions\/3843"}],"wp:attachment":[{"href":"https:\/\/smporres.archimadrid.es\/index.php?rest_route=%2Fwp%2Fv2%2Fmedia&parent=3842"}],"curies":[{"name":"wp","href":"https:\/\/api.w.org\/{rel}","templated":true}]}}