{"id":3840,"date":"2020-06-10T16:41:52","date_gmt":"2020-06-10T14:41:52","guid":{"rendered":"https:\/\/smporres.archimadrid.es\/?page_id=3840"},"modified":"2020-06-10T16:41:52","modified_gmt":"2020-06-10T14:41:52","slug":"176-noche-de-paz","status":"publish","type":"page","link":"https:\/\/smporres.archimadrid.es\/?page_id=3840","title":{"rendered":"176. NOCHE DE PAZ"},"content":{"rendered":"\n<p>Noche de Dios, noche de paz:<br>claro sol brilla ya,<br>y los \u00e1ngeles cantando est\u00e1n:<br>Gloria a Dios, gloria al Rey celestial.<br>Duerme el Ni\u00f1o Jes\u00fas. (bis)<\/p>\n\n\n\n<p>Noche de paz, noche de Dios:<br>al portal va el pastor,<br>y entre pajas encuentra al Se\u00f1or,<br>es el Verbo que carne tom\u00f3.<br>Duerme el Ni\u00f1o Jes\u00fas. (bis)<\/p>\n\n\n\n<p>Noche de Dios, noche de paz:<br>esplendor inmortal,<br>luz eterna en la noche brill\u00f3:<br>es la gloria del Hijo de Dios.<br>Duerme el Ni\u00f1o Jes\u00fas. (bis)<\/p>\n","protected":false},"excerpt":{"rendered":"<p>Noche de Dios, noche de paz:claro sol brilla ya,y los \u00e1ngeles cantando est\u00e1n:Gloria a Dios, gloria al Rey celestial.Duerme el Ni\u00f1o Jes\u00fas. (bis) Noche de paz, noche de Dios:al portal [&hellip;]<\/p>\n","protected":false},"author":1,"featured_media":0,"parent":0,"menu_order":0,"comment_status":"closed","ping_status":"closed","template":"","meta":{"footnotes":""},"class_list":["post-3840","page","type-page","status-publish","hentry"],"_links":{"self":[{"href":"https:\/\/smporres.archimadrid.es\/index.php?rest_route=\/wp\/v2\/pages\/3840","targetHints":{"allow":["GET"]}}],"collection":[{"href":"https:\/\/smporres.archimadrid.es\/index.php?rest_route=\/wp\/v2\/pages"}],"about":[{"href":"https:\/\/smporres.archimadrid.es\/index.php?rest_route=\/wp\/v2\/types\/page"}],"author":[{"embeddable":true,"href":"https:\/\/smporres.archimadrid.es\/index.php?rest_route=\/wp\/v2\/users\/1"}],"replies":[{"embeddable":true,"href":"https:\/\/smporres.archimadrid.es\/index.php?rest_route=%2Fwp%2Fv2%2Fcomments&post=3840"}],"version-history":[{"count":1,"href":"https:\/\/smporres.archimadrid.es\/index.php?rest_route=\/wp\/v2\/pages\/3840\/revisions"}],"predecessor-version":[{"id":3841,"href":"https:\/\/smporres.archimadrid.es\/index.php?rest_route=\/wp\/v2\/pages\/3840\/revisions\/3841"}],"wp:attachment":[{"href":"https:\/\/smporres.archimadrid.es\/index.php?rest_route=%2Fwp%2Fv2%2Fmedia&parent=3840"}],"curies":[{"name":"wp","href":"https:\/\/api.w.org\/{rel}","templated":true}]}}