{"id":3831,"date":"2020-06-10T16:37:31","date_gmt":"2020-06-10T14:37:31","guid":{"rendered":"https:\/\/smporres.archimadrid.es\/?page_id=3831"},"modified":"2020-06-10T16:37:31","modified_gmt":"2020-06-10T14:37:31","slug":"172-los-ninos-de-belen","status":"publish","type":"page","link":"https:\/\/smporres.archimadrid.es\/?page_id=3831","title":{"rendered":"172. LOS NI\u00d1OS DE BEL\u00c9N"},"content":{"rendered":"\n<p>Ni\u00f1os:<br>Los ni\u00f1os de Bel\u00e9n est\u00e1n jugando en la plaza<br>llegan ya los reyes magos que son uno, dos y tres.<br>De d\u00f3nde ven\u00eds vosotros, con caballos y camellos,<br>\u00bfqui\u00e9nes sois?, \u00bfqui\u00e9nes sois? \u00bfqu\u00e9 ven\u00eds a hacer aqu\u00ed?<\/p>\n\n\n\n<p>Rey:<br>Yo vengo del oriente lejano.<br>del pa\u00eds de las flores y perfumes,<br>y de noche no puedo dormir,<br>porque he visto una estrella, una estrella en el cielo.<\/p>\n\n\n\n<p>Ni\u00f1os:<br>Y de noche no puedes dormir<br>Porque has visto una estrella, una estrella en el cielo.<\/p>\n\n\n\n<p>Los ni\u00f1os de Bel\u00e9n \u2026<\/p>\n\n\n\n<p>Rey:<br>Yo vengo del oriente lejano<br>del pa\u00eds del oro y de la plata.<br>y de noche no puedo dormir,<br>porque he visto una estrella, una estrella en el cielo.<\/p>\n\n\n\n<p>Ni\u00f1os: Y de noche no puedes dormir\u2026<\/p>\n\n\n\n<p>Los ni\u00f1os de Bel\u00e9n \u2026<\/p>\n\n\n\n<p>Rey:<br>Yo vengo del oriente lejano.<br>del pa\u00eds de los pobres y enfermos,<br>y de noche no puedo dormir,<br>porque he visto una estrella, una estrella en el cielo.<\/p>\n\n\n\n<p>Ni\u00f1os: Y de noche no puedes dormir\u2026<\/p>\n\n\n\n<p>Los ni\u00f1os de Bel\u00e9n est\u00e1n jugando en la plaza<br>llegan ya los reyes magos que son uno, dos y tres.<br>De d\u00f3nde ven\u00eds vosotros, con incienso, oro y mirra,<br>\u00bfqui\u00e9nes sois?, \u00bfqui\u00e9nes sois? \u00bfqu\u00e9 ven\u00eds a hacer aqu\u00ed?<\/p>\n\n\n\n<p>Reyes:<br>Venimos del oriente lejano<br>hemos visto su estrella aparecer,<br>y venimos para adorar<br>al rey que ha nacido aqu\u00ed en Bel\u00e9n. (bis)<\/p>\n\n\n\n<p>Ni\u00f1os:<br>Los ni\u00f1os de Bel\u00e9n miran todos hacia el cielo<br>a esa estrella que ilumina a la casa de Jes\u00fas.<br>Vamos pronto todos juntos, con caballos y camellos<br>con los Reyes hemos visto d\u00f3nde ha nacido Jes\u00fas.<\/p>\n","protected":false},"excerpt":{"rendered":"<p>Ni\u00f1os:Los ni\u00f1os de Bel\u00e9n est\u00e1n jugando en la plazallegan ya los reyes magos que son uno, dos y tres.De d\u00f3nde ven\u00eds vosotros, con caballos y camellos,\u00bfqui\u00e9nes sois?, \u00bfqui\u00e9nes sois? \u00bfqu\u00e9 [&hellip;]<\/p>\n","protected":false},"author":1,"featured_media":0,"parent":0,"menu_order":0,"comment_status":"closed","ping_status":"closed","template":"","meta":{"footnotes":""},"class_list":["post-3831","page","type-page","status-publish","hentry"],"_links":{"self":[{"href":"https:\/\/smporres.archimadrid.es\/index.php?rest_route=\/wp\/v2\/pages\/3831","targetHints":{"allow":["GET"]}}],"collection":[{"href":"https:\/\/smporres.archimadrid.es\/index.php?rest_route=\/wp\/v2\/pages"}],"about":[{"href":"https:\/\/smporres.archimadrid.es\/index.php?rest_route=\/wp\/v2\/types\/page"}],"author":[{"embeddable":true,"href":"https:\/\/smporres.archimadrid.es\/index.php?rest_route=\/wp\/v2\/users\/1"}],"replies":[{"embeddable":true,"href":"https:\/\/smporres.archimadrid.es\/index.php?rest_route=%2Fwp%2Fv2%2Fcomments&post=3831"}],"version-history":[{"count":1,"href":"https:\/\/smporres.archimadrid.es\/index.php?rest_route=\/wp\/v2\/pages\/3831\/revisions"}],"predecessor-version":[{"id":3832,"href":"https:\/\/smporres.archimadrid.es\/index.php?rest_route=\/wp\/v2\/pages\/3831\/revisions\/3832"}],"wp:attachment":[{"href":"https:\/\/smporres.archimadrid.es\/index.php?rest_route=%2Fwp%2Fv2%2Fmedia&parent=3831"}],"curies":[{"name":"wp","href":"https:\/\/api.w.org\/{rel}","templated":true}]}}

172. LOS NIÑOS DE BELÉN

<p>Niños:<br>Los niños de Belén están jugando en la plaza<br>llegan ya los reyes magos que son uno, dos y tres.<br>De dónde venís vosotros, con caballos y camellos,<br>¿quiénes sois?, ¿quiénes sois? ¿qué venís a hacer aquí?</p>



<p>Rey:<br>Yo vengo del oriente lejano.<br>del país de las flores y perfumes,<br>y de noche no puedo dormir,<br>porque he visto una estrella, una estrella en el cielo.</p>



<p>Niños:<br>Y de noche no puedes dormir<br>Porque has visto una estrella, una estrella en el cielo.</p>



<p>Los niños de Belén …</p>



<p>Rey:<br>Yo vengo del oriente lejano<br>del país del oro y de la plata.<br>y de noche no puedo dormir,<br>porque he visto una estrella, una estrella en el cielo.</p>



<p>Niños: Y de noche no puedes dormir…</p>



<p>Los niños de Belén …</p>



<p>Rey:<br>Yo vengo del oriente lejano.<br>del país de los pobres y enfermos,<br>y de noche no puedo dormir,<br>porque he visto una estrella, una estrella en el cielo.</p>



<p>Niños: Y de noche no puedes dormir…</p>



<p>Los niños de Belén están jugando en la plaza<br>llegan ya los reyes magos que son uno, dos y tres.<br>De dónde venís vosotros, con incienso, oro y mirra,<br>¿quiénes sois?, ¿quiénes sois? ¿qué venís a hacer aquí?</p>



<p>Reyes:<br>Venimos del oriente lejano<br>hemos visto su estrella aparecer,<br>y venimos para adorar<br>al rey que ha nacido aquí en Belén. (bis)</p>



<p>Niños:<br>Los niños de Belén miran todos hacia el cielo<br>a esa estrella que ilumina a la casa de Jesús.<br>Vamos pronto todos juntos, con caballos y camellos<br>con los Reyes hemos visto dónde ha nacido Jesús.</p>

<p>Niños:Los niños de Belén están jugando en la plazallegan ya los reyes magos que son uno, dos y tres.De dónde venís vosotros, con caballos y camellos,¿quiénes sois?, ¿quiénes sois? ¿qué [&hellip;]</p>
