{"id":3829,"date":"2020-06-10T16:35:32","date_gmt":"2020-06-10T14:35:32","guid":{"rendered":"https:\/\/smporres.archimadrid.es\/?page_id=3829"},"modified":"2020-06-10T16:35:32","modified_gmt":"2020-06-10T14:35:32","slug":"171-la-mula","status":"publish","type":"page","link":"https:\/\/smporres.archimadrid.es\/?page_id=3829","title":{"rendered":"171. LA MULA"},"content":{"rendered":"\n<p>Tengo que andar con cuidado, piensa la mula,<br>pues llevo sobre m\u00ed a Mar\u00eda y al Ni\u00f1o.<br>Aun no s\u00e9 c\u00f3mo es, mas pronto nacer\u00e1<br>tengo que darme prisa y encontrar un lugar.<\/p>\n\n\n\n<p>QUE SUERTE TENGO, PIENSA LA MULA, VOY A CORRER<br>CONOZCO UN SITIO DONDE QUIZ\u00c1S PUEDA NACER.<br>CORRED PASTORES, ID PREPARANDO AQUEL LUGAR<br>PEDID AYUDA, DENTRO DE NADA VAN A LLEGAR.<\/p>\n\n\n\n<p>Jos\u00e9 va muy preocupado pues hace fr\u00edo,<br>la noche es muy oscura y va a nacer el Ni\u00f1o.<\/p>\n\n\n\n<p>Mar\u00eda le consuela y le dice a Jos\u00e9:<br>ver\u00e1s c\u00f3mo esta noche estaremos los tres.<\/p>\n\n\n\n<p>Tengo que darle mi aliento, piensa la mula,<br>mientras con la mirada no le deja un momento,<br>es un Ni\u00f1o precioso, nunca vi cosa igual,<br>qu\u00e9 milagro tan grande en un pobre portal.<\/p>\n","protected":false},"excerpt":{"rendered":"<p>Tengo que andar con cuidado, piensa la mula,pues llevo sobre m\u00ed a Mar\u00eda y al Ni\u00f1o.Aun no s\u00e9 c\u00f3mo es, mas pronto nacer\u00e1tengo que darme prisa y encontrar un lugar. [&hellip;]<\/p>\n","protected":false},"author":1,"featured_media":0,"parent":0,"menu_order":0,"comment_status":"closed","ping_status":"closed","template":"","meta":{"footnotes":""},"class_list":["post-3829","page","type-page","status-publish","hentry"],"_links":{"self":[{"href":"https:\/\/smporres.archimadrid.es\/index.php?rest_route=\/wp\/v2\/pages\/3829","targetHints":{"allow":["GET"]}}],"collection":[{"href":"https:\/\/smporres.archimadrid.es\/index.php?rest_route=\/wp\/v2\/pages"}],"about":[{"href":"https:\/\/smporres.archimadrid.es\/index.php?rest_route=\/wp\/v2\/types\/page"}],"author":[{"embeddable":true,"href":"https:\/\/smporres.archimadrid.es\/index.php?rest_route=\/wp\/v2\/users\/1"}],"replies":[{"embeddable":true,"href":"https:\/\/smporres.archimadrid.es\/index.php?rest_route=%2Fwp%2Fv2%2Fcomments&post=3829"}],"version-history":[{"count":1,"href":"https:\/\/smporres.archimadrid.es\/index.php?rest_route=\/wp\/v2\/pages\/3829\/revisions"}],"predecessor-version":[{"id":3830,"href":"https:\/\/smporres.archimadrid.es\/index.php?rest_route=\/wp\/v2\/pages\/3829\/revisions\/3830"}],"wp:attachment":[{"href":"https:\/\/smporres.archimadrid.es\/index.php?rest_route=%2Fwp%2Fv2%2Fmedia&parent=3829"}],"curies":[{"name":"wp","href":"https:\/\/api.w.org\/{rel}","templated":true}]}}