{"id":3822,"date":"2020-06-10T16:28:56","date_gmt":"2020-06-10T14:28:56","guid":{"rendered":"https:\/\/smporres.archimadrid.es\/?page_id=3822"},"modified":"2020-06-10T16:28:56","modified_gmt":"2020-06-10T14:28:56","slug":"168-emmanuel","status":"publish","type":"page","link":"https:\/\/smporres.archimadrid.es\/?page_id=3822","title":{"rendered":"168. EMMANUEL"},"content":{"rendered":"\n<p>Un signo os ser\u00e1 dado<br>virgen concebir\u00e1<br>un ni\u00f1o que en s\u00ed lleva<br>toda la divinidad.<br>La Gloria de los pueblos<br>luz que brillar\u00e1:<br>acepten la esperanza<br>en esa dulce realidad.<\/p>\n\n\n\n<p>EMMANUEL, DIOS CON NOSOTROS<br>Y SI EST\u00c1 CONMIGO,<br>\u00bfQUI\u00c9N ESTAR\u00c1 EN CONTRA?<br>DIOS CON NOSOTROS, EMMANUEL.<\/p>\n\n\n\n<p>Para esos que est\u00e1n<br>la sombra mortal<br>su gloriosa luz surge ya.<br>A los que tropiezan<br>en la oscuridad<br>mirad la luz llegar.<\/p>\n\n\n\n<p>Entonces, \u00bfqu\u00e9 respondes?<br>Oir\u00e1s a Dios llamar,<br>aquel que por nosotros<br>a su Hijo va a entregar.<br>Ning\u00fan poder terrestre<br>altura o profundidad<br>podr\u00eda separarnos<br>del amor que Dios nos da.<\/p>\n","protected":false},"excerpt":{"rendered":"<p>Un signo os ser\u00e1 dadovirgen concebir\u00e1un ni\u00f1o que en s\u00ed llevatoda la divinidad.La Gloria de los pueblosluz que brillar\u00e1:acepten la esperanzaen esa dulce realidad. EMMANUEL, DIOS CON NOSOTROSY SI EST\u00c1 [&hellip;]<\/p>\n","protected":false},"author":1,"featured_media":0,"parent":0,"menu_order":0,"comment_status":"closed","ping_status":"closed","template":"","meta":{"footnotes":""},"class_list":["post-3822","page","type-page","status-publish","hentry"],"_links":{"self":[{"href":"https:\/\/smporres.archimadrid.es\/index.php?rest_route=\/wp\/v2\/pages\/3822","targetHints":{"allow":["GET"]}}],"collection":[{"href":"https:\/\/smporres.archimadrid.es\/index.php?rest_route=\/wp\/v2\/pages"}],"about":[{"href":"https:\/\/smporres.archimadrid.es\/index.php?rest_route=\/wp\/v2\/types\/page"}],"author":[{"embeddable":true,"href":"https:\/\/smporres.archimadrid.es\/index.php?rest_route=\/wp\/v2\/users\/1"}],"replies":[{"embeddable":true,"href":"https:\/\/smporres.archimadrid.es\/index.php?rest_route=%2Fwp%2Fv2%2Fcomments&post=3822"}],"version-history":[{"count":1,"href":"https:\/\/smporres.archimadrid.es\/index.php?rest_route=\/wp\/v2\/pages\/3822\/revisions"}],"predecessor-version":[{"id":3823,"href":"https:\/\/smporres.archimadrid.es\/index.php?rest_route=\/wp\/v2\/pages\/3822\/revisions\/3823"}],"wp:attachment":[{"href":"https:\/\/smporres.archimadrid.es\/index.php?rest_route=%2Fwp%2Fv2%2Fmedia&parent=3822"}],"curies":[{"name":"wp","href":"https:\/\/api.w.org\/{rel}","templated":true}]}}

<p>Un signo os será dado<br>virgen concebirá<br>un niño que en sí lleva<br>toda la divinidad.<br>La Gloria de los pueblos<br>luz que brillará:<br>acepten la esperanza<br>en esa dulce realidad.</p>



<p>EMMANUEL, DIOS CON NOSOTROS<br>Y SI ESTÁ CONMIGO,<br>¿QUIÉN ESTARÁ EN CONTRA?<br>DIOS CON NOSOTROS, EMMANUEL.</p>



<p>Para esos que están<br>la sombra mortal<br>su gloriosa luz surge ya.<br>A los que tropiezan<br>en la oscuridad<br>mirad la luz llegar.</p>



<p>Entonces, ¿qué respondes?<br>Oirás a Dios llamar,<br>aquel que por nosotros<br>a su Hijo va a entregar.<br>Ningún poder terrestre<br>altura o profundidad<br>podría separarnos<br>del amor que Dios nos da.</p>

<p>Un signo os será dadovirgen concebiráun niño que en sí llevatoda la divinidad.La Gloria de los pueblosluz que brillará:acepten la esperanzaen esa dulce realidad. EMMANUEL, DIOS CON NOSOTROSY SI ESTÁ [&hellip;]</p>
