{"id":3814,"date":"2020-06-10T16:25:16","date_gmt":"2020-06-10T14:25:16","guid":{"rendered":"https:\/\/smporres.archimadrid.es\/?page_id=3814"},"modified":"2020-06-10T16:25:16","modified_gmt":"2020-06-10T14:25:16","slug":"164-cantemos-a-la-blanca-paloma","status":"publish","type":"page","link":"https:\/\/smporres.archimadrid.es\/?page_id=3814","title":{"rendered":"164. CANTEMOS A LA BLANCA PALOMA"},"content":{"rendered":"\n<p>En el cielo se alquilan balcones<br>pa&#8217; un casamiento, que se va a hacer.<br>\u00a1Que se va a hacer, que se va a hacer!<\/p>\n\n\n\n<p>\u00a1Que se casa la Virgen Mar\u00eda<br>con el patriarca, se\u00f1or San Jos\u00e9!<br>\u00a1Se\u00f1or San Jos\u00e9, se\u00f1or San Jos\u00e9!<br>\u00a1Que se casa la Virgen Mar\u00eda<br>con el patriarca, se\u00f1or San Jos\u00e9!<\/p>\n\n\n\n<p>\u00a1Alegr\u00eda, alegr\u00eda, alegr\u00eda! \u00a1Alegr\u00eda, alegr\u00eda y placer!<br>\u00a1Que a pario la Virgen Mar\u00eda, en el portal de Bel\u00e9n!<br>\u00a1Alegr\u00eda, alegr\u00eda, alegr\u00eda! \u00a1Alegr\u00eda, alegr\u00eda y placer!<br>\u00a1Que a pario la Virgen Mar\u00eda, en el portal de Bel\u00e9n!<\/p>\n\n\n\n<p>\u00a1CANTEMOS, CANTEMOS! A LA BLANCA PALOMA<br>\u00a1CANTEMOS, CANTEMOS! A LA MADRE DE DIOS<br>\u00a1CANTEMOS, CANTEMOS! AL NI\u00d1O DEL ROC\u00cdO,<br>\u00a1QUE EST\u00c1 RECI\u00c9N NACIO, VESTIO DE PASTOR!<br>\u00a1QUE EST\u00c1 RECIEN NACIO, VESTIO DE PASTOR!<\/p>\n\n\n\n<p>Pastores venir junto a la pastora<br>\u00a1Que e reina y se\u00f1ora del campo andal\u00fa!<br>Pastores venir junto a la pastora<br>\u00a1Que e reina y se\u00f1ora del campo andal\u00fa!<\/p>\n\n\n\n<p>\u00a1CANTEMOS, CANTEMOS!\u2026<\/p>\n","protected":false},"excerpt":{"rendered":"<p>En el cielo se alquilan balconespa&#8217; un casamiento, que se va a hacer.\u00a1Que se va a hacer, que se va a hacer! \u00a1Que se casa la Virgen Mar\u00edacon el patriarca, [&hellip;]<\/p>\n","protected":false},"author":1,"featured_media":0,"parent":0,"menu_order":0,"comment_status":"closed","ping_status":"closed","template":"","meta":{"footnotes":""},"class_list":["post-3814","page","type-page","status-publish","hentry"],"_links":{"self":[{"href":"https:\/\/smporres.archimadrid.es\/index.php?rest_route=\/wp\/v2\/pages\/3814","targetHints":{"allow":["GET"]}}],"collection":[{"href":"https:\/\/smporres.archimadrid.es\/index.php?rest_route=\/wp\/v2\/pages"}],"about":[{"href":"https:\/\/smporres.archimadrid.es\/index.php?rest_route=\/wp\/v2\/types\/page"}],"author":[{"embeddable":true,"href":"https:\/\/smporres.archimadrid.es\/index.php?rest_route=\/wp\/v2\/users\/1"}],"replies":[{"embeddable":true,"href":"https:\/\/smporres.archimadrid.es\/index.php?rest_route=%2Fwp%2Fv2%2Fcomments&post=3814"}],"version-history":[{"count":1,"href":"https:\/\/smporres.archimadrid.es\/index.php?rest_route=\/wp\/v2\/pages\/3814\/revisions"}],"predecessor-version":[{"id":3815,"href":"https:\/\/smporres.archimadrid.es\/index.php?rest_route=\/wp\/v2\/pages\/3814\/revisions\/3815"}],"wp:attachment":[{"href":"https:\/\/smporres.archimadrid.es\/index.php?rest_route=%2Fwp%2Fv2%2Fmedia&parent=3814"}],"curies":[{"name":"wp","href":"https:\/\/api.w.org\/{rel}","templated":true}]}}

<p>En el cielo se alquilan balcones<br>pa&#8217; un casamiento, que se va a hacer.<br>¡Que se va a hacer, que se va a hacer!</p>



<p>¡Que se casa la Virgen María<br>con el patriarca, señor San José!<br>¡Señor San José, señor San José!<br>¡Que se casa la Virgen María<br>con el patriarca, señor San José!</p>



<p>¡Alegría, alegría, alegría! ¡Alegría, alegría y placer!<br>¡Que a pario la Virgen María, en el portal de Belén!<br>¡Alegría, alegría, alegría! ¡Alegría, alegría y placer!<br>¡Que a pario la Virgen María, en el portal de Belén!</p>



<p>¡CANTEMOS, CANTEMOS! A LA BLANCA PALOMA<br>¡CANTEMOS, CANTEMOS! A LA MADRE DE DIOS<br>¡CANTEMOS, CANTEMOS! AL NIÑO DEL ROCÍO,<br>¡QUE ESTÁ RECIÉN NACIO, VESTIO DE PASTOR!<br>¡QUE ESTÁ RECIEN NACIO, VESTIO DE PASTOR!</p>



<p>Pastores venir junto a la pastora<br>¡Que e reina y señora del campo andalú!<br>Pastores venir junto a la pastora<br>¡Que e reina y señora del campo andalú!</p>



<p>¡CANTEMOS, CANTEMOS!…</p>

<p>En el cielo se alquilan balconespa&#8217; un casamiento, que se va a hacer.¡Que se va a hacer, que se va a hacer! ¡Que se casa la Virgen Maríacon el patriarca, [&hellip;]</p>
