{"id":3800,"date":"2020-06-10T16:17:28","date_gmt":"2020-06-10T14:17:28","guid":{"rendered":"https:\/\/smporres.archimadrid.es\/?page_id=3800"},"modified":"2020-06-10T16:17:28","modified_gmt":"2020-06-10T14:17:28","slug":"157-alepun","status":"publish","type":"page","link":"https:\/\/smporres.archimadrid.es\/?page_id=3800","title":{"rendered":"157. ALEP\u00daN"},"content":{"rendered":"\n<p>La Virgen va caminando y alepun,<br>la Virgen va caminando y alepun,<br>por una monta\u00f1a oscura y alepun<\/p>\n\n\n\n<p>ALEPUN Y ALE ALE PUN<br>Y ALEPUN Y ALE ALE PUN<br>Y ALEPUN CATAP\u00daN.<\/p>\n\n\n\n<p>La Virgen es panadera y alepun,<br>la Virgen es panadera y alepun,<br>quien comiera de su pan y alepun<\/p>\n\n\n\n<p>El ni\u00f1o la est\u00e1 mirando y alepun,<br>el ni\u00f1o la est\u00e1 mirando y alepun,<br>y le pide de este pan y alepun<\/p>\n","protected":false},"excerpt":{"rendered":"<p>La Virgen va caminando y alepun,la Virgen va caminando y alepun,por una monta\u00f1a oscura y alepun ALEPUN Y ALE ALE PUNY ALEPUN Y ALE ALE PUNY ALEPUN CATAP\u00daN. La Virgen [&hellip;]<\/p>\n","protected":false},"author":1,"featured_media":0,"parent":0,"menu_order":0,"comment_status":"closed","ping_status":"closed","template":"","meta":{"footnotes":""},"class_list":["post-3800","page","type-page","status-publish","hentry"],"_links":{"self":[{"href":"https:\/\/smporres.archimadrid.es\/index.php?rest_route=\/wp\/v2\/pages\/3800","targetHints":{"allow":["GET"]}}],"collection":[{"href":"https:\/\/smporres.archimadrid.es\/index.php?rest_route=\/wp\/v2\/pages"}],"about":[{"href":"https:\/\/smporres.archimadrid.es\/index.php?rest_route=\/wp\/v2\/types\/page"}],"author":[{"embeddable":true,"href":"https:\/\/smporres.archimadrid.es\/index.php?rest_route=\/wp\/v2\/users\/1"}],"replies":[{"embeddable":true,"href":"https:\/\/smporres.archimadrid.es\/index.php?rest_route=%2Fwp%2Fv2%2Fcomments&post=3800"}],"version-history":[{"count":1,"href":"https:\/\/smporres.archimadrid.es\/index.php?rest_route=\/wp\/v2\/pages\/3800\/revisions"}],"predecessor-version":[{"id":3801,"href":"https:\/\/smporres.archimadrid.es\/index.php?rest_route=\/wp\/v2\/pages\/3800\/revisions\/3801"}],"wp:attachment":[{"href":"https:\/\/smporres.archimadrid.es\/index.php?rest_route=%2Fwp%2Fv2%2Fmedia&parent=3800"}],"curies":[{"name":"wp","href":"https:\/\/api.w.org\/{rel}","templated":true}]}}