{"id":3796,"date":"2020-06-10T16:13:34","date_gmt":"2020-06-10T14:13:34","guid":{"rendered":"https:\/\/smporres.archimadrid.es\/?page_id=3796"},"modified":"2020-06-10T16:13:34","modified_gmt":"2020-06-10T14:13:34","slug":"155-alegria","status":"publish","type":"page","link":"https:\/\/smporres.archimadrid.es\/?page_id=3796","title":{"rendered":"155. ALEGR\u00cdA"},"content":{"rendered":"\n<p>Hacia Bel\u00e9n, se encaminan,<br>Mar\u00eda con su amante esposo,<br>llevando en su compa\u00f1\u00eda,<br>a todo un Dios poderoso\u2026<\/p>\n\n\n\n<p>ALEGR\u00cdA, ALEGR\u00cdA, ALEGR\u00cdA,<br>ALEGR\u00cdA, ALEGR\u00cdA Y PLACER,<br>QUE LA VIRGEN, VA DE PASO<br>CON SU ESPOSO HACIA BEL\u00c9N\u2026<\/p>\n\n\n\n<p>Los pajarillos del bosque,<br>al ver pasar los esposos,<br>les cantaban melod\u00edas,<br>con sus trinos armoniosos\u2026<\/p>\n","protected":false},"excerpt":{"rendered":"<p>Hacia Bel\u00e9n, se encaminan,Mar\u00eda con su amante esposo,llevando en su compa\u00f1\u00eda,a todo un Dios poderoso\u2026 ALEGR\u00cdA, ALEGR\u00cdA, ALEGR\u00cdA,ALEGR\u00cdA, ALEGR\u00cdA Y PLACER,QUE LA VIRGEN, VA DE PASOCON SU ESPOSO HACIA BEL\u00c9N\u2026 [&hellip;]<\/p>\n","protected":false},"author":1,"featured_media":0,"parent":0,"menu_order":0,"comment_status":"closed","ping_status":"closed","template":"","meta":{"footnotes":""},"class_list":["post-3796","page","type-page","status-publish","hentry"],"_links":{"self":[{"href":"https:\/\/smporres.archimadrid.es\/index.php?rest_route=\/wp\/v2\/pages\/3796","targetHints":{"allow":["GET"]}}],"collection":[{"href":"https:\/\/smporres.archimadrid.es\/index.php?rest_route=\/wp\/v2\/pages"}],"about":[{"href":"https:\/\/smporres.archimadrid.es\/index.php?rest_route=\/wp\/v2\/types\/page"}],"author":[{"embeddable":true,"href":"https:\/\/smporres.archimadrid.es\/index.php?rest_route=\/wp\/v2\/users\/1"}],"replies":[{"embeddable":true,"href":"https:\/\/smporres.archimadrid.es\/index.php?rest_route=%2Fwp%2Fv2%2Fcomments&post=3796"}],"version-history":[{"count":1,"href":"https:\/\/smporres.archimadrid.es\/index.php?rest_route=\/wp\/v2\/pages\/3796\/revisions"}],"predecessor-version":[{"id":3797,"href":"https:\/\/smporres.archimadrid.es\/index.php?rest_route=\/wp\/v2\/pages\/3796\/revisions\/3797"}],"wp:attachment":[{"href":"https:\/\/smporres.archimadrid.es\/index.php?rest_route=%2Fwp%2Fv2%2Fmedia&parent=3796"}],"curies":[{"name":"wp","href":"https:\/\/api.w.org\/{rel}","templated":true}]}}