{"id":3788,"date":"2020-06-10T16:02:22","date_gmt":"2020-06-10T14:02:22","guid":{"rendered":"https:\/\/smporres.archimadrid.es\/?page_id=3788"},"modified":"2020-06-10T16:02:22","modified_gmt":"2020-06-10T14:02:22","slug":"151-vivid-alegres","status":"publish","type":"page","link":"https:\/\/smporres.archimadrid.es\/?page_id=3788","title":{"rendered":"151. VIVID ALEGRES"},"content":{"rendered":"\n<p>VIVID ALEGRES, EL SE\u00d1OR EST\u00c1 CERCA,<br>VIVID ALEGRES, EL SE\u00d1OR EST\u00c1 CERCA.<br>VIVID ALEGRES, EL SE\u00d1OR VIENE YA,<br>Y NOS SALVAR\u00c1, Y NOS SALVAR\u00c1, Y NOS SALVAR\u00c1.<\/p>\n\n\n\n<p>Valor, no tem\u00e1is<br>que el Se\u00f1or viene ya,<br>y nos salvar\u00e1, y nos salvar\u00e1, y nos salvar\u00e1.<\/p>\n","protected":false},"excerpt":{"rendered":"<p>VIVID ALEGRES, EL SE\u00d1OR EST\u00c1 CERCA,VIVID ALEGRES, EL SE\u00d1OR EST\u00c1 CERCA.VIVID ALEGRES, EL SE\u00d1OR VIENE YA,Y NOS SALVAR\u00c1, Y NOS SALVAR\u00c1, Y NOS SALVAR\u00c1. Valor, no tem\u00e1isque el Se\u00f1or viene [&hellip;]<\/p>\n","protected":false},"author":1,"featured_media":0,"parent":0,"menu_order":0,"comment_status":"closed","ping_status":"closed","template":"","meta":{"footnotes":""},"class_list":["post-3788","page","type-page","status-publish","hentry"],"_links":{"self":[{"href":"https:\/\/smporres.archimadrid.es\/index.php?rest_route=\/wp\/v2\/pages\/3788","targetHints":{"allow":["GET"]}}],"collection":[{"href":"https:\/\/smporres.archimadrid.es\/index.php?rest_route=\/wp\/v2\/pages"}],"about":[{"href":"https:\/\/smporres.archimadrid.es\/index.php?rest_route=\/wp\/v2\/types\/page"}],"author":[{"embeddable":true,"href":"https:\/\/smporres.archimadrid.es\/index.php?rest_route=\/wp\/v2\/users\/1"}],"replies":[{"embeddable":true,"href":"https:\/\/smporres.archimadrid.es\/index.php?rest_route=%2Fwp%2Fv2%2Fcomments&post=3788"}],"version-history":[{"count":1,"href":"https:\/\/smporres.archimadrid.es\/index.php?rest_route=\/wp\/v2\/pages\/3788\/revisions"}],"predecessor-version":[{"id":3789,"href":"https:\/\/smporres.archimadrid.es\/index.php?rest_route=\/wp\/v2\/pages\/3788\/revisions\/3789"}],"wp:attachment":[{"href":"https:\/\/smporres.archimadrid.es\/index.php?rest_route=%2Fwp%2Fv2%2Fmedia&parent=3788"}],"curies":[{"name":"wp","href":"https:\/\/api.w.org\/{rel}","templated":true}]}}