{"id":3786,"date":"2020-06-10T16:01:19","date_gmt":"2020-06-10T14:01:19","guid":{"rendered":"https:\/\/smporres.archimadrid.es\/?page_id=3786"},"modified":"2020-06-10T16:01:19","modified_gmt":"2020-06-10T14:01:19","slug":"150-vienen-con-alegria","status":"publish","type":"page","link":"https:\/\/smporres.archimadrid.es\/?page_id=3786","title":{"rendered":"150. VIENEN CON ALEGR\u00cdA"},"content":{"rendered":"\n<p>VIENEN CON ALEGRIA SE\u00d1OR,<br>CANTANDO VIENEN CON ALEGRIA, SE\u00d1OR<br>LOS QUE CAMINAN POR LA VIDA, SE\u00d1OR,<br>SEMBRANDO TU PAZ Y AMOR.<\/p>\n\n\n\n<p>Vienen trayendo la esperanza<br>A un mundo cargado de ansiedad;<br>un mundo que busca y que no alcanza<br>Caminos de amor y de amistad.<\/p>\n\n\n\n<p>Vienen trayendo entre sus manos<br>esfuerzos de hermanos por la paz.<br>Deseos de un mundo m\u00e1s humano<br>que nace del bien y la verdad.<\/p>\n","protected":false},"excerpt":{"rendered":"<p>VIENEN CON ALEGRIA SE\u00d1OR,CANTANDO VIENEN CON ALEGRIA, SE\u00d1ORLOS QUE CAMINAN POR LA VIDA, SE\u00d1OR,SEMBRANDO TU PAZ Y AMOR. Vienen trayendo la esperanzaA un mundo cargado de ansiedad;un mundo que busca [&hellip;]<\/p>\n","protected":false},"author":1,"featured_media":0,"parent":0,"menu_order":0,"comment_status":"closed","ping_status":"closed","template":"","meta":{"footnotes":""},"class_list":["post-3786","page","type-page","status-publish","hentry"],"_links":{"self":[{"href":"https:\/\/smporres.archimadrid.es\/index.php?rest_route=\/wp\/v2\/pages\/3786","targetHints":{"allow":["GET"]}}],"collection":[{"href":"https:\/\/smporres.archimadrid.es\/index.php?rest_route=\/wp\/v2\/pages"}],"about":[{"href":"https:\/\/smporres.archimadrid.es\/index.php?rest_route=\/wp\/v2\/types\/page"}],"author":[{"embeddable":true,"href":"https:\/\/smporres.archimadrid.es\/index.php?rest_route=\/wp\/v2\/users\/1"}],"replies":[{"embeddable":true,"href":"https:\/\/smporres.archimadrid.es\/index.php?rest_route=%2Fwp%2Fv2%2Fcomments&post=3786"}],"version-history":[{"count":1,"href":"https:\/\/smporres.archimadrid.es\/index.php?rest_route=\/wp\/v2\/pages\/3786\/revisions"}],"predecessor-version":[{"id":3787,"href":"https:\/\/smporres.archimadrid.es\/index.php?rest_route=\/wp\/v2\/pages\/3786\/revisions\/3787"}],"wp:attachment":[{"href":"https:\/\/smporres.archimadrid.es\/index.php?rest_route=%2Fwp%2Fv2%2Fmedia&parent=3786"}],"curies":[{"name":"wp","href":"https:\/\/api.w.org\/{rel}","templated":true}]}}