{"id":3783,"date":"2020-06-10T16:00:07","date_gmt":"2020-06-10T14:00:07","guid":{"rendered":"https:\/\/smporres.archimadrid.es\/?page_id=3783"},"modified":"2020-06-10T16:00:07","modified_gmt":"2020-06-10T14:00:07","slug":"149-victoria-tu-reinaras","status":"publish","type":"page","link":"https:\/\/smporres.archimadrid.es\/?page_id=3783","title":{"rendered":"149. VICTORIA, T\u00da REINAR\u00c1S"},"content":{"rendered":"\n<p>VICTORIA, T\u00da REINAR\u00c1S.<br>OH CRUZ, T\u00da NOS SALVAR\u00c1S.<\/p>\n\n\n\n<p>El verbo en Ti clavado,<br>muriendo, nos rescat\u00f3.<br>De Ti, madero santo,<br>nos viene la redenci\u00f3n.<\/p>\n\n\n\n<p>Extiende por el mundo<br>tu Reino de salvaci\u00f3n.<br>Oh cruz, fecunda fuente<br>de vida y bendici\u00f3n.<\/p>\n\n\n\n<p>Impere sobre el odio<br>tu Reino de caridad.<br>Alcancen las naciones<br>el gozo de la unidad.<\/p>\n\n\n\n<p>Aumenta en nuestras almas<br>tu Reino de santidad.<br>El r\u00edo de la gracia<br>apague la iniquidad.<\/p>\n\n\n\n<p>La gloria por los siglos<br>a Cristo libertador.<br>Su cruz nos lleve al cielo,<br>la tierra de promisi\u00f3n.<\/p>\n","protected":false},"excerpt":{"rendered":"<p>VICTORIA, T\u00da REINAR\u00c1S.OH CRUZ, T\u00da NOS SALVAR\u00c1S. El verbo en Ti clavado,muriendo, nos rescat\u00f3.De Ti, madero santo,nos viene la redenci\u00f3n. Extiende por el mundotu Reino de salvaci\u00f3n.Oh cruz, fecunda fuentede [&hellip;]<\/p>\n","protected":false},"author":1,"featured_media":0,"parent":0,"menu_order":0,"comment_status":"closed","ping_status":"closed","template":"","meta":{"footnotes":""},"class_list":["post-3783","page","type-page","status-publish","hentry"],"_links":{"self":[{"href":"https:\/\/smporres.archimadrid.es\/index.php?rest_route=\/wp\/v2\/pages\/3783","targetHints":{"allow":["GET"]}}],"collection":[{"href":"https:\/\/smporres.archimadrid.es\/index.php?rest_route=\/wp\/v2\/pages"}],"about":[{"href":"https:\/\/smporres.archimadrid.es\/index.php?rest_route=\/wp\/v2\/types\/page"}],"author":[{"embeddable":true,"href":"https:\/\/smporres.archimadrid.es\/index.php?rest_route=\/wp\/v2\/users\/1"}],"replies":[{"embeddable":true,"href":"https:\/\/smporres.archimadrid.es\/index.php?rest_route=%2Fwp%2Fv2%2Fcomments&post=3783"}],"version-history":[{"count":1,"href":"https:\/\/smporres.archimadrid.es\/index.php?rest_route=\/wp\/v2\/pages\/3783\/revisions"}],"predecessor-version":[{"id":3784,"href":"https:\/\/smporres.archimadrid.es\/index.php?rest_route=\/wp\/v2\/pages\/3783\/revisions\/3784"}],"wp:attachment":[{"href":"https:\/\/smporres.archimadrid.es\/index.php?rest_route=%2Fwp%2Fv2%2Fmedia&parent=3783"}],"curies":[{"name":"wp","href":"https:\/\/api.w.org\/{rel}","templated":true}]}}

149. VICTORIA, TÚ REINARÁS

<p>VICTORIA, TÚ REINARÁS.<br>OH CRUZ, TÚ NOS SALVARÁS.</p>



<p>El verbo en Ti clavado,<br>muriendo, nos rescató.<br>De Ti, madero santo,<br>nos viene la redención.</p>



<p>Extiende por el mundo<br>tu Reino de salvación.<br>Oh cruz, fecunda fuente<br>de vida y bendición.</p>



<p>Impere sobre el odio<br>tu Reino de caridad.<br>Alcancen las naciones<br>el gozo de la unidad.</p>



<p>Aumenta en nuestras almas<br>tu Reino de santidad.<br>El río de la gracia<br>apague la iniquidad.</p>



<p>La gloria por los siglos<br>a Cristo libertador.<br>Su cruz nos lleve al cielo,<br>la tierra de promisión.</p>

<p>VICTORIA, TÚ REINARÁS.OH CRUZ, TÚ NOS SALVARÁS. El verbo en Ti clavado,muriendo, nos rescató.De Ti, madero santo,nos viene la redención. Extiende por el mundotu Reino de salvación.Oh cruz, fecunda fuentede [&hellip;]</p>
