{"id":3751,"date":"2020-06-10T15:46:28","date_gmt":"2020-06-10T13:46:28","guid":{"rendered":"https:\/\/smporres.archimadrid.es\/?page_id=3751"},"modified":"2020-06-10T15:46:28","modified_gmt":"2020-06-10T13:46:28","slug":"135-tu-palabra-me-da-vida","status":"publish","type":"page","link":"https:\/\/smporres.archimadrid.es\/?page_id=3751","title":{"rendered":"135. TU PALABRA ME DA VIDA"},"content":{"rendered":"\n<p>Tu palabra me da vida, conf\u00edo en ti Se\u00f1or,<br>Tu palabra es eterna, en ella esperar\u00e9.<\/p>\n\n\n\n<p>Dichoso el que con vida intachable,<br>camina en la ley del Se\u00f1or.<br>Dichoso el que guardando sus preceptos,<br>lo busca de todo coraz\u00f3n.<\/p>\n\n\n\n<p>Postrada en el polvo est\u00e1 mi alma,<br>devu\u00e9lvame la vida tu palabra.<br>Mi alma est\u00e1 llena de tristeza,<br>consu\u00e9lame, Se\u00f1or, con tus promesas.<\/p>\n","protected":false},"excerpt":{"rendered":"<p>Tu palabra me da vida, conf\u00edo en ti Se\u00f1or,Tu palabra es eterna, en ella esperar\u00e9. Dichoso el que con vida intachable,camina en la ley del Se\u00f1or.Dichoso el que guardando sus [&hellip;]<\/p>\n","protected":false},"author":1,"featured_media":0,"parent":0,"menu_order":0,"comment_status":"closed","ping_status":"closed","template":"","meta":{"footnotes":""},"class_list":["post-3751","page","type-page","status-publish","hentry"],"_links":{"self":[{"href":"https:\/\/smporres.archimadrid.es\/index.php?rest_route=\/wp\/v2\/pages\/3751","targetHints":{"allow":["GET"]}}],"collection":[{"href":"https:\/\/smporres.archimadrid.es\/index.php?rest_route=\/wp\/v2\/pages"}],"about":[{"href":"https:\/\/smporres.archimadrid.es\/index.php?rest_route=\/wp\/v2\/types\/page"}],"author":[{"embeddable":true,"href":"https:\/\/smporres.archimadrid.es\/index.php?rest_route=\/wp\/v2\/users\/1"}],"replies":[{"embeddable":true,"href":"https:\/\/smporres.archimadrid.es\/index.php?rest_route=%2Fwp%2Fv2%2Fcomments&post=3751"}],"version-history":[{"count":1,"href":"https:\/\/smporres.archimadrid.es\/index.php?rest_route=\/wp\/v2\/pages\/3751\/revisions"}],"predecessor-version":[{"id":3752,"href":"https:\/\/smporres.archimadrid.es\/index.php?rest_route=\/wp\/v2\/pages\/3751\/revisions\/3752"}],"wp:attachment":[{"href":"https:\/\/smporres.archimadrid.es\/index.php?rest_route=%2Fwp%2Fv2%2Fmedia&parent=3751"}],"curies":[{"name":"wp","href":"https:\/\/api.w.org\/{rel}","templated":true}]}}