{"id":3717,"date":"2020-06-10T15:30:17","date_gmt":"2020-06-10T13:30:17","guid":{"rendered":"https:\/\/smporres.archimadrid.es\/?page_id=3717"},"modified":"2020-06-10T15:30:17","modified_gmt":"2020-06-10T13:30:17","slug":"119-si-me-levantare","status":"publish","type":"page","link":"https:\/\/smporres.archimadrid.es\/?page_id=3717","title":{"rendered":"119. S\u00cd, ME LEVANTAR\u00c9"},"content":{"rendered":"\n<p>S\u00cd, ME LEVANTAR\u00c9.<br>VOLVER\u00c9 JUNTO A MI PADRE.<\/p>\n\n\n\n<p>A Ti, Se\u00f1or, elevo mi alma.<br>T\u00fa eres mi Dios y mi Salvador.<\/p>\n\n\n\n<p>Mira mi angustia, mira mi pena.<br>Dame la gracia de tu perd\u00f3n.<\/p>\n\n\n\n<p>Mi coraz\u00f3n busca tu rostro.<br>Oye mi voz, Se\u00f1or ten piedad.<\/p>\n\n\n\n<p>A ti Se\u00f1or te invoco y te llamo.<br>T\u00fa eres mi roca, oye mi voz.<\/p>\n\n\n\n<p>No pongas fin a tu ternura.<br>Haz que me aguarde siempre tu amor.<\/p>\n\n\n\n<p>Sana mi alma y mi coraz\u00f3n<br>porque pequ\u00e9, Se\u00f1or, contra Ti.<\/p>\n\n\n\n<p>Piedad de m\u00ed, oh Dios de ternura,<br>lava mis culpas, oh Salvador.<br>T\u00fa sabes bien Se\u00f1or mis pecados,<br>ante tus ojos todos est\u00e1n.<\/p>\n\n\n\n<p>Como el vig\u00eda espera la aurora,<br>as\u00ed mi alma espera al Se\u00f1or.<\/p>\n\n\n\n<p>Vuelve Se\u00f1or, vuelve a nosotros.<br>Somos tus hijos, tennos piedad.<\/p>\n\n\n\n<p>Abre mis labios para cantarte,<br>dame el gozo de la libertad.<\/p>\n\n\n\n<p>Feliz el hombre a quien Dios perdona,<br>todas sus faltas, todo su error.<\/p>\n\n\n\n<p>Aunque mis padres me abandonaran,<br>me acoger\u00eda siempre mi Dios.<\/p>\n\n\n\n<p>T\u00fa mi alegr\u00eda, T\u00fa mi refugio;<br>todos los santos te cantar\u00e1n.<\/p>\n\n\n\n<p>Mi coraz\u00f3n te canta y exulta,<br>te alabar\u00e9 por la eternidad.<\/p>\n","protected":false},"excerpt":{"rendered":"<p>S\u00cd, ME LEVANTAR\u00c9.VOLVER\u00c9 JUNTO A MI PADRE. A Ti, Se\u00f1or, elevo mi alma.T\u00fa eres mi Dios y mi Salvador. Mira mi angustia, mira mi pena.Dame la gracia de tu perd\u00f3n. [&hellip;]<\/p>\n","protected":false},"author":1,"featured_media":0,"parent":0,"menu_order":0,"comment_status":"closed","ping_status":"closed","template":"","meta":{"footnotes":""},"class_list":["post-3717","page","type-page","status-publish","hentry"],"_links":{"self":[{"href":"https:\/\/smporres.archimadrid.es\/index.php?rest_route=\/wp\/v2\/pages\/3717","targetHints":{"allow":["GET"]}}],"collection":[{"href":"https:\/\/smporres.archimadrid.es\/index.php?rest_route=\/wp\/v2\/pages"}],"about":[{"href":"https:\/\/smporres.archimadrid.es\/index.php?rest_route=\/wp\/v2\/types\/page"}],"author":[{"embeddable":true,"href":"https:\/\/smporres.archimadrid.es\/index.php?rest_route=\/wp\/v2\/users\/1"}],"replies":[{"embeddable":true,"href":"https:\/\/smporres.archimadrid.es\/index.php?rest_route=%2Fwp%2Fv2%2Fcomments&post=3717"}],"version-history":[{"count":1,"href":"https:\/\/smporres.archimadrid.es\/index.php?rest_route=\/wp\/v2\/pages\/3717\/revisions"}],"predecessor-version":[{"id":3718,"href":"https:\/\/smporres.archimadrid.es\/index.php?rest_route=\/wp\/v2\/pages\/3717\/revisions\/3718"}],"wp:attachment":[{"href":"https:\/\/smporres.archimadrid.es\/index.php?rest_route=%2Fwp%2Fv2%2Fmedia&parent=3717"}],"curies":[{"name":"wp","href":"https:\/\/api.w.org\/{rel}","templated":true}]}}

119. SÍ, ME LEVANTARÉ

<p>SÍ, ME LEVANTARÉ.<br>VOLVERÉ JUNTO A MI PADRE.</p>



<p>A Ti, Señor, elevo mi alma.<br>Tú eres mi Dios y mi Salvador.</p>



<p>Mira mi angustia, mira mi pena.<br>Dame la gracia de tu perdón.</p>



<p>Mi corazón busca tu rostro.<br>Oye mi voz, Señor ten piedad.</p>



<p>A ti Señor te invoco y te llamo.<br>Tú eres mi roca, oye mi voz.</p>



<p>No pongas fin a tu ternura.<br>Haz que me aguarde siempre tu amor.</p>



<p>Sana mi alma y mi corazón<br>porque pequé, Señor, contra Ti.</p>



<p>Piedad de mí, oh Dios de ternura,<br>lava mis culpas, oh Salvador.<br>Tú sabes bien Señor mis pecados,<br>ante tus ojos todos están.</p>



<p>Como el vigía espera la aurora,<br>así mi alma espera al Señor.</p>



<p>Vuelve Señor, vuelve a nosotros.<br>Somos tus hijos, tennos piedad.</p>



<p>Abre mis labios para cantarte,<br>dame el gozo de la libertad.</p>



<p>Feliz el hombre a quien Dios perdona,<br>todas sus faltas, todo su error.</p>



<p>Aunque mis padres me abandonaran,<br>me acogería siempre mi Dios.</p>



<p>Tú mi alegría, Tú mi refugio;<br>todos los santos te cantarán.</p>



<p>Mi corazón te canta y exulta,<br>te alabaré por la eternidad.</p>

<p>SÍ, ME LEVANTARÉ.VOLVERÉ JUNTO A MI PADRE. A Ti, Señor, elevo mi alma.Tú eres mi Dios y mi Salvador. Mira mi angustia, mira mi pena.Dame la gracia de tu perdón. [&hellip;]</p>
