{"id":3679,"date":"2020-06-10T14:59:07","date_gmt":"2020-06-10T12:59:07","guid":{"rendered":"https:\/\/smporres.archimadrid.es\/?page_id=3679"},"modified":"2020-06-10T14:59:07","modified_gmt":"2020-06-10T12:59:07","slug":"101-quien-sera-la-mujer","status":"publish","type":"page","link":"https:\/\/smporres.archimadrid.es\/?page_id=3679","title":{"rendered":"101. \u00bfQUI\u00c9N SER\u00c1 LA MUJER?"},"content":{"rendered":"\n<p>\u00bfQui\u00e9n ser\u00e1 la mujer que a tantos inspir\u00f3<br>poemas bellos de amor?<br>Le rinden honor la m\u00fasica, la luz,<br>el m\u00e1rmol, la palabra y el color.<\/p>\n\n\n\n<p>\u00bfQui\u00e9n ser\u00e1 la mujer que el rey y el labrador<br>invocan en su dolor;<br>el sabio, el ignorante, el pobre y el se\u00f1or,<br>el santo al igual que el pecador?<\/p>\n\n\n\n<p>MAR\u00cdA ES ESA MUJER<br>QUE DESDE SIEMPRE EL SE\u00d1OR SE PREPAR\u00d3,<br>PARA NACER, COMO UNA FLOR,<br>EN EL JARD\u00cdN QUE A DIOS ENAMOR\u00d3. (BIS)<br>\u00bfQui\u00e9n ser\u00e1 la mujer radiante como el sol<br>vestida de resplandor,<br>la luna a sus pies, el cielo en derredor<br>y \u00e1ngeles cant\u00e1ndole su amor?<\/p>\n\n\n\n<p>\u00bfQui\u00e9n ser\u00e1 la mujer humilde que vivi\u00f3<br>en un peque\u00f1o taller,<br>amando sin milagro, viviendo de su Fe,<br>la esposa siempre alegre de Jos\u00e9?<\/p>\n","protected":false},"excerpt":{"rendered":"<p>\u00bfQui\u00e9n ser\u00e1 la mujer que a tantos inspir\u00f3poemas bellos de amor?Le rinden honor la m\u00fasica, la luz,el m\u00e1rmol, la palabra y el color. \u00bfQui\u00e9n ser\u00e1 la mujer que el rey [&hellip;]<\/p>\n","protected":false},"author":1,"featured_media":0,"parent":0,"menu_order":0,"comment_status":"closed","ping_status":"closed","template":"","meta":{"footnotes":""},"class_list":["post-3679","page","type-page","status-publish","hentry"],"_links":{"self":[{"href":"https:\/\/smporres.archimadrid.es\/index.php?rest_route=\/wp\/v2\/pages\/3679","targetHints":{"allow":["GET"]}}],"collection":[{"href":"https:\/\/smporres.archimadrid.es\/index.php?rest_route=\/wp\/v2\/pages"}],"about":[{"href":"https:\/\/smporres.archimadrid.es\/index.php?rest_route=\/wp\/v2\/types\/page"}],"author":[{"embeddable":true,"href":"https:\/\/smporres.archimadrid.es\/index.php?rest_route=\/wp\/v2\/users\/1"}],"replies":[{"embeddable":true,"href":"https:\/\/smporres.archimadrid.es\/index.php?rest_route=%2Fwp%2Fv2%2Fcomments&post=3679"}],"version-history":[{"count":1,"href":"https:\/\/smporres.archimadrid.es\/index.php?rest_route=\/wp\/v2\/pages\/3679\/revisions"}],"predecessor-version":[{"id":3680,"href":"https:\/\/smporres.archimadrid.es\/index.php?rest_route=\/wp\/v2\/pages\/3679\/revisions\/3680"}],"wp:attachment":[{"href":"https:\/\/smporres.archimadrid.es\/index.php?rest_route=%2Fwp%2Fv2%2Fmedia&parent=3679"}],"curies":[{"name":"wp","href":"https:\/\/api.w.org\/{rel}","templated":true}]}}