{"id":3636,"date":"2020-06-10T14:35:43","date_gmt":"2020-06-10T12:35:43","guid":{"rendered":"https:\/\/smporres.archimadrid.es\/?page_id=3636"},"modified":"2020-06-10T14:35:43","modified_gmt":"2020-06-10T12:35:43","slug":"81-me-invocara-y-lo-escuchare","status":"publish","type":"page","link":"https:\/\/smporres.archimadrid.es\/?page_id=3636","title":{"rendered":"81. ME INVOCAR\u00c1 Y LO ESCUCHAR\u00c9"},"content":{"rendered":"\n<p>ME INVOCAR\u00c1 Y LO ESCUCHAR\u00c9,<br>LO DEFENDER\u00c9, LO GLORIFICAR\u00c9,<br>LO SACIAR\u00c9 DE LARGOS D\u00cdAS,<br>Y LE HAR\u00c9 VER MI SALVACI\u00d3N.<\/p>\n\n\n\n<p>T\u00fa que habitas<br>al amparo del Alt\u00edsimo,<br>di al Se\u00f1or:<br>\u00abDios m\u00edo, conf\u00edo en Ti\u00bb.<br>El Se\u00f1or ha dado<br>\u00f3rdenes a sus \u00e1ngeles,<br>para que te guarden<br>en tus caminos.<\/p>\n\n\n\n<p>Contempladlo y<br>quedar\u00e9is radiantes,<br>vuestro rostro<br>no se avergonzar\u00e1.<\/p>\n\n\n\n<p>Oh Dios, crea en m\u00ed<br>un coraz\u00f3n puro.<br>Renu\u00e9vame por dentro<br>con esp\u00edritu firme.<\/p>\n\n\n\n<p>Me ense\u00f1ar\u00e1s<br>el sendero de la vida,<br>me saciar\u00e1s de gozo<br>en tu presencia.<\/p>\n\n\n\n<p>Por la sangre de Cristo<br>hemos recibido la bendici\u00f3n,<br>el perd\u00f3n de los pecados.<\/p>\n","protected":false},"excerpt":{"rendered":"<p>ME INVOCAR\u00c1 Y LO ESCUCHAR\u00c9,LO DEFENDER\u00c9, LO GLORIFICAR\u00c9,LO SACIAR\u00c9 DE LARGOS D\u00cdAS,Y LE HAR\u00c9 VER MI SALVACI\u00d3N. T\u00fa que habitasal amparo del Alt\u00edsimo,di al Se\u00f1or:\u00abDios m\u00edo, conf\u00edo en Ti\u00bb.El Se\u00f1or [&hellip;]<\/p>\n","protected":false},"author":1,"featured_media":0,"parent":0,"menu_order":0,"comment_status":"closed","ping_status":"closed","template":"","meta":{"footnotes":""},"class_list":["post-3636","page","type-page","status-publish","hentry"],"_links":{"self":[{"href":"https:\/\/smporres.archimadrid.es\/index.php?rest_route=\/wp\/v2\/pages\/3636","targetHints":{"allow":["GET"]}}],"collection":[{"href":"https:\/\/smporres.archimadrid.es\/index.php?rest_route=\/wp\/v2\/pages"}],"about":[{"href":"https:\/\/smporres.archimadrid.es\/index.php?rest_route=\/wp\/v2\/types\/page"}],"author":[{"embeddable":true,"href":"https:\/\/smporres.archimadrid.es\/index.php?rest_route=\/wp\/v2\/users\/1"}],"replies":[{"embeddable":true,"href":"https:\/\/smporres.archimadrid.es\/index.php?rest_route=%2Fwp%2Fv2%2Fcomments&post=3636"}],"version-history":[{"count":1,"href":"https:\/\/smporres.archimadrid.es\/index.php?rest_route=\/wp\/v2\/pages\/3636\/revisions"}],"predecessor-version":[{"id":3637,"href":"https:\/\/smporres.archimadrid.es\/index.php?rest_route=\/wp\/v2\/pages\/3636\/revisions\/3637"}],"wp:attachment":[{"href":"https:\/\/smporres.archimadrid.es\/index.php?rest_route=%2Fwp%2Fv2%2Fmedia&parent=3636"}],"curies":[{"name":"wp","href":"https:\/\/api.w.org\/{rel}","templated":true}]}}