{"id":3632,"date":"2020-06-10T14:32:45","date_gmt":"2020-06-10T12:32:45","guid":{"rendered":"https:\/\/smporres.archimadrid.es\/?page_id=3632"},"modified":"2020-06-10T14:32:45","modified_gmt":"2020-06-10T12:32:45","slug":"79-martin-el-mas-pequeno","status":"publish","type":"page","link":"https:\/\/smporres.archimadrid.es\/?page_id=3632","title":{"rendered":"79. MART\u00cdN, EL M\u00c1S PEQUE\u00d1O"},"content":{"rendered":"\n<p>SAN MART\u00cdN DE PORRES ORABA Y TRABAJABA,<br>SIENDO EL M\u00c1S PEQUE\u00d1O PARA TODOS,<br>MAS POR SU FE LLEG\u00d3 A SER<br>EL M\u00c1S GRANDE PARA DIOS.<\/p>\n\n\n\n<p>La humildad fue el don que Dios te regal\u00f3,<br>reparti\u00e9ndolo a todos los de alrededor,<\/p>\n\n\n\n<p>siempre constante en la oraci\u00f3n,<br>pidiendo por todos a Dios.<\/p>\n\n\n\n<p>Desde peque\u00f1o educado en la fe,<br>ayuda a todos y al hambriento da de comer,<br>obedeciendo en el convento,<br>siendo el \u00faltimo y barriendo.<\/p>\n\n\n\n<p>A los enfermos ayudas tambi\u00e9n en su fe,<br>dando la vida a todos los que tienen sed,<br>con una sonrisa sirviendo,<br>siempre tu esp\u00edritu contento.<\/p>\n\n\n\n<p>En tu boca siempre la Palabra del Se\u00f1or,<br>que predica el gran amor de nuestro Dios,<br>transformando su coraz\u00f3n<br>y encuentran en Dios el perd\u00f3n.<\/p>\n","protected":false},"excerpt":{"rendered":"<p>SAN MART\u00cdN DE PORRES ORABA Y TRABAJABA,SIENDO EL M\u00c1S PEQUE\u00d1O PARA TODOS,MAS POR SU FE LLEG\u00d3 A SEREL M\u00c1S GRANDE PARA DIOS. La humildad fue el don que Dios te [&hellip;]<\/p>\n","protected":false},"author":1,"featured_media":0,"parent":0,"menu_order":0,"comment_status":"closed","ping_status":"closed","template":"","meta":{"footnotes":""},"class_list":["post-3632","page","type-page","status-publish","hentry"],"_links":{"self":[{"href":"https:\/\/smporres.archimadrid.es\/index.php?rest_route=\/wp\/v2\/pages\/3632","targetHints":{"allow":["GET"]}}],"collection":[{"href":"https:\/\/smporres.archimadrid.es\/index.php?rest_route=\/wp\/v2\/pages"}],"about":[{"href":"https:\/\/smporres.archimadrid.es\/index.php?rest_route=\/wp\/v2\/types\/page"}],"author":[{"embeddable":true,"href":"https:\/\/smporres.archimadrid.es\/index.php?rest_route=\/wp\/v2\/users\/1"}],"replies":[{"embeddable":true,"href":"https:\/\/smporres.archimadrid.es\/index.php?rest_route=%2Fwp%2Fv2%2Fcomments&post=3632"}],"version-history":[{"count":1,"href":"https:\/\/smporres.archimadrid.es\/index.php?rest_route=\/wp\/v2\/pages\/3632\/revisions"}],"predecessor-version":[{"id":3633,"href":"https:\/\/smporres.archimadrid.es\/index.php?rest_route=\/wp\/v2\/pages\/3632\/revisions\/3633"}],"wp:attachment":[{"href":"https:\/\/smporres.archimadrid.es\/index.php?rest_route=%2Fwp%2Fv2%2Fmedia&parent=3632"}],"curies":[{"name":"wp","href":"https:\/\/api.w.org\/{rel}","templated":true}]}}