{"id":3628,"date":"2020-06-10T14:30:18","date_gmt":"2020-06-10T12:30:18","guid":{"rendered":"https:\/\/smporres.archimadrid.es\/?page_id=3628"},"modified":"2020-06-10T14:30:18","modified_gmt":"2020-06-10T12:30:18","slug":"77-magnificat","status":"publish","type":"page","link":"https:\/\/smporres.archimadrid.es\/?page_id=3628","title":{"rendered":"77. MAGN\u00cdFICAT"},"content":{"rendered":"\n<p>El SE\u00d1OR HIZO EN M\u00cd, MARAVILLAS,<br>\u00a1GLORIA AL SE\u00d1OR!<\/p>\n\n\n\n<p>\u00a1Engrandece mi alma al Se\u00f1or,<br>se alegra mi esp\u00edritu en Dios, mi Salvador!<br>Se inclin\u00f3 a la peque\u00f1ez de su esclava;<br>desde ahora dichosa, me dir\u00e1n todos los siglos.<\/p>\n\n\n\n<p>Maravillas hizo en m\u00ed el Poderoso<br>y Santo es su Nombre.<br>Su bondad por los siglos de los siglos,<br>para aquellos que le temen.<\/p>\n\n\n\n<p>Despleg\u00f3 fortaleza su brazo,<br>dispers\u00f3 a los soberbios.<br>Derrib\u00f3 a los potentados de los tronos,<br>y encumbr\u00f3 a los pobres.<\/p>\n\n\n\n<p>A los hambrientos llen\u00f3 de bienes<br>y a los ricos despidi\u00f3 vac\u00edos.<br>Acogi\u00f3 a Israel su siervo,<br>recordando su bondad.<\/p>\n\n\n\n<p>Seg\u00fan habl\u00f3 a nuestros padres<br>en favor de Abraham y su linaje para siempre.<\/p>\n\n\n\n<p>Gloria al Padre y al Hijo y al Esp\u00edritu Santo.<br>Como era en el principio ahora y siempre,<br>por los siglos de los siglos. Am\u00e9n.<\/p>\n","protected":false},"excerpt":{"rendered":"<p>El SE\u00d1OR HIZO EN M\u00cd, MARAVILLAS,\u00a1GLORIA AL SE\u00d1OR! \u00a1Engrandece mi alma al Se\u00f1or,se alegra mi esp\u00edritu en Dios, mi Salvador!Se inclin\u00f3 a la peque\u00f1ez de su esclava;desde ahora dichosa, me [&hellip;]<\/p>\n","protected":false},"author":1,"featured_media":0,"parent":0,"menu_order":0,"comment_status":"closed","ping_status":"closed","template":"","meta":{"footnotes":""},"class_list":["post-3628","page","type-page","status-publish","hentry"],"_links":{"self":[{"href":"https:\/\/smporres.archimadrid.es\/index.php?rest_route=\/wp\/v2\/pages\/3628","targetHints":{"allow":["GET"]}}],"collection":[{"href":"https:\/\/smporres.archimadrid.es\/index.php?rest_route=\/wp\/v2\/pages"}],"about":[{"href":"https:\/\/smporres.archimadrid.es\/index.php?rest_route=\/wp\/v2\/types\/page"}],"author":[{"embeddable":true,"href":"https:\/\/smporres.archimadrid.es\/index.php?rest_route=\/wp\/v2\/users\/1"}],"replies":[{"embeddable":true,"href":"https:\/\/smporres.archimadrid.es\/index.php?rest_route=%2Fwp%2Fv2%2Fcomments&post=3628"}],"version-history":[{"count":1,"href":"https:\/\/smporres.archimadrid.es\/index.php?rest_route=\/wp\/v2\/pages\/3628\/revisions"}],"predecessor-version":[{"id":3629,"href":"https:\/\/smporres.archimadrid.es\/index.php?rest_route=\/wp\/v2\/pages\/3628\/revisions\/3629"}],"wp:attachment":[{"href":"https:\/\/smporres.archimadrid.es\/index.php?rest_route=%2Fwp%2Fv2%2Fmedia&parent=3628"}],"curies":[{"name":"wp","href":"https:\/\/api.w.org\/{rel}","templated":true}]}}