{"id":3616,"date":"2020-06-10T14:24:27","date_gmt":"2020-06-10T12:24:27","guid":{"rendered":"https:\/\/smporres.archimadrid.es\/?page_id=3616"},"modified":"2020-06-10T14:24:27","modified_gmt":"2020-06-10T12:24:27","slug":"71-levanto-mis-ojos-a-los-montes","status":"publish","type":"page","link":"https:\/\/smporres.archimadrid.es\/?page_id=3616","title":{"rendered":"71. LEVANTO MIS OJOS A LOS MONTES"},"content":{"rendered":"\n<p>Levanto mis ojos a los montes:<br>\u00bfde d\u00f3nde me vendr\u00e1 el auxilio?<br>El auxilio me viene del Se\u00f1or<br>que hizo el cielo y la tierra.<\/p>\n\n\n\n<p>EL AUXILIO ME VIENE DEL SE\u00d1OR<br>QUE HIZO EL CIELO Y LA TIERRA (BIS).<\/p>\n\n\n\n<p>No permitir\u00e1 que resbale tu pie:<br>tu guardi\u00e1n no duerme,<br>no duerme ni reposa<br>el guardi\u00e1n de Israel.<\/p>\n\n\n\n<p>El Se\u00f1or te guarda a su sombra,<br>el Se\u00f1or est\u00e1 a tu derecha,<br>de d\u00eda el sol no te har\u00e1 da\u00f1o,<br>ni la luna de noche<\/p>\n\n\n\n<p>El Se\u00f1or te guarda de todo mal,<br>El Se\u00f1or guarda tu alma;<br>El guarda tus entradas y salidas<br>ahora y por siempre.<\/p>\n","protected":false},"excerpt":{"rendered":"<p>Levanto mis ojos a los montes:\u00bfde d\u00f3nde me vendr\u00e1 el auxilio?El auxilio me viene del Se\u00f1orque hizo el cielo y la tierra. EL AUXILIO ME VIENE DEL SE\u00d1ORQUE HIZO EL [&hellip;]<\/p>\n","protected":false},"author":1,"featured_media":0,"parent":0,"menu_order":0,"comment_status":"closed","ping_status":"closed","template":"","meta":{"footnotes":""},"class_list":["post-3616","page","type-page","status-publish","hentry"],"_links":{"self":[{"href":"https:\/\/smporres.archimadrid.es\/index.php?rest_route=\/wp\/v2\/pages\/3616","targetHints":{"allow":["GET"]}}],"collection":[{"href":"https:\/\/smporres.archimadrid.es\/index.php?rest_route=\/wp\/v2\/pages"}],"about":[{"href":"https:\/\/smporres.archimadrid.es\/index.php?rest_route=\/wp\/v2\/types\/page"}],"author":[{"embeddable":true,"href":"https:\/\/smporres.archimadrid.es\/index.php?rest_route=\/wp\/v2\/users\/1"}],"replies":[{"embeddable":true,"href":"https:\/\/smporres.archimadrid.es\/index.php?rest_route=%2Fwp%2Fv2%2Fcomments&post=3616"}],"version-history":[{"count":1,"href":"https:\/\/smporres.archimadrid.es\/index.php?rest_route=\/wp\/v2\/pages\/3616\/revisions"}],"predecessor-version":[{"id":3617,"href":"https:\/\/smporres.archimadrid.es\/index.php?rest_route=\/wp\/v2\/pages\/3616\/revisions\/3617"}],"wp:attachment":[{"href":"https:\/\/smporres.archimadrid.es\/index.php?rest_route=%2Fwp%2Fv2%2Fmedia&parent=3616"}],"curies":[{"name":"wp","href":"https:\/\/api.w.org\/{rel}","templated":true}]}}

<p>Levanto mis ojos a los montes:<br>¿de dónde me vendrá el auxilio?<br>El auxilio me viene del Señor<br>que hizo el cielo y la tierra.</p>



<p>EL AUXILIO ME VIENE DEL SEÑOR<br>QUE HIZO EL CIELO Y LA TIERRA (BIS).</p>



<p>No permitirá que resbale tu pie:<br>tu guardián no duerme,<br>no duerme ni reposa<br>el guardián de Israel.</p>



<p>El Señor te guarda a su sombra,<br>el Señor está a tu derecha,<br>de día el sol no te hará daño,<br>ni la luna de noche</p>



<p>El Señor te guarda de todo mal,<br>El Señor guarda tu alma;<br>El guarda tus entradas y salidas<br>ahora y por siempre.</p>

<p>Levanto mis ojos a los montes:¿de dónde me vendrá el auxilio?El auxilio me viene del Señorque hizo el cielo y la tierra. EL AUXILIO ME VIENE DEL SEÑORQUE HIZO EL [&hellip;]</p>
