{"id":3604,"date":"2020-06-10T14:18:03","date_gmt":"2020-06-10T12:18:03","guid":{"rendered":"https:\/\/smporres.archimadrid.es\/?page_id=3604"},"modified":"2020-06-10T14:18:03","modified_gmt":"2020-06-10T12:18:03","slug":"65-juntos-cantando-la-alegria","status":"publish","type":"page","link":"https:\/\/smporres.archimadrid.es\/?page_id=3604","title":{"rendered":"65. JUNTOS CANTANDO LA ALEGR\u00cdA"},"content":{"rendered":"\n<p>JUNTOS CANTANDO LA ALEGR\u00cdA<br>DE VERNOS UNIDOS EN LA FE Y EL AMOR,<br>JUNTOS SINTIENDO EN NUESTRAS VIDAS<br>LA ALEGRE PRESENCIA DEL SE\u00d1OR.<\/p>\n\n\n\n<p>Somos la Iglesia peregrina que \u00e9l fund\u00f3,<br>somos un pueblo que camina sin cesar.<br>Entre cansancios y esperanzas hacia Dios,<br>nuestro amigo Jes\u00fas nos llevar\u00e1.<\/p>\n\n\n\n<p>Hay una fe que nos alumbra con su luz,<br>una esperanza que empap\u00f3 nuestro esperar.<br>Aunque la noche nos envuelva en su inquietud,<br>nuestro amigo Jes\u00fas nos guiar\u00e1.<\/p>\n\n\n\n<p>Es el Se\u00f1or, nos acompa\u00f1a al caminar,<br>con su ternura a nuestro lado siempre va.<br>Si los peligros nos acechan por doquier,<br>nuestro amigo Jes\u00fas nos salvar\u00e1.<\/p>\n","protected":false},"excerpt":{"rendered":"<p>JUNTOS CANTANDO LA ALEGR\u00cdADE VERNOS UNIDOS EN LA FE Y EL AMOR,JUNTOS SINTIENDO EN NUESTRAS VIDASLA ALEGRE PRESENCIA DEL SE\u00d1OR. Somos la Iglesia peregrina que \u00e9l fund\u00f3,somos un pueblo que [&hellip;]<\/p>\n","protected":false},"author":1,"featured_media":0,"parent":0,"menu_order":0,"comment_status":"closed","ping_status":"closed","template":"","meta":{"footnotes":""},"class_list":["post-3604","page","type-page","status-publish","hentry"],"_links":{"self":[{"href":"https:\/\/smporres.archimadrid.es\/index.php?rest_route=\/wp\/v2\/pages\/3604","targetHints":{"allow":["GET"]}}],"collection":[{"href":"https:\/\/smporres.archimadrid.es\/index.php?rest_route=\/wp\/v2\/pages"}],"about":[{"href":"https:\/\/smporres.archimadrid.es\/index.php?rest_route=\/wp\/v2\/types\/page"}],"author":[{"embeddable":true,"href":"https:\/\/smporres.archimadrid.es\/index.php?rest_route=\/wp\/v2\/users\/1"}],"replies":[{"embeddable":true,"href":"https:\/\/smporres.archimadrid.es\/index.php?rest_route=%2Fwp%2Fv2%2Fcomments&post=3604"}],"version-history":[{"count":1,"href":"https:\/\/smporres.archimadrid.es\/index.php?rest_route=\/wp\/v2\/pages\/3604\/revisions"}],"predecessor-version":[{"id":3605,"href":"https:\/\/smporres.archimadrid.es\/index.php?rest_route=\/wp\/v2\/pages\/3604\/revisions\/3605"}],"wp:attachment":[{"href":"https:\/\/smporres.archimadrid.es\/index.php?rest_route=%2Fwp%2Fv2%2Fmedia&parent=3604"}],"curies":[{"name":"wp","href":"https:\/\/api.w.org\/{rel}","templated":true}]}}