{"id":3582,"date":"2020-06-10T14:04:16","date_gmt":"2020-06-10T12:04:16","guid":{"rendered":"https:\/\/smporres.archimadrid.es\/?page_id=3582"},"modified":"2020-06-10T14:04:16","modified_gmt":"2020-06-10T12:04:16","slug":"54-himno-a-la-virgen-de-la-almudena","status":"publish","type":"page","link":"https:\/\/smporres.archimadrid.es\/?page_id=3582","title":{"rendered":"54. HIMNO A LA VIRGEN DE LA ALMUDENA"},"content":{"rendered":"\n<p>SALVE SE\u00d1ORA DE TEZ MORENA<br>VIRGEN Y MADRE DEL REDENTOR<br>SANTA MAR\u00cdA DE LA ALMUDENA<br>REINA DEL CIELO, MADRE DE AMOR.<br>SANTA MAR\u00cdA DE LA ALMUDENA,<br>REINA DEL CIELO, MADRE DE AMOR.<\/p>\n\n\n\n<p>T\u00fa que estuviste oculta en los muros<br>de este querido y viejo Madrid,<br>hoy resplandeces ante tu pueblo<br>que te venera y espera en t\u00ed.<\/p>\n\n\n\n<p>Bajo tu manto, Virgen sencilla,<br>buscan tus hijos la protecci\u00f3n.<br>T\u00fa eres patrona de nuestra villa,<br>Madre amorosa, Templo de Dios.<\/p>\n","protected":false},"excerpt":{"rendered":"<p>SALVE SE\u00d1ORA DE TEZ MORENAVIRGEN Y MADRE DEL REDENTORSANTA MAR\u00cdA DE LA ALMUDENAREINA DEL CIELO, MADRE DE AMOR.SANTA MAR\u00cdA DE LA ALMUDENA,REINA DEL CIELO, MADRE DE AMOR. T\u00fa que estuviste [&hellip;]<\/p>\n","protected":false},"author":1,"featured_media":0,"parent":0,"menu_order":0,"comment_status":"closed","ping_status":"closed","template":"","meta":{"footnotes":""},"class_list":["post-3582","page","type-page","status-publish","hentry"],"_links":{"self":[{"href":"https:\/\/smporres.archimadrid.es\/index.php?rest_route=\/wp\/v2\/pages\/3582","targetHints":{"allow":["GET"]}}],"collection":[{"href":"https:\/\/smporres.archimadrid.es\/index.php?rest_route=\/wp\/v2\/pages"}],"about":[{"href":"https:\/\/smporres.archimadrid.es\/index.php?rest_route=\/wp\/v2\/types\/page"}],"author":[{"embeddable":true,"href":"https:\/\/smporres.archimadrid.es\/index.php?rest_route=\/wp\/v2\/users\/1"}],"replies":[{"embeddable":true,"href":"https:\/\/smporres.archimadrid.es\/index.php?rest_route=%2Fwp%2Fv2%2Fcomments&post=3582"}],"version-history":[{"count":1,"href":"https:\/\/smporres.archimadrid.es\/index.php?rest_route=\/wp\/v2\/pages\/3582\/revisions"}],"predecessor-version":[{"id":3583,"href":"https:\/\/smporres.archimadrid.es\/index.php?rest_route=\/wp\/v2\/pages\/3582\/revisions\/3583"}],"wp:attachment":[{"href":"https:\/\/smporres.archimadrid.es\/index.php?rest_route=%2Fwp%2Fv2%2Fmedia&parent=3582"}],"curies":[{"name":"wp","href":"https:\/\/api.w.org\/{rel}","templated":true}]}}