{"id":3580,"date":"2020-06-10T14:02:50","date_gmt":"2020-06-10T12:02:50","guid":{"rendered":"https:\/\/smporres.archimadrid.es\/?page_id=3580"},"modified":"2020-06-10T14:02:50","modified_gmt":"2020-06-10T12:02:50","slug":"53-hacia-ti-morada-santa","status":"publish","type":"page","link":"https:\/\/smporres.archimadrid.es\/?page_id=3580","title":{"rendered":"53. HACIA TI, MORADA SANTA"},"content":{"rendered":"\n<p>HACIA TI, MORADA SANTA,<br>HACIA TI, TIERRA DEL SALVADOR<br>PEREGRINOS, CAMINANTES, VAMOS HACIA TI.<\/p>\n\n\n\n<p>Venimos a tu mesa, sellaremos tu pacto,<br>comeremos tu carne, tu sangre nos limpiar\u00e1<\/p>\n\n\n\n<p>Reinaremos contigo, en tu morada Santa,<br>beberemos tu sangre, tu Fe nos salvar\u00e1.<\/p>\n\n\n\n<p>Somos tu pueblo santo, que hoy camina unido,<br>T\u00fa vas entre nosotros, tu amor nos guiar\u00e1.<\/p>\n\n\n\n<p>T\u00fa eres el camino, T\u00fa eres la esperanza,<br>hermano de los pobres. Am\u00e9n. Aleluya.<\/p>\n","protected":false},"excerpt":{"rendered":"<p>HACIA TI, MORADA SANTA,HACIA TI, TIERRA DEL SALVADORPEREGRINOS, CAMINANTES, VAMOS HACIA TI. Venimos a tu mesa, sellaremos tu pacto,comeremos tu carne, tu sangre nos limpiar\u00e1 Reinaremos contigo, en tu morada [&hellip;]<\/p>\n","protected":false},"author":1,"featured_media":0,"parent":0,"menu_order":0,"comment_status":"closed","ping_status":"closed","template":"","meta":{"footnotes":""},"class_list":["post-3580","page","type-page","status-publish","hentry"],"_links":{"self":[{"href":"https:\/\/smporres.archimadrid.es\/index.php?rest_route=\/wp\/v2\/pages\/3580","targetHints":{"allow":["GET"]}}],"collection":[{"href":"https:\/\/smporres.archimadrid.es\/index.php?rest_route=\/wp\/v2\/pages"}],"about":[{"href":"https:\/\/smporres.archimadrid.es\/index.php?rest_route=\/wp\/v2\/types\/page"}],"author":[{"embeddable":true,"href":"https:\/\/smporres.archimadrid.es\/index.php?rest_route=\/wp\/v2\/users\/1"}],"replies":[{"embeddable":true,"href":"https:\/\/smporres.archimadrid.es\/index.php?rest_route=%2Fwp%2Fv2%2Fcomments&post=3580"}],"version-history":[{"count":1,"href":"https:\/\/smporres.archimadrid.es\/index.php?rest_route=\/wp\/v2\/pages\/3580\/revisions"}],"predecessor-version":[{"id":3581,"href":"https:\/\/smporres.archimadrid.es\/index.php?rest_route=\/wp\/v2\/pages\/3580\/revisions\/3581"}],"wp:attachment":[{"href":"https:\/\/smporres.archimadrid.es\/index.php?rest_route=%2Fwp%2Fv2%2Fmedia&parent=3580"}],"curies":[{"name":"wp","href":"https:\/\/api.w.org\/{rel}","templated":true}]}}