{"id":3570,"date":"2020-06-10T13:57:19","date_gmt":"2020-06-10T11:57:19","guid":{"rendered":"https:\/\/smporres.archimadrid.es\/?page_id=3570"},"modified":"2020-06-10T13:57:19","modified_gmt":"2020-06-10T11:57:19","slug":"48-eres-mas-pura","status":"publish","type":"page","link":"https:\/\/smporres.archimadrid.es\/?page_id=3570","title":{"rendered":"48. ERES M\u00c1S PURA"},"content":{"rendered":"\n<p>Eres m\u00e1s pura que el sol,<br>m\u00e1s hermosa que las perlas<br>que ocultan los mares.<br>Ella sola entre tantos mortales,<br>del pecado de Ad\u00e1n Dios libr\u00f3<\/p>\n\n\n\n<p>Salve, salve, cantaban, Mar\u00eda<br>que m\u00e1s puro que T\u00fa, s\u00f3lo Dios<br>y en el cielo una voz repet\u00eda,<br>m\u00e1s que T\u00fa, s\u00f3lo Dios, s\u00f3lo Dios.<\/p>\n","protected":false},"excerpt":{"rendered":"<p>Eres m\u00e1s pura que el sol,m\u00e1s hermosa que las perlasque ocultan los mares.Ella sola entre tantos mortales,del pecado de Ad\u00e1n Dios libr\u00f3 Salve, salve, cantaban, Mar\u00edaque m\u00e1s puro que T\u00fa, [&hellip;]<\/p>\n","protected":false},"author":1,"featured_media":0,"parent":0,"menu_order":0,"comment_status":"closed","ping_status":"closed","template":"","meta":{"footnotes":""},"class_list":["post-3570","page","type-page","status-publish","hentry"],"_links":{"self":[{"href":"https:\/\/smporres.archimadrid.es\/index.php?rest_route=\/wp\/v2\/pages\/3570","targetHints":{"allow":["GET"]}}],"collection":[{"href":"https:\/\/smporres.archimadrid.es\/index.php?rest_route=\/wp\/v2\/pages"}],"about":[{"href":"https:\/\/smporres.archimadrid.es\/index.php?rest_route=\/wp\/v2\/types\/page"}],"author":[{"embeddable":true,"href":"https:\/\/smporres.archimadrid.es\/index.php?rest_route=\/wp\/v2\/users\/1"}],"replies":[{"embeddable":true,"href":"https:\/\/smporres.archimadrid.es\/index.php?rest_route=%2Fwp%2Fv2%2Fcomments&post=3570"}],"version-history":[{"count":1,"href":"https:\/\/smporres.archimadrid.es\/index.php?rest_route=\/wp\/v2\/pages\/3570\/revisions"}],"predecessor-version":[{"id":3571,"href":"https:\/\/smporres.archimadrid.es\/index.php?rest_route=\/wp\/v2\/pages\/3570\/revisions\/3571"}],"wp:attachment":[{"href":"https:\/\/smporres.archimadrid.es\/index.php?rest_route=%2Fwp%2Fv2%2Fmedia&parent=3570"}],"curies":[{"name":"wp","href":"https:\/\/api.w.org\/{rel}","templated":true}]}}