{"id":3561,"date":"2020-06-10T13:47:11","date_gmt":"2020-06-10T11:47:11","guid":{"rendered":"https:\/\/smporres.archimadrid.es\/?page_id=3561"},"modified":"2020-06-10T13:47:11","modified_gmt":"2020-06-10T11:47:11","slug":"44-el-senor-nos-llama","status":"publish","type":"page","link":"https:\/\/smporres.archimadrid.es\/?page_id=3561","title":{"rendered":"44. EL SE\u00d1OR NOS LLAMA"},"content":{"rendered":"\n<p>EL SE\u00d1OR NOS LLAMA Y NOS RE\u00daNE,<br>SOMOS SU PUEBLO, SIGNO DE UNIDAD.<br>\u00c9L EST\u00c1 EN MEDIO DE NOSOTROS,<br>SIRVE A LA MESA, NOS REPARTE EL PAN.<\/p>\n\n\n\n<p>Por todos los caminos nos sales al encuentro,<br>por todos hemos visto se\u00f1ales de tu amor.<br>Tu pueblo se re\u00fane, Se\u00f1or, a bendecirte,<br>a celebrar con gozo tu paso salvador.<\/p>\n\n\n\n<p>Convocas a tus fieles, nacidos de las aguas,<br>a festejar unidos la nueva creaci\u00f3n.<br>La sala del banquete se llena de invitados;<br>estamos reunidos y en medio est\u00e1 el Se\u00f1or.<\/p>\n\n\n\n<p>Rev\u00e9lanos al Padre, oh Cristo, nuestra fiesta,<br>aumenta la esperanza de nuestro caminar.<br>Tu Esp\u00edritu divino nos d\u00e9 la fortaleza,<br>los bienes que esperamos nos haga pregustar.<\/p>\n","protected":false},"excerpt":{"rendered":"<p>EL SE\u00d1OR NOS LLAMA Y NOS RE\u00daNE,SOMOS SU PUEBLO, SIGNO DE UNIDAD.\u00c9L EST\u00c1 EN MEDIO DE NOSOTROS,SIRVE A LA MESA, NOS REPARTE EL PAN. Por todos los caminos nos sales [&hellip;]<\/p>\n","protected":false},"author":1,"featured_media":0,"parent":0,"menu_order":0,"comment_status":"closed","ping_status":"closed","template":"","meta":{"footnotes":""},"class_list":["post-3561","page","type-page","status-publish","hentry"],"_links":{"self":[{"href":"https:\/\/smporres.archimadrid.es\/index.php?rest_route=\/wp\/v2\/pages\/3561","targetHints":{"allow":["GET"]}}],"collection":[{"href":"https:\/\/smporres.archimadrid.es\/index.php?rest_route=\/wp\/v2\/pages"}],"about":[{"href":"https:\/\/smporres.archimadrid.es\/index.php?rest_route=\/wp\/v2\/types\/page"}],"author":[{"embeddable":true,"href":"https:\/\/smporres.archimadrid.es\/index.php?rest_route=\/wp\/v2\/users\/1"}],"replies":[{"embeddable":true,"href":"https:\/\/smporres.archimadrid.es\/index.php?rest_route=%2Fwp%2Fv2%2Fcomments&post=3561"}],"version-history":[{"count":1,"href":"https:\/\/smporres.archimadrid.es\/index.php?rest_route=\/wp\/v2\/pages\/3561\/revisions"}],"predecessor-version":[{"id":3562,"href":"https:\/\/smporres.archimadrid.es\/index.php?rest_route=\/wp\/v2\/pages\/3561\/revisions\/3562"}],"wp:attachment":[{"href":"https:\/\/smporres.archimadrid.es\/index.php?rest_route=%2Fwp%2Fv2%2Fmedia&parent=3561"}],"curies":[{"name":"wp","href":"https:\/\/api.w.org\/{rel}","templated":true}]}}