{"id":3549,"date":"2020-06-10T13:38:27","date_gmt":"2020-06-10T11:38:27","guid":{"rendered":"https:\/\/smporres.archimadrid.es\/?page_id=3549"},"modified":"2020-06-10T13:38:27","modified_gmt":"2020-06-10T11:38:27","slug":"39-el-alfarero","status":"publish","type":"page","link":"https:\/\/smporres.archimadrid.es\/?page_id=3549","title":{"rendered":"39. EL ALFARERO"},"content":{"rendered":"\n<p>Gracias, quiero darte, por amarme,<br>gracias, quiero darte yo a ti, Se\u00f1or.<br>Hoy soy feliz porque te conoc\u00ed.<br>Gracias, por amarme a m\u00ed tambi\u00e9n.<\/p>\n\n\n\n<p>YO QUIERO SER, SE\u00d1OR, AMADO,<br>COMO EL BARRO EN LAS MANOS DEL ALFARERO.<br>TOMA MI VIDA, HAZLA DE NUEVO,<br>YO QUIERO SER, UN VASO NUEVO.<\/p>\n\n\n\n<p>Te conoc\u00ed y te am\u00e9,<br>te ped\u00ed perd\u00f3n y me escuchaste.<br>Si te ofend\u00ed, perd\u00f3name, Se\u00f1or,<br>Pues te amo y a tu lado me quedar\u00e9.<\/p>\n","protected":false},"excerpt":{"rendered":"<p>Gracias, quiero darte, por amarme,gracias, quiero darte yo a ti, Se\u00f1or.Hoy soy feliz porque te conoc\u00ed.Gracias, por amarme a m\u00ed tambi\u00e9n. YO QUIERO SER, SE\u00d1OR, AMADO,COMO EL BARRO EN LAS [&hellip;]<\/p>\n","protected":false},"author":1,"featured_media":0,"parent":0,"menu_order":0,"comment_status":"closed","ping_status":"closed","template":"","meta":{"footnotes":""},"class_list":["post-3549","page","type-page","status-publish","hentry"],"_links":{"self":[{"href":"https:\/\/smporres.archimadrid.es\/index.php?rest_route=\/wp\/v2\/pages\/3549","targetHints":{"allow":["GET"]}}],"collection":[{"href":"https:\/\/smporres.archimadrid.es\/index.php?rest_route=\/wp\/v2\/pages"}],"about":[{"href":"https:\/\/smporres.archimadrid.es\/index.php?rest_route=\/wp\/v2\/types\/page"}],"author":[{"embeddable":true,"href":"https:\/\/smporres.archimadrid.es\/index.php?rest_route=\/wp\/v2\/users\/1"}],"replies":[{"embeddable":true,"href":"https:\/\/smporres.archimadrid.es\/index.php?rest_route=%2Fwp%2Fv2%2Fcomments&post=3549"}],"version-history":[{"count":1,"href":"https:\/\/smporres.archimadrid.es\/index.php?rest_route=\/wp\/v2\/pages\/3549\/revisions"}],"predecessor-version":[{"id":3550,"href":"https:\/\/smporres.archimadrid.es\/index.php?rest_route=\/wp\/v2\/pages\/3549\/revisions\/3550"}],"wp:attachment":[{"href":"https:\/\/smporres.archimadrid.es\/index.php?rest_route=%2Fwp%2Fv2%2Fmedia&parent=3549"}],"curies":[{"name":"wp","href":"https:\/\/api.w.org\/{rel}","templated":true}]}}