{"id":3540,"date":"2020-06-10T13:31:21","date_gmt":"2020-06-10T11:31:21","guid":{"rendered":"https:\/\/smporres.archimadrid.es\/?page_id=3540"},"modified":"2020-06-10T13:31:21","modified_gmt":"2020-06-10T11:31:21","slug":"35-dijo-que-si-maria","status":"publish","type":"page","link":"https:\/\/smporres.archimadrid.es\/?page_id=3540","title":{"rendered":"35. DIJO QUE S\u00cd MAR\u00cdA"},"content":{"rendered":"\n<p>Dijo que s\u00ed Mar\u00eda, cuando al amanecer<br>pudo ofrecer su casa al Santo de Israel.<br>Era un jard\u00edn la Virgen, Dios quiso ser clavel;<br>nunca mi pobre tierra fuera tan buen vergel.<\/p>\n\n\n\n<p>DIJO QUE SI MAR\u00cdA Y AL RECIBIRLE A \u00c9L<br>EN SU MORADA HUMILDE NOS ACOGI\u00d3 TAMBI\u00c9N.<br>MADRE DE DIOS Y NUESTRA, VIRGEN DE NAZARETH,<br>EN TU JARD\u00cdN DE AMORES YO QUIERO FLORECER.<\/p>\n\n\n\n<p>Dijo que s\u00ed Mar\u00eda, cuando al amanecer,<br>supo que Dios quer\u00eda en su jard\u00edn nacer.<br>Por madre la quer\u00eda ella le dio su ser;<br>nunca mi pobre tierra fuera tan buen vergel.<br>Dijo que s\u00ed Mar\u00eda, cuando al amanecer<br>Dios la envolvi\u00f3 en su sombra con todo su poder.<br>De sus entra\u00f1as puras el cielo va a nacer;<br>nunca mi pobre tierra fuera tan buen vergel.<\/p>\n","protected":false},"excerpt":{"rendered":"<p>Dijo que s\u00ed Mar\u00eda, cuando al amanecerpudo ofrecer su casa al Santo de Israel.Era un jard\u00edn la Virgen, Dios quiso ser clavel;nunca mi pobre tierra fuera tan buen vergel. DIJO [&hellip;]<\/p>\n","protected":false},"author":1,"featured_media":0,"parent":0,"menu_order":0,"comment_status":"closed","ping_status":"closed","template":"","meta":{"footnotes":""},"class_list":["post-3540","page","type-page","status-publish","hentry"],"_links":{"self":[{"href":"https:\/\/smporres.archimadrid.es\/index.php?rest_route=\/wp\/v2\/pages\/3540","targetHints":{"allow":["GET"]}}],"collection":[{"href":"https:\/\/smporres.archimadrid.es\/index.php?rest_route=\/wp\/v2\/pages"}],"about":[{"href":"https:\/\/smporres.archimadrid.es\/index.php?rest_route=\/wp\/v2\/types\/page"}],"author":[{"embeddable":true,"href":"https:\/\/smporres.archimadrid.es\/index.php?rest_route=\/wp\/v2\/users\/1"}],"replies":[{"embeddable":true,"href":"https:\/\/smporres.archimadrid.es\/index.php?rest_route=%2Fwp%2Fv2%2Fcomments&post=3540"}],"version-history":[{"count":1,"href":"https:\/\/smporres.archimadrid.es\/index.php?rest_route=\/wp\/v2\/pages\/3540\/revisions"}],"predecessor-version":[{"id":3541,"href":"https:\/\/smporres.archimadrid.es\/index.php?rest_route=\/wp\/v2\/pages\/3540\/revisions\/3541"}],"wp:attachment":[{"href":"https:\/\/smporres.archimadrid.es\/index.php?rest_route=%2Fwp%2Fv2%2Fmedia&parent=3540"}],"curies":[{"name":"wp","href":"https:\/\/api.w.org\/{rel}","templated":true}]}}

35. DIJO QUE SÍ MARÍA

<p>Dijo que sí María, cuando al amanecer<br>pudo ofrecer su casa al Santo de Israel.<br>Era un jardín la Virgen, Dios quiso ser clavel;<br>nunca mi pobre tierra fuera tan buen vergel.</p>



<p>DIJO QUE SI MARÍA Y AL RECIBIRLE A ÉL<br>EN SU MORADA HUMILDE NOS ACOGIÓ TAMBIÉN.<br>MADRE DE DIOS Y NUESTRA, VIRGEN DE NAZARETH,<br>EN TU JARDÍN DE AMORES YO QUIERO FLORECER.</p>



<p>Dijo que sí María, cuando al amanecer,<br>supo que Dios quería en su jardín nacer.<br>Por madre la quería ella le dio su ser;<br>nunca mi pobre tierra fuera tan buen vergel.<br>Dijo que sí María, cuando al amanecer<br>Dios la envolvió en su sombra con todo su poder.<br>De sus entrañas puras el cielo va a nacer;<br>nunca mi pobre tierra fuera tan buen vergel.</p>

<p>Dijo que sí María, cuando al amanecerpudo ofrecer su casa al Santo de Israel.Era un jardín la Virgen, Dios quiso ser clavel;nunca mi pobre tierra fuera tan buen vergel. DIJO [&hellip;]</p>
