{"id":3525,"date":"2020-06-10T13:20:50","date_gmt":"2020-06-10T11:20:50","guid":{"rendered":"https:\/\/smporres.archimadrid.es\/?page_id=3525"},"modified":"2020-06-10T13:20:50","modified_gmt":"2020-06-10T11:20:50","slug":"28-como-el-padre-me-amo","status":"publish","type":"page","link":"https:\/\/smporres.archimadrid.es\/?page_id=3525","title":{"rendered":"28. COMO EL PADRE ME AM\u00d3"},"content":{"rendered":"\n<p>COMO EL PADRE ME AM\u00d3,<br>YO OS HE AMADO.<br>PERMANECED EN MI AMOR.<br>PERMANECED EN MI AMOR.<\/p>\n\n\n\n<p>Si guard\u00e1is mis palabras,<br>y como hermanos os am\u00e1is,<br>compartir\u00e9is con alegr\u00eda,<br>el don de la fraternidad.<\/p>\n\n\n\n<p>Si os pon\u00e9is en camino,<br>sirviendo siempre a la verdad,<br>fruto dar\u00e9is en abundancia,<br>mi amor se manifestar\u00e1.<\/p>\n\n\n\n<p>No ver\u00e9is amor tan grande,<br>como aqu\u00e9l que os mostrar\u00e9<br>yo doy la vida por vosotros,<br>amad como yo os am\u00e9.<\/p>\n\n\n\n<p>Si hac\u00e9is lo que os mando,<br>y os quer\u00e9is de coraz\u00f3n,<br>compartir\u00e9is mi pleno gozo,<br>de amar como \u00c9l me am\u00f3.<\/p>\n","protected":false},"excerpt":{"rendered":"<p>COMO EL PADRE ME AM\u00d3,YO OS HE AMADO.PERMANECED EN MI AMOR.PERMANECED EN MI AMOR. Si guard\u00e1is mis palabras,y como hermanos os am\u00e1is,compartir\u00e9is con alegr\u00eda,el don de la fraternidad. Si os [&hellip;]<\/p>\n","protected":false},"author":1,"featured_media":0,"parent":0,"menu_order":0,"comment_status":"closed","ping_status":"closed","template":"","meta":{"footnotes":""},"class_list":["post-3525","page","type-page","status-publish","hentry"],"_links":{"self":[{"href":"https:\/\/smporres.archimadrid.es\/index.php?rest_route=\/wp\/v2\/pages\/3525","targetHints":{"allow":["GET"]}}],"collection":[{"href":"https:\/\/smporres.archimadrid.es\/index.php?rest_route=\/wp\/v2\/pages"}],"about":[{"href":"https:\/\/smporres.archimadrid.es\/index.php?rest_route=\/wp\/v2\/types\/page"}],"author":[{"embeddable":true,"href":"https:\/\/smporres.archimadrid.es\/index.php?rest_route=\/wp\/v2\/users\/1"}],"replies":[{"embeddable":true,"href":"https:\/\/smporres.archimadrid.es\/index.php?rest_route=%2Fwp%2Fv2%2Fcomments&post=3525"}],"version-history":[{"count":1,"href":"https:\/\/smporres.archimadrid.es\/index.php?rest_route=\/wp\/v2\/pages\/3525\/revisions"}],"predecessor-version":[{"id":3526,"href":"https:\/\/smporres.archimadrid.es\/index.php?rest_route=\/wp\/v2\/pages\/3525\/revisions\/3526"}],"wp:attachment":[{"href":"https:\/\/smporres.archimadrid.es\/index.php?rest_route=%2Fwp%2Fv2%2Fmedia&parent=3525"}],"curies":[{"name":"wp","href":"https:\/\/api.w.org\/{rel}","templated":true}]}}