{"id":3521,"date":"2020-06-10T13:16:26","date_gmt":"2020-06-10T11:16:26","guid":{"rendered":"https:\/\/smporres.archimadrid.es\/?page_id=3521"},"modified":"2020-06-10T13:16:26","modified_gmt":"2020-06-10T11:16:26","slug":"26-cerca-de-ti-senor","status":"publish","type":"page","link":"https:\/\/smporres.archimadrid.es\/?page_id=3521","title":{"rendered":"26. CERCA DE TI, SE\u00d1OR"},"content":{"rendered":"\n<p>Cerca de Ti, Se\u00f1or, yo quiero estar;<br>tu grande eterno amor quiero gozar.<br>Llena mi pobre ser, limpia mi coraz\u00f3n;<br>hazme tu rostro ver en la aflicci\u00f3n.<\/p>\n\n\n\n<p>Mi pobre coraz\u00f3n inquieto est\u00e1,<br>por esta vida voy buscando paz.<br>Mas s\u00f3lo t\u00fa, Se\u00f1or, la paz me puedes dar<br>cerca de ti, Se\u00f1or, yo quiero estar.<\/p>\n\n\n\n<p>Pasos inciertos doy, el sol se va;<br>mas si contigo estoy, no temo ya.<br>Himnos de gratitud alegre cantar\u00e9,<br>y fiel a ti, Se\u00f1or, siempre ser\u00e9.<br>D\u00eda feliz ver\u00e9 creyendo en ti,<br>en que yo habitar\u00e9 cerca de ti.<\/p>\n\n\n\n<p>Mi voz alabar\u00e1 tu santo nombre all\u00ed,<br>y mi alma gozar\u00e1 cerca de ti.<\/p>\n","protected":false},"excerpt":{"rendered":"<p>Cerca de Ti, Se\u00f1or, yo quiero estar;tu grande eterno amor quiero gozar.Llena mi pobre ser, limpia mi coraz\u00f3n;hazme tu rostro ver en la aflicci\u00f3n. Mi pobre coraz\u00f3n inquieto est\u00e1,por esta [&hellip;]<\/p>\n","protected":false},"author":1,"featured_media":0,"parent":0,"menu_order":0,"comment_status":"closed","ping_status":"closed","template":"","meta":{"footnotes":""},"class_list":["post-3521","page","type-page","status-publish","hentry"],"_links":{"self":[{"href":"https:\/\/smporres.archimadrid.es\/index.php?rest_route=\/wp\/v2\/pages\/3521","targetHints":{"allow":["GET"]}}],"collection":[{"href":"https:\/\/smporres.archimadrid.es\/index.php?rest_route=\/wp\/v2\/pages"}],"about":[{"href":"https:\/\/smporres.archimadrid.es\/index.php?rest_route=\/wp\/v2\/types\/page"}],"author":[{"embeddable":true,"href":"https:\/\/smporres.archimadrid.es\/index.php?rest_route=\/wp\/v2\/users\/1"}],"replies":[{"embeddable":true,"href":"https:\/\/smporres.archimadrid.es\/index.php?rest_route=%2Fwp%2Fv2%2Fcomments&post=3521"}],"version-history":[{"count":1,"href":"https:\/\/smporres.archimadrid.es\/index.php?rest_route=\/wp\/v2\/pages\/3521\/revisions"}],"predecessor-version":[{"id":3522,"href":"https:\/\/smporres.archimadrid.es\/index.php?rest_route=\/wp\/v2\/pages\/3521\/revisions\/3522"}],"wp:attachment":[{"href":"https:\/\/smporres.archimadrid.es\/index.php?rest_route=%2Fwp%2Fv2%2Fmedia&parent=3521"}],"curies":[{"name":"wp","href":"https:\/\/api.w.org\/{rel}","templated":true}]}}