{"id":3484,"date":"2020-06-10T12:06:28","date_gmt":"2020-06-10T10:06:28","guid":{"rendered":"https:\/\/smporres.archimadrid.es\/?page_id=3484"},"modified":"2020-06-10T12:06:28","modified_gmt":"2020-06-10T10:06:28","slug":"8-alegre-la-manana","status":"publish","type":"page","link":"https:\/\/smporres.archimadrid.es\/?page_id=3484","title":{"rendered":"8. ALEGRE LA MA\u00d1ANA"},"content":{"rendered":"\n<p>ALEGRE LA MA\u00d1ANA QUE NOS HABLA DE TI,<br>ALEGRE LA MA\u00d1ANA. (BIS)<\/p>\n\n\n\n<p>En nombre del Dios Padre, del Hijo y del Esp\u00edritu,<br>salimos de la noche y estrenamos la aurora;<br>saludamos el gozo de la luz que nos llega<br>resucitada y resucitadora.<\/p>\n\n\n\n<p>Tu mano acerca el fuego a la sombr\u00eda tierra<br>y el rostro de las cosas se alegra en tu presencia.<br>Silabeas el alba igual que una palabra.<br>T\u00fa pronuncias el mar como sentencia.<\/p>\n\n\n\n<p>Regresa, desde el sue\u00f1o, el hombre a su memoria,<br>acude a su trabajo, madruga sus dolores;<br>le conf\u00edas la tierra, y a la tarde la encuentras,<br>rica de pan y amarga de sudores.<\/p>\n\n\n\n<p>Y t\u00fa te regocijas, oh Dios, y t\u00fa prolongas<br>en sus peque\u00f1as manos tus manos poderosas.<br>Y est\u00e1n de cuerpo entero los dos as\u00ed creando,<br>los dos as\u00ed velando por las cosas.<\/p>\n\n\n\n<p>\u00a1Bendita la ma\u00f1ana que trae la gran noticia<br>de tu presencia joven, en gloria y poder\u00edo;<br>la serena certeza con que el d\u00eda proclama<br>que el sepulcro de Cristo est\u00e1 vac\u00edo!<\/p>\n","protected":false},"excerpt":{"rendered":"<p>ALEGRE LA MA\u00d1ANA QUE NOS HABLA DE TI,ALEGRE LA MA\u00d1ANA. (BIS) En nombre del Dios Padre, del Hijo y del Esp\u00edritu,salimos de la noche y estrenamos la aurora;saludamos el gozo [&hellip;]<\/p>\n","protected":false},"author":1,"featured_media":0,"parent":0,"menu_order":0,"comment_status":"closed","ping_status":"closed","template":"","meta":{"footnotes":""},"class_list":["post-3484","page","type-page","status-publish","hentry"],"_links":{"self":[{"href":"https:\/\/smporres.archimadrid.es\/index.php?rest_route=\/wp\/v2\/pages\/3484","targetHints":{"allow":["GET"]}}],"collection":[{"href":"https:\/\/smporres.archimadrid.es\/index.php?rest_route=\/wp\/v2\/pages"}],"about":[{"href":"https:\/\/smporres.archimadrid.es\/index.php?rest_route=\/wp\/v2\/types\/page"}],"author":[{"embeddable":true,"href":"https:\/\/smporres.archimadrid.es\/index.php?rest_route=\/wp\/v2\/users\/1"}],"replies":[{"embeddable":true,"href":"https:\/\/smporres.archimadrid.es\/index.php?rest_route=%2Fwp%2Fv2%2Fcomments&post=3484"}],"version-history":[{"count":1,"href":"https:\/\/smporres.archimadrid.es\/index.php?rest_route=\/wp\/v2\/pages\/3484\/revisions"}],"predecessor-version":[{"id":3485,"href":"https:\/\/smporres.archimadrid.es\/index.php?rest_route=\/wp\/v2\/pages\/3484\/revisions\/3485"}],"wp:attachment":[{"href":"https:\/\/smporres.archimadrid.es\/index.php?rest_route=%2Fwp%2Fv2%2Fmedia&parent=3484"}],"curies":[{"name":"wp","href":"https:\/\/api.w.org\/{rel}","templated":true}]}}

8. ALEGRE LA MAÑANA

<p>ALEGRE LA MAÑANA QUE NOS HABLA DE TI,<br>ALEGRE LA MAÑANA. (BIS)</p>



<p>En nombre del Dios Padre, del Hijo y del Espíritu,<br>salimos de la noche y estrenamos la aurora;<br>saludamos el gozo de la luz que nos llega<br>resucitada y resucitadora.</p>



<p>Tu mano acerca el fuego a la sombría tierra<br>y el rostro de las cosas se alegra en tu presencia.<br>Silabeas el alba igual que una palabra.<br>Tú pronuncias el mar como sentencia.</p>



<p>Regresa, desde el sueño, el hombre a su memoria,<br>acude a su trabajo, madruga sus dolores;<br>le confías la tierra, y a la tarde la encuentras,<br>rica de pan y amarga de sudores.</p>



<p>Y tú te regocijas, oh Dios, y tú prolongas<br>en sus pequeñas manos tus manos poderosas.<br>Y están de cuerpo entero los dos así creando,<br>los dos así velando por las cosas.</p>



<p>¡Bendita la mañana que trae la gran noticia<br>de tu presencia joven, en gloria y poderío;<br>la serena certeza con que el día proclama<br>que el sepulcro de Cristo está vacío!</p>

<p>ALEGRE LA MAÑANA QUE NOS HABLA DE TI,ALEGRE LA MAÑANA. (BIS) En nombre del Dios Padre, del Hijo y del Espíritu,salimos de la noche y estrenamos la aurora;saludamos el gozo [&hellip;]</p>
