{"id":3482,"date":"2020-06-10T12:05:37","date_gmt":"2020-06-10T10:05:37","guid":{"rendered":"https:\/\/smporres.archimadrid.es\/?page_id=3482"},"modified":"2020-06-10T12:05:37","modified_gmt":"2020-06-10T10:05:37","slug":"7-al-atardecer-de-la-vida","status":"publish","type":"page","link":"https:\/\/smporres.archimadrid.es\/?page_id=3482","title":{"rendered":"7. AL ATARDECER DE LA VIDA"},"content":{"rendered":"\n<p>Al atardecer de la vida<br>me examinar\u00e1n del amor.<br>Al atardecer de la vida<br>me examinar\u00e1n del amor.<\/p>\n\n\n\n<p>Si ofrec\u00ed mi pan al hambriento,<br>si al sediento di de beber,<br>si mis manos fueron sus manos,<br>si en mi hogar le quise acoger.<\/p>\n\n\n\n<p>Si ayud\u00e9 a los necesitados,<br>si en el pobre he visto al Se\u00f1or,<br>si los tristes y los enfermos<br>me encontraron en su dolor.<\/p>\n\n\n\n<p>Aunque hablara miles de lenguas,<br>si no tengo amor nada soy.<br>Aunque realizara milagros,<br>si no tengo amor nada soy.<\/p>\n\n\n\n<p>Lector:<br>Venid, benditos de mi Padre,<br>tuve hambre y me disteis de comer,<br>estaba solo y me acompa\u00f1asteis,<br>estaba triste y me alegrasteis,<br>estaba feliz y sonre\u00edsteis conmigo.<br>Venid, benditos de mi Padre.<\/p>\n","protected":false},"excerpt":{"rendered":"<p>Al atardecer de la vidame examinar\u00e1n del amor.Al atardecer de la vidame examinar\u00e1n del amor. Si ofrec\u00ed mi pan al hambriento,si al sediento di de beber,si mis manos fueron sus [&hellip;]<\/p>\n","protected":false},"author":1,"featured_media":0,"parent":0,"menu_order":0,"comment_status":"closed","ping_status":"closed","template":"","meta":{"footnotes":""},"class_list":["post-3482","page","type-page","status-publish","hentry"],"_links":{"self":[{"href":"https:\/\/smporres.archimadrid.es\/index.php?rest_route=\/wp\/v2\/pages\/3482","targetHints":{"allow":["GET"]}}],"collection":[{"href":"https:\/\/smporres.archimadrid.es\/index.php?rest_route=\/wp\/v2\/pages"}],"about":[{"href":"https:\/\/smporres.archimadrid.es\/index.php?rest_route=\/wp\/v2\/types\/page"}],"author":[{"embeddable":true,"href":"https:\/\/smporres.archimadrid.es\/index.php?rest_route=\/wp\/v2\/users\/1"}],"replies":[{"embeddable":true,"href":"https:\/\/smporres.archimadrid.es\/index.php?rest_route=%2Fwp%2Fv2%2Fcomments&post=3482"}],"version-history":[{"count":1,"href":"https:\/\/smporres.archimadrid.es\/index.php?rest_route=\/wp\/v2\/pages\/3482\/revisions"}],"predecessor-version":[{"id":3483,"href":"https:\/\/smporres.archimadrid.es\/index.php?rest_route=\/wp\/v2\/pages\/3482\/revisions\/3483"}],"wp:attachment":[{"href":"https:\/\/smporres.archimadrid.es\/index.php?rest_route=%2Fwp%2Fv2%2Fmedia&parent=3482"}],"curies":[{"name":"wp","href":"https:\/\/api.w.org\/{rel}","templated":true}]}}

<p>Al atardecer de la vida<br>me examinarán del amor.<br>Al atardecer de la vida<br>me examinarán del amor.</p>



<p>Si ofrecí mi pan al hambriento,<br>si al sediento di de beber,<br>si mis manos fueron sus manos,<br>si en mi hogar le quise acoger.</p>



<p>Si ayudé a los necesitados,<br>si en el pobre he visto al Señor,<br>si los tristes y los enfermos<br>me encontraron en su dolor.</p>



<p>Aunque hablara miles de lenguas,<br>si no tengo amor nada soy.<br>Aunque realizara milagros,<br>si no tengo amor nada soy.</p>



<p>Lector:<br>Venid, benditos de mi Padre,<br>tuve hambre y me disteis de comer,<br>estaba solo y me acompañasteis,<br>estaba triste y me alegrasteis,<br>estaba feliz y sonreísteis conmigo.<br>Venid, benditos de mi Padre.</p>

<p>Al atardecer de la vidame examinarán del amor.Al atardecer de la vidame examinarán del amor. Si ofrecí mi pan al hambriento,si al sediento di de beber,si mis manos fueron sus [&hellip;]</p>
