{"id":3468,"date":"2020-06-10T11:56:05","date_gmt":"2020-06-10T09:56:05","guid":{"rendered":"https:\/\/smporres.archimadrid.es\/?page_id=3468"},"modified":"2020-06-10T12:00:19","modified_gmt":"2020-06-10T10:00:19","slug":"1-acerquemonos-todos-al-altar","status":"publish","type":"page","link":"https:\/\/smporres.archimadrid.es\/?page_id=3468","title":{"rendered":"1. ACERQU\u00c9MONOS TODOS AL ALTAR"},"content":{"rendered":"\n<p>ACERQU\u00c9MONOS TODOS AL ALTAR<br>QUE ES LA MESA FRATERNA DEL AMOR,<br>PUES SIEMPRE QUE COMEMOS DE ESTE PAN,<br>RECORDAMOS LA PASCUA DEL SE\u00d1OR. (BIS)<\/p>\n\n\n\n<p>Los hebreos en medio del desierto comieron el man\u00e1;<br>nosotros peregrinos de la vida, comemos este pan.<br>Los primeros cristianos ofrecieron su cuerpo como trigo:<br>nosotros, acosados por la muerte, bebemos este vino.<\/p>\n\n\n\n<p>Como Cristo hecho pan de cada d\u00eda se ofrece en el altar,<br>nosotros, entregados al hermano, comemos de este pan.<br>Como el cuerpo de Cristo es uno solo por todos ofrecido,<br>nosotros, olvidando divisiones, bebemos este vino.<\/p>\n\n\n\n<p>Como ciegos en busca de la aurora, dolientes tras la paz,<br>buscando tierra nueva y cielos nuevos, comamos este pan.<br>Acerqu\u00e9monos todos los cansados, porque \u00e9l es nuestro alivio,<br>y, siempre que el desierto nos agobie, bebamos este vino.<\/p>\n","protected":false},"excerpt":{"rendered":"<p>ACERQU\u00c9MONOS TODOS AL ALTARQUE ES LA MESA FRATERNA DEL AMOR,PUES SIEMPRE QUE COMEMOS DE ESTE PAN,RECORDAMOS LA PASCUA DEL SE\u00d1OR. (BIS) Los hebreos en medio del desierto comieron el man\u00e1;nosotros [&hellip;]<\/p>\n","protected":false},"author":1,"featured_media":0,"parent":0,"menu_order":0,"comment_status":"closed","ping_status":"closed","template":"","meta":{"footnotes":""},"class_list":["post-3468","page","type-page","status-publish","hentry"],"_links":{"self":[{"href":"https:\/\/smporres.archimadrid.es\/index.php?rest_route=\/wp\/v2\/pages\/3468","targetHints":{"allow":["GET"]}}],"collection":[{"href":"https:\/\/smporres.archimadrid.es\/index.php?rest_route=\/wp\/v2\/pages"}],"about":[{"href":"https:\/\/smporres.archimadrid.es\/index.php?rest_route=\/wp\/v2\/types\/page"}],"author":[{"embeddable":true,"href":"https:\/\/smporres.archimadrid.es\/index.php?rest_route=\/wp\/v2\/users\/1"}],"replies":[{"embeddable":true,"href":"https:\/\/smporres.archimadrid.es\/index.php?rest_route=%2Fwp%2Fv2%2Fcomments&post=3468"}],"version-history":[{"count":2,"href":"https:\/\/smporres.archimadrid.es\/index.php?rest_route=\/wp\/v2\/pages\/3468\/revisions"}],"predecessor-version":[{"id":3474,"href":"https:\/\/smporres.archimadrid.es\/index.php?rest_route=\/wp\/v2\/pages\/3468\/revisions\/3474"}],"wp:attachment":[{"href":"https:\/\/smporres.archimadrid.es\/index.php?rest_route=%2Fwp%2Fv2%2Fmedia&parent=3468"}],"curies":[{"name":"wp","href":"https:\/\/api.w.org\/{rel}","templated":true}]}}